000
CXUS55 KCYS 020100 CCA
CF6TOR
PRELIMINARY LOCAL CLIMATOLOGICAL DATA (WS FORM: F-6)...CORRECTED
STATION: TORRINGTON WY AIRPORT
MONTH: OCTOBER
YEAR: 2022
LATITUDE: 42 3 N
LONGITUDE: 104 9 W
TEMPERATURE IN F: :PCPN: SNOW: WIND :SUNSHINE: SKY :PK WND
================================================================================
1 2 3 4 5 6A 6B 7 8 9 10 11 12 13 14 15 16 17 18
12Z AVG MX 2MIN
DY MAX MIN AVG DEP HDD CDD WTR SNW DPTH SPD SPD DIR MIN PSBL S-S WX SPD DR
================================================================================
1 72 50 61 6 4 0 M M M 5.0 17 300 M M 3 13 25 290
2 74 44 59 5 6 0 M M M 4.8 30 320 M M 2 12 43 320
3 75 46 61 7 4 0 M M M 5.8 22 360 M M 2 13 29 350
4 69 44 57 3 8 0 M M M 5.4 18 20 M M 3 3 23 20
5 74 38 56 3 9 0 0.00 M M 5.8 13 310 M M 0 21 310
6 72 38 55 3 10 0 T M M 8.8 25 60 M M 3 33 80
7 55 36 46 -6 19 0 0.00 M M 6.3 13 140 M M 7 16 140
8 68 30 49 -3 16 0 0.00 M M 3.5 9 70 M M 2 12 14 320
9 74 33 54 3 11 0 0.00 M M 4.7 10 110 M M 0 12 120
10 82 34 58 7 7 0 0.00 M M 7.2 23 230 M M 0 32 300
11 72 36 54 4 11 0 T M M 11.5 35 10 M M 1 47 360
12 56 32 44 -6 21 0 0.00 M M 11.7 30 10 M M 2 41 360
13 65 39 52 3 13 0 0.00 M M 15.3 33 320 M M 2 51 340
14 73 36 55 6 10 0 0.00 M M 11.6 31 310 M M 0 46 310
15 61 37 49 1 16 0 0.00 M M 9.0 24 360 M M 1 34 340
16 60 31 46 -2 19 0 0.00 M M 8.4 21 360 M M 0 29 350
17 63 25 44 -4 21 0 0.00 M M 4.0 12 80 M M 0 14 80
18 70 26 48 1 17 0 0.00 M M 3.3 10 80 M M 0 13 160
19 76 30 53 6 12 0 0.00 M M 11.1 29 330 M M 0 8 39 340
20 83 25 54 8 11 0 0.00 M M 6.4 20 260 M M 0 25 270
21 M M M M M M 0.00 M M 4.8 9 290 M M 0 M M
22 M M M M M M 0.00 M M M M M M M M M M
23 M M M M M M 0.00 M M 16.8 36 320 M M 5 50 330
24 48 27 38 -7 27 0 0.00 M M 12.1 28 310 M M 2 1 38 340
25 58 26 42 -2 23 0 0.02 M M 11.6 33 280 M M 2 12 53 290
26 53 22 38 -6 27 0 T M M 6.9 16 110 M M 4 12 26 110
27 57 27 42 -2 23 0 0.00 M M 8.1 18 330 M M 1 24 360
28 66 16 41 -2 24 0 0.00 M M 6.1 21 240 M M 0 28 230
29 65 23 44 1 21 0 0.00 M M 4.6 13 30 M M 0 17 300
30 66 28 47 4 18 0 0.00 M M 3.0 10 20 M M 2 13 350
31 68 23 46 4 19 0 0.00 M M 7.5 21 280 M M 0 29 290
================================================================================
SM 1875 902 427 0 0.02 M 231.1 M 44
================================================================================
AV 67.0 32.2 7.7 FASTST M M 1 MAX(MPH)
MISC ----> 36 320 53 290
================================================================================
NOTES:
# LAST OF SEVERAL OCCURRENCES
COLUMN 17 PEAK WIND IN M.P.H.
PRELIMINARY LOCAL CLIMATOLOGICAL DATA (WS FORM: F-6) , PAGE 2
STATION: TORRINGTON WY AIRPORT
MONTH: OCTOBER
YEAR: 2022
LATITUDE: 42 3 N
LONGITUDE: 104 9 W
[TEMPERATURE DATA] [PRECIPITATION DATA] SYMBOLS USED IN COLUMN 16
AVERAGE MONTHLY: 49.6 TOTAL FOR MONTH: 0.02 1 = FOG OR MIST
DPTR FM NORMAL: 1.4 DPTR FM NORMAL: -1.07 2 = FOG REDUCING VISIBILITY
HIGHEST: 83 ON 20 GRTST 24HR 0.02 ON 25-25 TO 1/4 MILE OR LESS
LOWEST: 16 ON 28 3 = THUNDER
SNOW, ICE PELLETS, HAIL 4 = ICE PELLETS
TOTAL MONTH: M 5 = HAIL
GRTST 24HR M ON M 6 = FREEZING RAIN OR DRIZZLE
GRTST DEPTH: M ON M 7 = DUSTSTORM OR SANDSTORM:
VSBY 1/2 MILE OR LESS
8 = SMOKE OR HAZE
[NO. OF DAYS WITH] [WEATHER - DAYS WITH] 9 = BLOWING SNOW
X = TORNADO
MAX 32 OR BELOW: 0 0.01 INCH OR MORE: 1
MAX 90 OR ABOVE: 0 0.10 INCH OR MORE: 0
MIN 32 OR BELOW: 15 0.50 INCH OR MORE: 0
MIN 0 OR BELOW: 0 1.00 INCH OR MORE: 0
[HDD (BASE 65) ]
TOTAL THIS MO. 427 CLEAR (SCALE 0-3) 26
DPTR FM NORMAL -95 PTCLDY (SCALE 4-7) 4
TOTAL FM JUL 1 502 CLOUDY (SCALE 8-10) 1
DPTR FM NORMAL -184
[CDD (BASE 65) ]
TOTAL THIS MO. 0
DPTR FM NORMAL -1 [PRESSURE DATA]
TOTAL FM JAN 1 1016 HIGHEST SLP 30.52 ON 7
DPTR FM NORMAL 291 LOWEST SLP 29.11 ON 23
[REMARKS]
OCTOBER 1-4...MISSING PRECIPITATION.
OCTOBER 21...MISSING TEMPERATURES AND PEAK WIND.
OCTOBER 22...MISSING OBSERVATIONS DUE TO COMMS OUTAGE.
OCTOBER 23...MISSING TEMPERATURES.
#FINAL-10-22#