000
CXUS56 KLKN 020810
CF6TPH
PRELIMINARY LOCAL CLIMATOLOGICAL DATA (WS FORM: F-6)
STATION: TONOPAH AIRPORT NV
MONTH: JULY
YEAR: 2021
LATITUDE: 38 3 N
LONGITUDE: 117 5 W
TEMPERATURE IN F: :PCPN: SNOW: WIND :SUNSHINE: SKY :PK WND
================================================================================
1 2 3 4 5 6A 6B 7 8 9 10 11 12 13 14 15 16 17 18
12Z AVG MX 2MIN
DY MAX MIN AVG DEP HDD CDD WTR SNW DPTH SPD SPD DIR MIN PSBL S-S WX SPD DR
================================================================================
1 91 57 74 0 0 9 0.01 M M 8.2 29 10 M M 1 3 35 10
2 94 57 76 2 0 11 0.00 M M 8.2 18 190 M M 0 23 200
3 94 61 78 4 0 13 T M M 12.1 32 190 M M 1 38 200
4 94 62 78 4 0 13 0.00 M M 6.9 18 200 M M 0 26 200
5 96 61 79 4 0 14 0.00 M M 5.8 15 230 M M 0 21 250
6 100 64 82 7 0 17 0.00 M M 9.4 22 190 M M 0 31 210
7 102 64 83 8 0 18 0.00 M M 9.3 25 200 M M 0 31 230
8 102 68 85 10 0 20 0.00 M M 7.5 23 260 M M 0 32 170
9 104 72 88 13 0 23 0.00 M M 9.9 31 320 M M 0 8 39 310
10 104 74 89 13 0 24 T M M 13.0 39 310 M M 1 60 300
11 105 76 91 15 0 26 T M M 13.6 38 300 M M 1 47 290
12 104 69 87 11 0 22 0.00 M M 10.3 43 310 M M 0 8 54 290
13 97 65 81 5 0 16 0.06 M M 12.4 39 360 M M 1 3 46 10
14 98 62 80 4 0 15 T M M 10.4 39 230 M M 1 46 230
15 96 65 81 5 0 16 T M M 11.9 35 260 M M 1 42 260
16 96 62 79 3 0 14 0.00 M M 8.3 29 300 M M 0 39 310
17 96 63 80 4 0 15 0.00 M M 8.1 23 180 M M 0 37 180
18 87 62 75 -1 0 10 0.01 M M 8.4 32 190 M M 3 3 38 190
19 84 59 72 -4 0 7 0.18 M M 9.4 39 280 M M 4 13 49 280
20 91 55 73 -3 0 8 0.00 M M 6.7 16 260 M M 1 20 270
21 92 63 78 2 0 13 0.00 M M 11.5 28 150 M M 0 8 35 140
22 96 66 81 5 0 16 T M M 12.1 29 360 M M 3 3 34 360
23 95 67 81 5 0 16 T M M 10.5 35 100 M M 3 41 90
24 96 64 80 4 0 15 T M M 9.6 30 70 M M 1 38 35 70
25 96 67 82 6 0 17 0.00 M M 8.1 26 300 M M 0 34 300
26 91 64 78 2 0 13 0.05 M M 8.6 41 190 M M 2 138 51 190
27 88 58 73 -3 0 8 0.00 M M 6.9 24 300 M M 1 8 29 300
28 89 65 77 1 0 12 T M M 10.7 30 70 M M 3 38 35 70
29 91 65 78 2 0 13 T M M 6.5 24 150 M M 3 28 160
30 84 63 74 -2 0 9 T M M 7.9 28 270 M M 4 35 270
31 84 61 73 -3 0 8 0.67 M M 8.4 45 230 M M 3 3 58 230
================================================================================
SM 2937 1981 0 451 0.98 M 290.6 M 38
================================================================================
AV 94.7 63.9 9.4 FASTST M M 1 MAX(MPH)
MISC ----> 45 230 60 300
================================================================================
NOTES:
# LAST OF SEVERAL OCCURRENCES
COLUMN 17 PEAK WIND IN M.P.H.
PRELIMINARY LOCAL CLIMATOLOGICAL DATA (WS FORM: F-6) , PAGE 2
STATION: TONOPAH AIRPORT NV
MONTH: JULY
YEAR: 2021
LATITUDE: 38 3 N
LONGITUDE: 117 5 W
[TEMPERATURE DATA] [PRECIPITATION DATA] SYMBOLS USED IN COLUMN 16
AVERAGE MONTHLY: 79.3 TOTAL FOR MONTH: 0.98 1 = FOG OR MIST
DPTR FM NORMAL: 3.6 DPTR FM NORMAL: 0.48 2 = FOG REDUCING VISIBILITY
HIGHEST: 105 ON 11 GRTST 24HR 0.67 ON 30-31 TO 1/4 MILE OR LESS
LOWEST: 55 ON 20 3 = THUNDER
SNOW, ICE PELLETS, HAIL 4 = ICE PELLETS
TOTAL MONTH: M 5 = HAIL
GRTST 24HR M ON M 6 = FREEZING RAIN OR DRIZZLE
GRTST DEPTH: M ON M 7 = DUSTSTORM OR SANDSTORM:
VSBY 1/2 MILE OR LESS
8 = SMOKE OR HAZE
[NO. OF DAYS WITH] [WEATHER - DAYS WITH] 9 = BLOWING SNOW
X = TORNADO
MAX 32 OR BELOW: 0 0.01 INCH OR MORE: 6
MAX 90 OR ABOVE: 25 0.10 INCH OR MORE: 2
MIN 32 OR BELOW: 0 0.50 INCH OR MORE: 1
MIN 0 OR BELOW: 0 1.00 INCH OR MORE: 0
[HDD (BASE 65) ]
TOTAL THIS MO. 0 CLEAR (SCALE 0-3) 27
DPTR FM NORMAL -1 PTCLDY (SCALE 4-7) 4
TOTAL FM JUL 1 0 CLOUDY (SCALE 8-10) 0
DPTR FM NORMAL 0
[CDD (BASE 65) ]
TOTAL THIS MO. 451
DPTR FM NORMAL 117 [PRESSURE DATA]
TOTAL FM JAN 1 785 HIGHEST SLP 30.18 ON 19
DPTR FM NORMAL 253 LOWEST SLP 29.67 ON 7
[REMARKS]
#FINAL-07-21#