135
CXUS56 KLKN 101417
CF6TPH
PRELIMINARY LOCAL CLIMATOLOGICAL DATA (WS FORM: F-6)
STATION: TONOPAH AIRPORT NV
MONTH: AUGUST
YEAR: 2020
LATITUDE: 38 3 N
LONGITUDE: 117 5 W
TEMPERATURE IN F: :PCPN: SNOW: WIND :SUNSHINE: SKY :PK WND
================================================================================
1 2 3 4 5 6A 6B 7 8 9 10 11 12 13 14 15 16 17 18
12Z AVG MX 2MIN
DY MAX MIN AVG DEP HDD CDD WTR SNW DPTH SPD SPD DIR MIN PSBL S-S WX SPD DR
================================================================================
1 99 61 80 5 0 15 0.00 M M 5.3 21 240 M M 0 27 250
2 99 60 80 5 0 15 0.00 M M 9.2 23 320 M M 0 29 320
3 96 61 79 4 0 14 0.00 M M 11.3 23 310 M M 0 32 340
4 96 60 78 4 0 13 0.00 M M 10.2 24 190 M M 0 28 190
5 92 56 74 0 0 9 0.00 M M 9.1 22 170 M M 0 31 190
6 88 52 70 -4 0 5 0.00 M M 9.2 23 170 M M 0 30 190
7 89 50 70 -4 0 5 0.00 M M 8.1 22 200 M M 0 27 210
8 91 53 72 -2 0 7 0.00 M M 8.3 17 200 M M 0 23 190
9 94 55 75 1 0 10 0.00 M M 7.4 15 200 M M 0 22 160
10 94 57 76 2 0 11 0.00 M M 7.4 17 190 M M 0 23 150
11 92 56 74 0 0 9 0.00 M M 8.3 31 320 M M 0 40 320
12 93 59 76 3 0 11 0.00 M M 7.2 21 200 M M 0 27 220
13 93 58 76 3 0 11 0.00 M M 8.3 17 310 M M 0 23 330
14 94 64 79 6 0 14 0.00 M M 7.6 16 200 M M 0 20 200
15 100 63 82 9 0 17 0.00 M M 10.1 26 330 M M 0 35 320
16 101 67 84 11 0 19 T M M 12.5 31 330 M M 0 42 290
17 103 72 88 15 0 23 0.00 M M 10.6 25 330 M M 0 36 150
18 101 72 87 15 0 22 0.00 M M 10.1 31 300 M M 0 39 300
19 98 67 83 11 0 18 0.00 M M 10.3 31 310 M M 0 42 320
20 97 64 81 9 0 16 0.00 M M 7.5 18 240 M M 0 8 24 260
21 98 61 80 8 0 15 0.00 M M 7.0 23 320 M M 0 8 28 320
22 96 65 81 9 0 16 0.00 M M 5.5 21 320 M M 0 8 28 330
23 97 62 80 9 0 15 T M M 9.6 41 170 M M 1 54 170
24 96 61 79 8 0 14 0.00 M M 9.9 24 200 M M 0 34 180
25 96 62 79 8 0 14 0.00 M M 12.4 31 200 M M 1 41 190
26 94 57 76 5 0 11 0.00 M M 10.7 24 200 M M 0 37 230
27 90 61 76 6 0 11 0.00 M M 8.9 24 320 M M 0 32 340
28 91 57 74 4 0 9 0.00 M M 8.0 20 190 M M 0 25 170
29 91 55 73 3 0 8 0.00 M M 9.5 24 190 M M 0 30 190
30 91 54 73 3 0 8 0.00 M M 8.0 15 300 M M 0 23 280
31 91 56 74 4 0 9 0.00 M M 10.5 28 340 M M 0 8 36 340
================================================================================
SM 2941 1858 0 394 T M 278.0 M 2
================================================================================
AV 94.9 59.9 9.0 FASTST M M 0 MAX(MPH)
MISC ----> # 41 170 # 54 170
================================================================================
NOTES:
# LAST OF SEVERAL OCCURRENCES
COLUMN 17 PEAK WIND IN M.P.H.
PRELIMINARY LOCAL CLIMATOLOGICAL DATA (WS FORM: F-6) , PAGE 2
STATION: TONOPAH AIRPORT NV
MONTH: AUGUST
YEAR: 2020
LATITUDE: 38 3 N
LONGITUDE: 117 5 W
[TEMPERATURE DATA] [PRECIPITATION DATA] SYMBOLS USED IN COLUMN 16
AVERAGE MONTHLY: 77.4 TOTAL FOR MONTH: T 1 = FOG OR MIST
DPTR FM NORMAL: 4.9 DPTR FM NORMAL: -0.51 2 = FOG REDUCING VISIBILITY
HIGHEST: 103 ON 17 GRTST 24HR T ON 23-23 TO 1/4 MILE OR LESS
LOWEST: 50 ON 7 3 = THUNDER
SNOW, ICE PELLETS, HAIL 4 = ICE PELLETS
TOTAL MONTH: M 5 = HAIL
GRTST 24HR M ON M 6 = FREEZING RAIN OR DRIZZLE
GRTST DEPTH: M ON M 7 = DUSTSTORM OR SANDSTORM:
VSBY 1/2 MILE OR LESS
8 = SMOKE OR HAZE
[NO. OF DAYS WITH] [WEATHER - DAYS WITH] 9 = BLOWING SNOW
X = TORNADO
MAX 32 OR BELOW: 0 0.01 INCH OR MORE: 0
MAX 90 OR ABOVE: 29 0.10 INCH OR MORE: 0
MIN 32 OR BELOW: 0 0.50 INCH OR MORE: 0
MIN 0 OR BELOW: 0 1.00 INCH OR MORE: 0
[HDD (BASE 65) ]
TOTAL THIS MO. 0 CLEAR (SCALE 0-3) 31
DPTR FM NORMAL -4 PTCLDY (SCALE 4-7) 0
TOTAL FM JUL 1 0 CLOUDY (SCALE 8-10) 0
DPTR FM NORMAL -6
[CDD (BASE 65) ]
TOTAL THIS MO. 394
DPTR FM NORMAL 156 [PRESSURE DATA]
TOTAL FM JAN 1 967 HIGHEST SLP 30.23 ON 17
DPTR FM NORMAL 254 LOWEST SLP 29.62 ON 5
[REMARKS]
#FINAL-08-20#