000
CXUS54 KFWD 010731
CF6TPL
PRELIMINARY LOCAL CLIMATOLOGICAL DATA (WS FORM: F-6)
STATION: TEMPLE
MONTH: JUNE
YEAR: 2023
LATITUDE: 31 8 N
LONGITUDE: 97 25 W
TEMPERATURE IN F: :PCPN: SNOW: WIND :SUNSHINE: SKY :PK WND
================================================================================
1 2 3 4 5 6A 6B 7 8 9 10 11 12 13 14 15 16 17 18
12Z AVG MX 2MIN
DY MAX MIN AVG DEP HDD CDD WTR SNW DPTH SPD SPD DIR MIN PSBL S-S WX SPD DR
================================================================================
1 88 68 78 1 0 13 0.00 M M 7.8 15 140 M M 3 20 120
2 89 68 79 2 0 14 0.00 M M 9.0 15 150 M M 1 20 180
3 93 66 80 3 0 15 0.00 M M 7.3 24 20 M M 2 3 38 10
4 83 64 74 -3 0 9 0.00 M M 7.0 15 190 M M 2 18 40
5 86 65 76 -2 0 11 0.00 M M 6.4 12 30 M M 3 16 30
6 89 65 77 -1 0 12 0.00 M M 3.7 12 120 M M 1 16 120
7 92 65 79 1 0 14 0.00 M M 3.2 7 120 M M 1 M M
8 97 67 82 4 0 17 0.00 M M 7.3 23 130 M M 1 3 36 120
9 95 67 81 3 0 16 0.00 M M 6.8 10 150 M M 0 M M
10 101 69 85 7 0 20 0.21 M M 13.0 22 290 M M 1 3 36 290
11 98 68 83 5 0 18 0.00 M M 11.4 16 210 M M 0 22 130
12 94 74 84 5 0 19 0.00 M M 9.8 18 100 M M 3 1 41 90
13 93 76 85 6 0 20 0.00 M M 11.3 18 170 M M 6 18 21 170
14 95 79 87 8 0 22 0.01 M M 12.1 17 190 M M 6 8 25 190
15 98 78 88 9 0 23 0.00 M M 12.0 21 170 M M 2 18 23 160
16 103 78 91 12 0 26 T M M 13.6 23 80 M M 4 138 44 70
17 94 70 82 3 0 17 0.00 M M 6.6 14 160 M M 0 1 M M
18 101 78 90 11 0 25 0.00 M M 10.4 20 170 M M 3 23 180
19 101 78 90 10 0 25 0.00 M M 12.5 16 160 M M 1 21 170
20 102 78 90 10 0 25 0.00 M M 11.5 17 160 M M 2 23 160
21 97 75 86 6 0 21 T M M 10.1 15 110 M M 3 8 31 70
22 92 73 83 3 0 18 0.07 M M 8.3 16 230 M M 0 3 20 10
23 99 77 88 8 0 23 0.00 M M 10.7 16 150 M M 3 1 25 160
24 101 78 90 10 0 25 0.00 M M 16.0 24 170 M M 0 3 30 170
25 102 77 90 10 0 25 0.00 M M 16.2 21 170 M M 1 29 170
26 102 76 89 9 0 24 0.00 M M 14.1 18 160 M M 0 24 140
27 103 76 90 9 0 25 0.00 M M 12.6 17 160 M M 0 23 160
28 102 74 88 7 0 23 0.00 M M 13.3 17 170 M M 0 23 150
29 100 77 89 8 0 24 0.00 M M 13.2 20 150 M M 0 29 150
30 100 76 88 7 0 23 0.00 M M 13.2 22 170 M M 2 25 170
================================================================================
SM 2890 2180 0 592 0.29 M 310.3 M 51
================================================================================
AV 96.3 72.7 10.3 FASTST M M 2 MAX(MPH)
MISC ----> # 24 20 44 70
================================================================================
NOTES:
# LAST OF SEVERAL OCCURRENCES
COLUMN 17 PEAK WIND IN M.P.H.
PRELIMINARY LOCAL CLIMATOLOGICAL DATA (WS FORM: F-6) , PAGE 2
STATION: TEMPLE
MONTH: JUNE
YEAR: 2023
LATITUDE: 31 8 N
LONGITUDE: 97 25 W
[TEMPERATURE DATA] [PRECIPITATION DATA] SYMBOLS USED IN COLUMN 16
AVERAGE MONTHLY: 84.5 TOTAL FOR MONTH: 0.29 1 = FOG OR MIST
DPTR FM NORMAL: 5.5 DPTR FM NORMAL: -3.81 2 = FOG REDUCING VISIBILITY
HIGHEST: 103 ON 27,16 GRTST 24HR 0.21 ON 10-10 TO 1/4 MILE OR LESS
LOWEST: 64 ON 4 3 = THUNDER
SNOW, ICE PELLETS, HAIL 4 = ICE PELLETS
TOTAL MONTH: M 5 = HAIL
GRTST 24HR M ON M 6 = FREEZING RAIN OR DRIZZLE
GRTST DEPTH: M ON M 7 = DUSTSTORM OR SANDSTORM:
VSBY 1/2 MILE OR LESS
8 = SMOKE OR HAZE
[NO. OF DAYS WITH] [WEATHER - DAYS WITH] 9 = BLOWING SNOW
X = TORNADO
MAX 32 OR BELOW: 0 0.01 INCH OR MORE: 3
MAX 90 OR ABOVE: 25 0.10 INCH OR MORE: 1
MIN 32 OR BELOW: 0 0.50 INCH OR MORE: 0
MIN 0 OR BELOW: 0 1.00 INCH OR MORE: 0
[HDD (BASE 65) ]
TOTAL THIS MO. 0 CLEAR (SCALE 0-3) 24
DPTR FM NORMAL -1 PTCLDY (SCALE 4-7) 6
TOTAL FM JUL 1 1780 CLOUDY (SCALE 8-10) 0
DPTR FM NORMAL -362
[CDD (BASE 65) ]
TOTAL THIS MO. 592
DPTR FM NORMAL 171 [PRESSURE DATA]
TOTAL FM JAN 1 1055 HIGHEST SLP M ON M
DPTR FM NORMAL 219 LOWEST SLP M ON M
[REMARKS]
#FINAL-06-23#