059
CXUS54 KFWD 010731
CF6TPL
PRELIMINARY LOCAL CLIMATOLOGICAL DATA (WS FORM: F-6)
STATION: TEMPLE
MONTH: AUGUST
YEAR: 2020
LATITUDE: 31 8 N
LONGITUDE: 97 25 W
TEMPERATURE IN F: :PCPN: SNOW: WIND :SUNSHINE: SKY :PK WND
================================================================================
1 2 3 4 5 6A 6B 7 8 9 10 11 12 13 14 15 16 17 18
12Z AVG MX 2MIN
DY MAX MIN AVG DEP HDD CDD WTR SNW DPTH SPD SPD DIR MIN PSBL S-S WX SPD DR
================================================================================
1 97 69 83 -1 0 18 0.00 0.0 0 5.7 10 10 M M 0 21 99
2 100 71 86 2 0 21 0.00 0.0 0 7.8 14 100 M M 1 22 360
3 99 69 84 0 0 19 0.06 0.0 0 3.5 8 10 M M 2 3 16 120
4 100 70 85 1 0 20 0.00 0.0 0 4.7 8 100 M M 3 M M
5 102 73 88 4 0 23 0.00 0.0 0 10.4 15 160 M M 0 23 140
6 101 75 88 4 0 23 0.00 0.0 0 13.2 18 160 M M 0 25 160
7 100 74 87 3 0 22 0.00 0.0 0 12.6 20 160 M M 0 27 170
8 100 74 87 3 0 22 0.00 0.0 0 11.2 16 140 M M 1 22 150
9 101 76 89 5 0 24 0.00 0.0 0 14.7 20 160 M M 2 32 190
10 101 77 89 5 0 24 0.00 0.0 0 14.9 21 180 M M 2 30 150
11 102 77 90 6 0 25 0.00 0.0 0 14.0 21 160 M M 1 32 160
12 102 78 90 6 0 25 0.00 0.0 0 12.1 16 160 M M 0 24 160
13 103 77 90 6 0 25 0.00 0.0 0 12.5 17 140 M M 0 23 170
14 106 77 92 8 0 27 0.00 0.0 0 13.2 17 160 M M 0 23 160
15 107 77 92 8 0 27 0.00 0.0 0 11.5 20 170 M M 0 18 130
16 103 78 91 7 0 26 0.00 0.0 0 8.6 28 60 M M 1 3 35 60
17 94 73 84 0 0 19 0.00 0.0 0 7.2 22 20 M M 1 27 20
18 99 68 84 0 0 19 0.00 0.0 0 6.1 13 40 M M 0 3 23 20
19 96 63 80 -4 0 15 0.00 0.0 0 6.8 16 40 M M 0 18 20
20 97 63 80 -4 0 15 0.00 0.0 0 6.5 12 30 M M 0 M M
21 100 71 86 3 0 21 0.00 0.0 0 7.8 16 190 M M 2 M M
22 95 72 84 1 0 19 0.02 0.0 0 7.6 14 210 M M 2 3 18 210
23 98 66 82 -1 0 17 0.00 0.0 0 6.1 13 100 M M 3 21 100
24 98 70 84 1 0 19 0.00 0.0 0 6.1 17 80 M M 1 20 99
25 99 68 84 1 0 19 0.00 0.0 0 7.2 13 40 M M 1 21 50
26 93 72 83 0 0 18 0.05 0.0 0 8.3 15 40 M M 3 21 40
27 96 72 84 2 0 19 0.00 0.0 0 5.8 10 350 M M 2 M M
28 106 79 93 11 0 28 0.00 0.0 0 12.3 18 180 M M 1 30 170
29 104 78 91 9 0 26 0.00 0.0 0 10.7 15 170 M M 0 23 170
30 101 77 89 7 0 24 0.00 0.0 0 10.7 17 160 M M 1 24 160
31 102 80 91 9 0 26 0.00 0.0 0 16.6 22 170 M M 4 31 170
================================================================================
SM 3102 2264 0 675 0.13 0.0 296.4 M 34
================================================================================
AV100.1 73.0 9.6 FASTST M M 1 MAX(MPH)
MISC ----> # 28 60 # 35 60
================================================================================
NOTES:
# LAST OF SEVERAL OCCURRENCES
COLUMN 17 PEAK WIND IN M.P.H.
PRELIMINARY LOCAL CLIMATOLOGICAL DATA (WS FORM: F-6) , PAGE 2
STATION: TEMPLE
MONTH: AUGUST
YEAR: 2020
LATITUDE: 31 8 N
LONGITUDE: 97 25 W
[TEMPERATURE DATA] [PRECIPITATION DATA] SYMBOLS USED IN COLUMN 16
AVERAGE MONTHLY: 86.6 TOTAL FOR MONTH: 0.13 1 = FOG OR MIST
DPTR FM NORMAL: 3.1 DPTR FM NORMAL: -2.51 2 = FOG REDUCING VISIBILITY
HIGHEST: 107 ON 15 GRTST 24HR 0.06 ON 3- 3 TO 1/4 MILE OR LESS
LOWEST: 63 ON 20,19 3 = THUNDER
SNOW, ICE PELLETS, HAIL 4 = ICE PELLETS
TOTAL MONTH: 0.0 INCH 5 = HAIL
GRTST 24HR 0.0 6 = FREEZING RAIN OR DRIZZLE
GRTST DEPTH: 0 7 = DUSTSTORM OR SANDSTORM:
VSBY 1/2 MILE OR LESS
8 = SMOKE OR HAZE
[NO. OF DAYS WITH] [WEATHER - DAYS WITH] 9 = BLOWING SNOW
X = TORNADO
MAX 32 OR BELOW: 0 0.01 INCH OR MORE: 3
MAX 90 OR ABOVE: 31 0.10 INCH OR MORE: 0
MIN 32 OR BELOW: 0 0.50 INCH OR MORE: 0
MIN 0 OR BELOW: 0 1.00 INCH OR MORE: 0
[HDD (BASE 65) ]
TOTAL THIS MO. 0 CLEAR (SCALE 0-3) 30
DPTR FM NORMAL 0 PTCLDY (SCALE 4-7) 1
TOTAL FM JUL 1 0 CLOUDY (SCALE 8-10) 0
DPTR FM NORMAL 0
[CDD (BASE 65) ]
TOTAL THIS MO. 675
DPTR FM NORMAL 103 [PRESSURE DATA]
TOTAL FM JAN 1 2314 HIGHEST SLP M ON M
DPTR FM NORMAL 359 LOWEST SLP M ON M
[REMARKS]
#FINAL-08-20#