000
CXUS54 KMRX 011030
CF6TRI
PRELIMINARY LOCAL CLIMATOLOGICAL DATA (WS FORM: F-6)
STATION: TRI-CITIES AIRPORT
MONTH: OCTOBER
YEAR: 2023
LATITUDE: 36 28 N
LONGITUDE: 82 24 W
TEMPERATURE IN F: :PCPN: SNOW: WIND :SUNSHINE: SKY :PK WND
================================================================================
1 2 3 4 5 6A 6B 7 8 9 10 11 12 13 14 15 16 17 18
12Z AVG MX 2MIN
DY MAX MIN AVG DEP HDD CDD WTR SNW DPTH SPD SPD DIR MIN PSBL S-S WX SPD DR
================================================================================
1 84 52 68 5 0 3 0.00 0.0 0 1.3 8 350 M M 2 12 12 360
2 84 51 68 5 0 3 0.00 0.0 0 1.5 10 110 M M 1 14 90
3 84 51 68 6 0 3 0.00 0.0 0 1.6 9 190 M M 2 1 14 170
4 86 55 71 9 0 6 0.00 0.0 0 1.9 8 10 M M 5 1 12 10
5 80 55 68 6 0 3 0.00 0.0 0 2.8 10 220 M M 7 1 14 220
6 77 62 70 9 0 5 0.02 0.0 0 4.3 14 230 M M 9 1 19 250
7 65 41 53 -8 12 0 0.00 0.0 0 7.3 18 260 M M 5 1 24 270
8 61 35 48 -12 17 0 0.00 0.0 0 6.1 21 270 M M 5 26 270
9 63 40 52 -8 13 0 0.00 0.0 0 2.4 14 270 M M 8 14 270
10 72 41 57 -3 8 0 0.00 0.0 0 2.7 17 220 M M 5 1 23 240
11 66 41 54 -5 11 0 0.00 0.0 0 0.2 5 160 M M 8 12 8 70
12 80 51 66 7 0 1 T 0.0 0 1.2 8 120 M M 6 12 120
13 83 47 65 7 0 0 0.01 0.0 0 3.4 13 180 M M 5 12 19 180
14 74 54 64 6 1 0 0.07 0.0 0 8.4 24 290 M M 9 1 36 290
15 59 48 54 -4 11 0 0.01 0.0 0 7.6 16 350 M M 9 18 26 10
16 56 45 51 -6 14 0 0.07 0.0 0 4.7 10 350 M M 10 1 19 10
17 57 47 52 -5 13 0 0.00 0.0 0 3.2 12 330 M M 10 14 320
18 68 40 54 -2 11 0 0.00 0.0 0 2.3 13 220 M M 4 2 19 250
19 70 40 55 -1 10 0 0.00 0.0 0 3.8 16 220 M M 6 1 22 220
20 64 50 57 1 8 0 0.52 0.0 0 6.1 24 300 M M 9 13 36 310
21 66 43 55 0 10 0 0.01 0.0 0 6.9 16 230 M M 3 23 270
22 65 39 52 -3 13 0 0.00 0.0 0 4.5 13 310 M M 2 1 20 270
23 73 34 54 0 11 0 0.00 0.0 0 1.1 6 340 M M 4 12 9 280
24 78 35 57 3 8 0 0.00 0.0 0 0.5 6 330 M M 2 8 210
25 77 39 58 4 7 0 0.00 0.0 0 1.5 9 280 M M 3 14 300
26 79 42 61 8 4 0 0.00 0.0 0 1.0 8 360 M M 4 11 230
27 80 49 65 12 0 0 0.00 0.0 0 1.3 12 280 M M 6 1 17 250
28 80 54 67 14 0 2 0.00 0.0 0 1.2 8 210 M M 7 1 12 200
29 78 54 66 14 0 1 0.00 0.0 0 3.1 18 230 M M 6 25 220
30 71 47 59 7 6 0 0.27 0.0 0 5.1 20 250 M M 8 18 26 230
31 53 39 46 -6 19 0 0.00 0.0 0 6.4 14 290 M M 8 21 290
================================================================================
SM 2233 1421 207 27 0.98 0.0 105.4 M 178
================================================================================
AV 72.0 45.8 3.4 FASTST M M 6 MAX(MPH)
MISC ----> # 24 290 # 36 290
================================================================================
NOTES:
# LAST OF SEVERAL OCCURRENCES
COLUMN 17 PEAK WIND IN M.P.H.
PRELIMINARY LOCAL CLIMATOLOGICAL DATA (WS FORM: F-6) , PAGE 2
STATION: TRI-CITIES AIRPORT
MONTH: OCTOBER
YEAR: 2023
LATITUDE: 36 28 N
LONGITUDE: 82 24 W
[TEMPERATURE DATA] [PRECIPITATION DATA] SYMBOLS USED IN COLUMN 16
AVERAGE MONTHLY: 58.9 TOTAL FOR MONTH: 0.98 1 = FOG OR MIST
DPTR FM NORMAL: 1.6 DPTR FM NORMAL: -1.54 2 = FOG REDUCING VISIBILITY
HIGHEST: 86 ON 4 GRTST 24HR 0.53 ON 20-21 TO 1/4 MILE OR LESS
LOWEST: 34 ON 23 3 = THUNDER
SNOW, ICE PELLETS, HAIL 4 = ICE PELLETS
TOTAL MONTH: 0.0 INCH 5 = HAIL
GRTST 24HR 0.0 6 = FREEZING RAIN OR DRIZZLE
GRTST DEPTH: 0 7 = DUSTSTORM OR SANDSTORM:
VSBY 1/2 MILE OR LESS
8 = SMOKE OR HAZE
[NO. OF DAYS WITH] [WEATHER - DAYS WITH] 9 = BLOWING SNOW
X = TORNADO
MAX 32 OR BELOW: 0 0.01 INCH OR MORE: 8
MAX 90 OR ABOVE: 0 0.10 INCH OR MORE: 2
MIN 32 OR BELOW: 0 0.50 INCH OR MORE: 1
MIN 0 OR BELOW: 0 1.00 INCH OR MORE: 0
[HDD (BASE 65) ]
TOTAL THIS MO. 207 CLEAR (SCALE 0-3) 5
DPTR FM NORMAL -52 PTCLDY (SCALE 4-7) 20
TOTAL FM JUL 1 208 CLOUDY (SCALE 8-10) 6
DPTR FM NORMAL -88
[CDD (BASE 65) ]
TOTAL THIS MO. 27
DPTR FM NORMAL 8 [PRESSURE DATA]
TOTAL FM JAN 1 1077 HIGHEST SLP 30.38 ON 25
DPTR FM NORMAL -26 LOWEST SLP 29.55 ON 20
[REMARKS]
#FINAL-10-23#