000
CXUS54 KFWD 010830
CF6TRL
PRELIMINARY LOCAL CLIMATOLOGICAL DATA (WS FORM: F-6)
STATION: TERRELL
MONTH: JANUARY
YEAR: 2022
LATITUDE: 32 42 N
LONGITUDE: 96 16 W
TEMPERATURE IN F: :PCPN: SNOW: WIND :SUNSHINE: SKY :PK WND
================================================================================
1 2 3 4 5 6A 6B 7 8 9 10 11 12 13 14 15 16 17 18
12Z AVG MX 2MIN
DY MAX MIN AVG DEP HDD CDD WTR SNW DPTH SPD SPD DIR MIN PSBL S-S WX SPD DR
================================================================================
1 74 27 51 5 14 0 0.01 M M 11.5 30 310 M M 8 3 45 300
2 39 19 29 -17 36 0 0.00 M M 12.3 22 320 M M 6 35 310
3 51 20 36 -10 29 0 0.00 M M 3.8 12 150 M M 0 16 160
4 61 29 45 -1 20 0 0.00 M M 10.0 26 180 M M 0 36 170
5 63 34 49 3 16 0 0.00 M M 7.4 17 30 M M 2 12 23 30
6 43 28 36 -10 29 0 0.00 M M 10.3 21 330 M M 0 32 350
7 49 22 36 -10 29 0 0.00 M M 7.6 14 150 M M 4 19 130
8 66 46 56 10 9 0 0.02 M M 9.0 21 200 M M 10 1 34 180
9 66 41 54 8 11 0 T M M 11.9 21 20 M M 9 1 32 360
10 57 31 44 -2 21 0 0.00 M M 6.6 15 10 M M 0 24 10
11 59 24 42 -4 23 0 0.00 M M 4.6 15 220 M M 0 21 190
12 63 39 51 5 14 0 0.00 M M 5.5 15 220 M M 3 22 220
13 74 33 54 8 11 0 0.00 M M 3.1 12 310 M M 0 8 15 310
14 75 37 56 10 9 0 0.00 M M 6.7 20 160 M M 0 8 27 170
15 57 29 43 -3 22 0 0.00 M M 19.5 31 320 M M 7 49 320
16 52 28 40 -6 25 0 0.00 M M 6.7 15 320 M M 1 23 330
17 63 25 44 -2 21 0 0.00 M M 3.7 13 180 M M 0 16 140
18 72 42 57 11 8 0 0.00 M M 14.2 29 180 M M 0 43 170
19 69 34 52 6 13 0 0.01 M M 13.6 26 360 M M 8 1 39 360
20 38 25 32 -15 33 0 0.00 M M 13.7 23 350 M M 6 36 350
21 44 22 33 -14 32 0 0.00 M M 5.8 12 40 M M 2 16 40
22 51 20 36 -11 29 0 0.00 M M 2.3 8 100 M M 0 11 40
23 63 21 42 -5 23 0 0.00 M M 4.1 15 290 M M 0 20 300
24 55 37 46 -1 19 0 0.08 M M 3.7 13 210 M M 8 12 17 230
25 58 39 49 2 16 0 0.00 M M 8.5 20 60 M M 3 12 26 30
26 50 28 39 -8 26 0 0.00 M M 6.6 14 70 M M 1 20 90
27 54 34 44 -3 21 0 T M M 5.2 10 360 M M 6 17 340
28 56 31 44 -4 21 0 0.00 M M 8.5 21 310 M M 1 31 340
29 66 24 45 -3 20 0 0.00 M M 5.8 16 220 M M 0 25 210
30 70 32 51 3 14 0 0.00 M M 7.2 16 230 M M 0 22 240
31 65 44 55 7 10 0 0.00 M M 8.3 25 170 M M 5 31 180
================================================================================
SM 1823 945 624 0 0.12 M 247.7 M 90
================================================================================
AV 58.8 30.5 8.0 FASTST M M 3 MAX(MPH)
MISC ----> 31 320 49 320
================================================================================
NOTES:
# LAST OF SEVERAL OCCURRENCES
COLUMN 17 PEAK WIND IN M.P.H.
PRELIMINARY LOCAL CLIMATOLOGICAL DATA (WS FORM: F-6) , PAGE 2
STATION: TERRELL
MONTH: JANUARY
YEAR: 2022
LATITUDE: 32 42 N
LONGITUDE: 96 16 W
[TEMPERATURE DATA] [PRECIPITATION DATA] SYMBOLS USED IN COLUMN 16
AVERAGE MONTHLY: 44.6 TOTAL FOR MONTH: 0.12 1 = FOG OR MIST
DPTR FM NORMAL: -1.9 DPTR FM NORMAL: -2.50 2 = FOG REDUCING VISIBILITY
HIGHEST: 75 ON 14 GRTST 24HR 0.08 ON 24-24 TO 1/4 MILE OR LESS
LOWEST: 19 ON 2 3 = THUNDER
SNOW, ICE PELLETS, HAIL 4 = ICE PELLETS
TOTAL MONTH: M 5 = HAIL
GRTST 24HR M ON M 6 = FREEZING RAIN OR DRIZZLE
GRTST DEPTH: M ON M 7 = DUSTSTORM OR SANDSTORM:
VSBY 1/2 MILE OR LESS
8 = SMOKE OR HAZE
[NO. OF DAYS WITH] [WEATHER - DAYS WITH] 9 = BLOWING SNOW
X = TORNADO
MAX 32 OR BELOW: 0 0.01 INCH OR MORE: 4
MAX 90 OR ABOVE: 0 0.10 INCH OR MORE: 0
MIN 32 OR BELOW: 19 0.50 INCH OR MORE: 0
MIN 0 OR BELOW: 0 1.00 INCH OR MORE: 0
[HDD (BASE 65) ]
TOTAL THIS MO. 624 CLEAR (SCALE 0-3) 20
DPTR FM NORMAL 50 PTCLDY (SCALE 4-7) 8
TOTAL FM JUL 1 1143 CLOUDY (SCALE 8-10) 3
DPTR FM NORMAL -307
[CDD (BASE 65) ]
TOTAL THIS MO. 0
DPTR FM NORMAL -3 [PRESSURE DATA]
TOTAL FM JAN 1 0 HIGHEST SLP 30.72 ON 10
DPTR FM NORMAL -3 LOWEST SLP 29.60 ON 1
[REMARKS]
#FINAL-01-22#