000
CXUS51 KPHI 011242
CLMTTN
CLIMATE REPORT
NATIONAL WEATHER SERVICE MOUNT HOLLY NJ
842 AM EDT TUE AUG 01 2023
...................................
...THE TRENTON NJ CLIMATE SUMMARY FOR THE MONTH OF JULY 2023...
CLIMATE NORMAL PERIOD: 1991 TO 2020
CLIMATE RECORD PERIOD: 1865 TO 2023
WEATHER OBSERVED NORMAL DEPART LAST YEAR`S
VALUE DATE(S) VALUE FROM VALUE
NORMAL
..............................................................
TEMPERATURE (F)
RECORD
HIGH 106 07/22/2011
07/09/1936
08/07/1918
LOW 48 07/01/1988
HIGHEST 92 MM MM 98
LOWEST 58 MM MM 60
AVG. MAXIMUM 86.7 86.0 0.7 89.0
AVG. MINIMUM 67.8 66.6 1.2 68.8
MEAN 77.2 76.3 0.9 78.9
DAYS MAX >= 90 8 9.2 -1.2 14
DAYS MAX <= 32 0 0.0 0.0 0
DAYS MIN <= 32 0 0.0 0.0 0
DAYS MIN <= 0 0 0.0 0.0 0
PRECIPITATION (INCHES)
RECORD
MAXIMUM 15.22 1880
MINIMUM 0.37 1944
TOTALS 5.69 4.39 1.30 1.07
DAILY AVG. 0.18 0.14 0.04 0.03
DAYS >= .01 12 10.8 1.2 6
DAYS >= .10 10 6.8 3.2 2
DAYS >= .50 3 2.9 0.1 1
DAYS >= 1.00 1 1.3 -0.3 0
GREATEST
24 HR. TOTAL 3.31 07/15 TO 07/16 0.62
SNOWFALL (INCHES)
TOTALS 0.0
SINCE 7/1 0.0
SNOWDEPTH AVG. 0
DAYS >= 1.0 0
GREATEST
SNOW DEPTH 0
24 HR TOTAL MM
DEGREE DAYS
HEATING TOTAL 0 0 0 0
SINCE 7/1 0 0 0 MM
COOLING TOTAL 387 350 37 438
SINCE 1/1 542 617 -75 MM
..............................................................
WIND (MPH)
AVERAGE WIND SPEED 4.9
HIGHEST WIND SPEED/DIRECTION 26/320 DATE 07/29
HIGHEST GUST SPEED/DIRECTION 40/300 DATE 07/29
SKY COVER
POSSIBLE SUNSHINE (PERCENT) MM
AVERAGE SKY COVER 0.31
NUMBER OF DAYS FAIR 20
NUMBER OF DAYS PC 10
NUMBER OF DAYS CLOUDY 1
AVERAGE RH (PERCENT) 73
WEATHER CONDITIONS. NUMBER OF DAYS WITH
THUNDERSTORM 13 MIXED PRECIP 0
HEAVY RAIN 6 RAIN 8
LIGHT RAIN 14 FREEZING RAIN 0
LT FREEZING RAIN 0 HEAVY SNOW 0
SNOW 0 LIGHT SNOW 0
SLEET 0 FOG 22
FOG W/VIS <= 1/4 MILE 4 HAZE 9
- INDICATES NEGATIVE NUMBERS.
R INDICATES RECORD WAS SET OR TIED.
MM INDICATES DATA IS MISSING.
T INDICATES TRACE AMOUNT.
$$