000
CXUS54 KTSA 141229
CF6TUL
PRELIMINARY LOCAL CLIMATOLOGICAL DATA (WS FORM: F-6)
STATION: TULSA OKLAHOMA
MONTH: JANUARY
YEAR: 2022
LATITUDE: 36 12 N
LONGITUDE: 95 54 W
TEMPERATURE IN F: :PCPN: SNOW: WIND :SUNSHINE: SKY :PK WND
================================================================================
1 2 3 4 5 6A 6B 7 8 9 10 11 12 13 14 15 16 17 18
12Z AVG MX 2MIN
DY MAX MIN AVG DEP HDD CDD WTR SNW DPTH SPD SPD DIR MIN PSBL S-S WX SPD DR
================================================================================
1 59 14 37 -1 28 0 0.49 T 0 15.0 24 340 M M 10 16 31 300
2 32 14 23 -15 42 0 T T 0 9.5 23 340 M M 4 29 350
3 51 19 35 -3 30 0 0.00 0.0 0 7.9 16 160 M M 0 22 170
4 57 36 47 9 18 0 0.00 0.0 0 15.9 30 190 M M 5 42 170
5 48 27 38 0 27 0 0.00 0.0 0 11.7 22 340 M M 5 29 340
6 27 16 22 -16 43 0 T T 0 14.4 25 350 M M 9 36 360
7 38 16 27 -11 38 0 0.00 0.0 0 8.2 15 140 M M 7 21 120
8 52 37 45 7 20 0 0.00 0.0 0 13.0 25 170 M M 10 1 34 170
9 48 24 36 -2 29 0 T 0.0 0 14.3 25 10 M M 7 1 35 20
10 54 19 37 -1 28 0 0.00 0.0 0 3.5 13 240 M M 0 16 220
11 61 31 46 8 19 0 0.00 0.0 0 9.5 22 180 M M 1 28 170
12 60 35 48 10 17 0 0.00 0.0 0 5.6 12 180 M M 5 18 210
13 70 32 51 13 14 0 0.00 0.0 0 5.0 15 350 M M 4 19 360
14 57 33 45 7 20 0 0.03 0.0 0 8.6 28 330 M M 10 36 320
15 38 25 32 -6 33 0 0.03 0.1 0 18.4 30 340 M M 10 1 43 340
16 40 23 32 -6 33 0 0.00 0.0 0 5.2 15 320 M M 7 1 21 320
17 57 22 40 2 25 0 0.00 0.0 0 4.8 14 170 M M 2 17 160
18 63 36 50 12 15 0 0.00 0.0 0 7.8 20 170 M M 5 8 26 180
19 50 20 35 -3 30 0 T T 0 18.4 31 10 M M 7 45 44 10
20 27 14 21 -17 44 0 0.00 0.0 0 11.3 24 10 M M 6 36 10
21 36 8 22 -16 43 0 0.00 0.0 0 3.4 9 120 M M 2 13 130
22 50 18 34 -4 31 0 0.00 0.0 0 4.7 12 240 M M 3 15 250
23 59 29 44 5 21 0 0.00 0.0 0 5.1 13 350 M M 1 18 340
24 68 34 51 12 14 0 0.00 0.0 0 9.4 23 10 M M 0 35 360
25 38 25 32 -7 33 0 0.00 0.0 0 11.8 20 10 M M 6 28 360
26 37 21 29 -10 36 0 T T 0 5.3 20 40 M M 9 25 20
27 48 31 40 1 25 0 T T 0 3.8 13 340 M M 8 17 10
28 49 24 37 -2 28 0 0.00 0.0 0 6.8 16 350 M M 2 22 340
29 67 27 47 8 18 0 0.00 0.0 0 7.4 18 260 M M 0 26 240
30 62 26 44 4 21 0 0.00 0.0 0 1.5 9 360 M M 1 12 60
31 71 27 49 9 16 0 0.00 0.0 0 10.2 25 170 M M 1 34 160
================================================================================
SM 1574 763 839 0 0.55 0.1 277.4 M 147
================================================================================
AV 50.8 24.6 8.9 FASTST M M 5 MAX(MPH)
MISC ----> 31 10 44 10
================================================================================
NOTES:
# LAST OF SEVERAL OCCURRENCES
COLUMN 17 PEAK WIND IN M.P.H.
PRELIMINARY LOCAL CLIMATOLOGICAL DATA (WS FORM: F-6) , PAGE 2
STATION: TULSA OKLAHOMA
MONTH: JANUARY
YEAR: 2022
LATITUDE: 36 12 N
LONGITUDE: 95 54 W
[TEMPERATURE DATA] [PRECIPITATION DATA] SYMBOLS USED IN COLUMN 16
AVERAGE MONTHLY: 37.7 TOTAL FOR MONTH: 0.55 1 = FOG OR MIST
DPTR FM NORMAL: -0.8 DPTR FM NORMAL: -1.08 2 = FOG REDUCING VISIBILITY
HIGHEST: 71 ON 31 GRTST 24HR 1.22 ON 31- 1 TO 1/4 MILE OR LESS
LOWEST: 8 ON 21 3 = THUNDER
SNOW, ICE PELLETS, HAIL 4 = ICE PELLETS
TOTAL MONTH: 0.1 INCH 5 = HAIL
GRTST 24HR 0.1 ON 15-15 6 = FREEZING RAIN OR DRIZZLE
GRTST DEPTH: 0 7 = DUSTSTORM OR SANDSTORM:
VSBY 1/2 MILE OR LESS
8 = SMOKE OR HAZE
[NO. OF DAYS WITH] [WEATHER - DAYS WITH] 9 = BLOWING SNOW
X = TORNADO
MAX 32 OR BELOW: 3 0.01 INCH OR MORE: 3
MAX 90 OR ABOVE: 0 0.10 INCH OR MORE: 1
MIN 32 OR BELOW: 25 0.50 INCH OR MORE: 0
MIN 0 OR BELOW: 0 1.00 INCH OR MORE: 0
[HDD (BASE 65) ]
TOTAL THIS MO. 839 CLEAR (SCALE 0-3) 12
DPTR FM NORMAL 16 PTCLDY (SCALE 4-7) 13
TOTAL FM JUL 1 1724 CLOUDY (SCALE 8-10) 6
DPTR FM NORMAL -468
[CDD (BASE 65) ]
TOTAL THIS MO. 0
DPTR FM NORMAL 0 [PRESSURE DATA]
TOTAL FM JAN 1 0 HIGHEST SLP 30.71 ON 20
DPTR FM NORMAL 0 LOWEST SLP 29.54 ON 1
[REMARKS]
#FINAL-01-22#