000
CXUS54 KMEG 010900
CF6TUP
PRELIMINARY LOCAL CLIMATOLOGICAL DATA (WS FORM: F-6)
STATION: TUPELO
MONTH: MARCH
YEAR: 2024
LATITUDE: 34 16 N
LONGITUDE: 88 46 W
TEMPERATURE IN F: :PCPN: SNOW: WIND :SUNSHINE: SKY :PK WND
================================================================================
1 2 3 4 5 6A 6B 7 8 9 10 11 12 13 14 15 16 17 18
12Z AVG MX 2MIN
DY MAX MIN AVG DEP HDD CDD WTR SNW DPTH SPD SPD DIR MIN PSBL S-S WX SPD DR
================================================================================
1 52 42 47 -4 18 0 0.42 0.0 0 4.3 10 150 M M 10 1 20 290
2 62 47 55 4 10 0 0.00 0.0 0 2.4 8 130 M M 6 1 13 140
3 74 41 58 6 7 0 0.00 0.0 0 5.5 17 150 M M 5 12 23 170
4 74 55 65 13 0 0 0.05 0.0 0 7.7 18 150 M M 5 123 25 160
5 73 63 68 16 0 3 0.10 0.0 0 4.4 12 160 M M 9 1 15 160
6 70 54 62 10 3 0 0.00 0.0 0 7.2 15 10 M M 6 22 360
7 77 48 63 10 2 0 0.00 0.0 0 3.3 10 200 M M 2 12 14 180
8 66 58 62 9 3 0 0.28 0.0 0 6.7 28 150 M M 5 1 42 150
9 60 42 51 -2 14 0 0.00 0.0 0 7.8 16 320 M M 9 1 26 320
10 63 37 50 -4 15 0 0.00 0.0 0 5.6 16 10 M M 0 22 10
11 67 33 50 -4 15 0 0.00 0.0 0 1.2 9 150 M M 0 12 80
12 75 36 56 2 9 0 0.00 0.0 0 3.7 15 190 M M 0 8 21 210
13 78 46 62 8 3 0 0.00 0.0 0 5.9 16 170 M M 1 8 25 150
14 84 58 71 17 0 6 0.07 0.0 0 9.5 22 180 M M 4 13 28 190
15 71 55 63 8 2 0 0.94 0.0 0 9.3 37 340 M M 9 138 56 330
16 69 50 60 5 5 0 0.00 0.0 0 4.9 15 10 M M 5 1 18 360
17 66 51 59 4 6 0 0.06 0.0 0 6.1 14 360 M M 8 18 360
18 52 34 43 -13 22 0 0.00 0.0 0 11.3 25 350 M M 0 34 340
19 62 29 46 -10 19 0 0.00 0.0 0 4.7 15 210 M M 0 20 210
20 77 38 58 2 7 0 0.00 0.0 0 5.5 14 240 M M 0 18 240
21 73 43 58 2 7 0 0.00 0.0 0 2.5 10 210 M M M 14 200
22 64 51 58 1 7 0 1.07 0.0 0 7.1 17 30 M M 8 18 24 60
23 62 43 53 -4 12 0 0.00 0.0 0 13.7 25 10 M M 2 32 350
24 69 39 54 -3 11 0 0.00 0.0 0 7.3 17 160 M M 0 25 150
25 70 59 65 8 0 0 0.89 0.0 0 16.2 33 170 M M 9 13 54 150
26 72 49 61 3 4 0 0.26 0.0 0 7.8 16 210 M M 5 18 24 230
27 63 41 52 -6 13 0 0.00 0.0 0 9.5 17 20 M M 0 8 22 20
28 68 39 54 -4 11 0 0.00 0.0 0 3.8 15 20 M M 0 20 40
29 76 40 58 0 7 0 0.00 0.0 0 5.1 16 180 M M 0 18 22 180
30 81 51 66 7 0 1 0.00 0.0 0 6.8 18 240 M M 0 26 200
31 80 57 69 10 0 4 0.00 0.0 0 8.3 16 190 M M 5 25 190
================================================================================
SM 2150 1429 232 14 4.14 0.0 205.1 M 113
================================================================================
AV 69.4 46.1 6.6 FASTST M M 4 MAX(MPH)
MISC ----> 37 340 56 330
================================================================================
NOTES:
# LAST OF SEVERAL OCCURRENCES
COLUMN 17 PEAK WIND IN M.P.H.
PRELIMINARY LOCAL CLIMATOLOGICAL DATA (WS FORM: F-6) , PAGE 2
STATION: TUPELO
MONTH: MARCH
YEAR: 2024
LATITUDE: 34 16 N
LONGITUDE: 88 46 W
[TEMPERATURE DATA] [PRECIPITATION DATA] SYMBOLS USED IN COLUMN 16
AVERAGE MONTHLY: 57.7 TOTAL FOR MONTH: 4.14 1 = FOG OR MIST
DPTR FM NORMAL: 2.6 DPTR FM NORMAL: -1.23 2 = FOG REDUCING VISIBILITY
HIGHEST: 84 ON 14 GRTST 24HR 1.15 ON 25-26 TO 1/4 MILE OR LESS
LOWEST: 29 ON 19 3 = THUNDER
SNOW, ICE PELLETS, HAIL 4 = ICE PELLETS
TOTAL MONTH: 0.0 INCH 5 = HAIL
GRTST 24HR 0.0 6 = FREEZING RAIN OR DRIZZLE
GRTST DEPTH: 0 7 = DUSTSTORM OR SANDSTORM:
VSBY 1/2 MILE OR LESS
8 = SMOKE OR HAZE
[NO. OF DAYS WITH] [WEATHER - DAYS WITH] 9 = BLOWING SNOW
X = TORNADO
MAX 32 OR BELOW: 0 0.01 INCH OR MORE: 10
MAX 90 OR ABOVE: 0 0.10 INCH OR MORE: 7
MIN 32 OR BELOW: 1 0.50 INCH OR MORE: 3
MIN 0 OR BELOW: 0 1.00 INCH OR MORE: 1
[HDD (BASE 65) ]
TOTAL THIS MO. 232 CLEAR (SCALE 0-3) 14
DPTR FM NORMAL -96 PTCLDY (SCALE 4-7) 10
TOTAL FM JUL 1 2253 CLOUDY (SCALE 8-10) 7
DPTR FM NORMAL -330
[CDD (BASE 65) ]
TOTAL THIS MO. 14
DPTR FM NORMAL -5 [PRESSURE DATA]
TOTAL FM JAN 1 21 HIGHEST SLP 30.34 ON 11
DPTR FM NORMAL -2 LOWEST SLP 29.50 ON 25
[REMARKS]
#FINAL-03-24#