552
CXUS54 KMEG 040036
CF6TUP
PRELIMINARY LOCAL CLIMATOLOGICAL DATA (WS FORM: F-6)
STATION: TUPELO
MONTH: SEPTEMBER
YEAR: 2020
LATITUDE: 34 16 N
LONGITUDE: 88 46 W
TEMPERATURE IN F: :PCPN: SNOW: WIND :SUNSHINE: SKY :PK WND
================================================================================
1 2 3 4 5 6A 6B 7 8 9 10 11 12 13 14 15 16 17 18
12Z AVG MX 2MIN
DY MAX MIN AVG DEP HDD CDD WTR SNW DPTH SPD SPD DIR MIN PSBL S-S WX SPD DR
================================================================================
1 92 75 84 5 0 19 0.02 0.0 0 5.2 16 220 M M 4 12 21 200
2 93 77 85 6 0 20 0.00 0.0 0 7.2 15 180 M M 3 19 190
3 92 77 85 7 0 20 T 0.0 0 4.8 14 250 M M 3 18 230
4 92 70 81 3 0 16 0.00 0.0 0 5.7 15 30 M M 2 18 10
5 85 65 75 -3 0 10 0.00 0.0 0 4.8 12 30 M M 0 14 30
6 90 65 78 0 0 13 0.00 0.0 0 1.5 8 50 M M 0 12 60
7 91 65 78 1 0 13 0.00 0.0 0 2.0 9 140 M M 0 12 180
8 91 66 79 2 0 14 0.00 0.0 0 3.4 10 110 M M 0 15 170
9 89 70 80 3 0 15 0.00 0.0 0 5.1 13 40 M M 0 16 80
10 92 69 81 5 0 16 0.00 0.0 0 5.5 13 20 M M 0 18 30
11 93 71 82 6 0 17 0.00 0.0 0 4.8 13 180 M M 3 15 180
12 93 75 84 8 0 19 0.48 0.0 0 5.3 20 360 M M 3 138 24 360
13 83 74 79 4 0 14 0.43 0.0 0 5.4 16 10 M M 6 13 20 50
14 90 73 82 7 0 17 0.00 0.0 0 10.1 21 20 M M 1 26 30
15 88 71 80 5 0 15 0.00 0.0 0 7.8 14 40 M M 3 19 60
16 76 69 73 -1 0 8 0.21 0.0 0 8.6 15 60 M M 7 18 18 40
17 87 68 78 4 0 13 0.00 0.0 0 10.0 22 360 M M 1 26 20
18 81 63 72 -1 0 7 0.00 0.0 0 11.1 21 20 M M 0 25 30
19 74 57 66 -7 0 1 0.00 0.0 0 9.1 14 40 M M 3 19 30
20 82 60 71 -2 0 6 0.00 0.0 0 7.7 16 50 M M 2 1 21 90
21 79 60 70 -2 0 5 0.00 0.0 0 7.6 15 90 M M 2 20 100
22 73 60 67 -5 0 2 0.00 0.0 0 6.0 13 120 M M 3 16 120
23 67 59 63 -9 2 0 1.90 0.0 0 6.2 13 40 M M 10 1 16 40
24 70 61 66 -5 0 1 0.80 0.0 0 9.6 16 80 M M 10 1 21 80
25 74 67 71 0 0 6 0.00 0.0 0 2.9 8 350 M M 10 1 11 340
26 79 66 73 3 0 8 0.03 0.0 0 1.8 8 110 M M 8 1 10 130
27 86 65 76 6 0 11 0.00 0.0 0 2.1 10 190 M M 4 1 13 210
28 72 57 65 -5 0 0 0.07 0.0 0 5.9 17 340 M M 5 13 23 340
29 74 52 63 -6 2 0 0.00 0.0 0 4.1 14 330 M M 1 21 340
30 82 50 66 -3 0 1 0.00 0.0 0 6.1 14 230 M M 0 19 240
================================================================================
SM 2510 1977 4 307 3.94 0.0 177.4 M 94
================================================================================
AV 83.7 65.9 5.9 FASTST M M 3 MAX(MPH)
MISC ----> # 22 360 # 26 30
================================================================================
NOTES:
# LAST OF SEVERAL OCCURRENCES
COLUMN 17 PEAK WIND IN M.P.H.
PRELIMINARY LOCAL CLIMATOLOGICAL DATA (WS FORM: F-6) , PAGE 2
STATION: TUPELO
MONTH: SEPTEMBER
YEAR: 2020
LATITUDE: 34 16 N
LONGITUDE: 88 46 W
[TEMPERATURE DATA] [PRECIPITATION DATA] SYMBOLS USED IN COLUMN 16
AVERAGE MONTHLY: 74.8 TOTAL FOR MONTH: 3.94 1 = FOG OR MIST
DPTR FM NORMAL: 0.7 DPTR FM NORMAL: 0.50 2 = FOG REDUCING VISIBILITY
HIGHEST: 93 ON 12,11 GRTST 24HR 1.90 ON 23-23 TO 1/4 MILE OR LESS
LOWEST: 50 ON 30 3 = THUNDER
SNOW, ICE PELLETS, HAIL 4 = ICE PELLETS
TOTAL MONTH: 0.0 INCH 5 = HAIL
GRTST 24HR 0.0 6 = FREEZING RAIN OR DRIZZLE
GRTST DEPTH: 0 7 = DUSTSTORM OR SANDSTORM:
VSBY 1/2 MILE OR LESS
8 = SMOKE OR HAZE
[NO. OF DAYS WITH] [WEATHER - DAYS WITH] 9 = BLOWING SNOW
X = TORNADO
MAX 32 OR BELOW: 0 0.01 INCH OR MORE: 8
MAX 90 OR ABOVE: 11 0.10 INCH OR MORE: 5
MIN 32 OR BELOW: 0 0.50 INCH OR MORE: 2
MIN 0 OR BELOW: 0 1.00 INCH OR MORE: 1
[HDD (BASE 65) ]
TOTAL THIS MO. 4 CLEAR (SCALE 0-3) 19
DPTR FM NORMAL -8 PTCLDY (SCALE 4-7) 7
TOTAL FM JUL 1 4 CLOUDY (SCALE 8-10) 4
DPTR FM NORMAL -8
[CDD (BASE 65) ]
TOTAL THIS MO. 307
DPTR FM NORMAL 21 [PRESSURE DATA]
TOTAL FM JAN 1 2095 HIGHEST SLP 30.30 ON 21
DPTR FM NORMAL 137 LOWEST SLP 29.75 ON 28
[REMARKS]
#FINAL-09-20#