000
CXUS55 KREV 010839
CF6TVL
PRELIMINARY LOCAL CLIMATOLOGICAL DATA (WS FORM: F-6)
STATION: SOUTH LAKE TAHOE CA
MONTH: FEBRUARY
YEAR: 2024
LATITUDE: 38 53 N
LONGITUDE: 119 60 W
TEMPERATURE IN F: :PCPN: SNOW: WIND :SUNSHINE: SKY :PK WND
================================================================================
1 2 3 4 5 6A 6B 7 8 9 10 11 12 13 14 15 16 17 18
12Z AVG MX 2MIN
DY MAX MIN AVG DEP HDD CDD WTR SNW DPTH SPD SPD DIR MIN PSBL S-S WX SPD DR
================================================================================
1 42 28 35 4 30 0 0.22 M M 6.7 23 180 M M 9 18 29 180
2 34 22 28 -3 37 0 0.11 M M 7.8 20 180 M M 10 128 30 180
3 33 17 25 -6 40 0 T M M 2.0 13 180 M M 8 1 17 190
4 38 25 32 1 33 0 0.64 M M 8.1 31 190 M M 10 12 51 170
5 37 26 32 1 33 0 0.05 M M 9.9 26 190 M M 8 128 38 170
6 35 20 28 -3 37 0 0.01 M M 1.8 8 30 M M 8 1 10 20
7 32 15 24 -7 41 0 0.02 M M 5.4 18 180 M M 8 18 33 210
8 34 12 23 -8 42 0 T M M 4.7 16 190 M M 7 1 22 190
9 35 11 23 -8 42 0 T M M 5.4 17 30 M M 7 31 350
10 38 14 26 -5 39 0 0.00 M M 1.9 13 20 M M 0 20 360
11 45 9 27 -4 38 0 0.00 M M 2.9 10 20 M M 0 12 30
12 47 13 30 -1 35 0 0.00 M M 3.6 9 20 M M 0 13 30
13 44 18 31 0 34 0 0.00 M M 5.1 17 180 M M 4 27 180
14 41 27 34 3 31 0 0.23 M M 12.1 29 190 M M 9 12 50 190
15 36 26 31 0 34 0 0.02 M M 6.7 21 190 M M 8 128 35 180
16 41 24 33 2 32 0 0.00 M M 1.5 9 20 M M 8 12 20
17 43 28 36 5 29 0 0.06 M M 9.2 28 180 M M M 1 45 190
18 48 33 41 10 24 0 0.14 M M 12.0 25 180 M M M 1 39 210
19 37 31 34 2 31 0 1.53 M M 10.7 24 200 M M 9 128 50 180
20 40 24 32 0 33 0 0.25 M M 4.3 17 190 M M 6 12 24 200
21 37 22 30 -2 35 0 0.01 M M 5.8 12 190 M M 6 1 20 99
22 42 13 28 -4 37 0 0.00 M M 3.6 10 30 M M 0 15 20
23 44 15 30 -2 35 0 0.00 M M 2.5 9 30 M M 0 13 30
24 49 18 34 2 31 0 0.00 M M 2.7 9 30 M M 1 13 10
25 50 18 34 2 31 0 0.00 M M 6.1 21 190 M M 1 32 180
26 40 32 36 4 29 0 0.03 M M 12.8 26 190 M M 9 1 44 180
27 46 22 34 1 31 0 0.00 M M 3.0 17 190 M M 0 26 200
28 50 20 35 2 30 0 0.00 M M 6.1 17 180 M M 1 30 190
29 40 32 36 3 29 0 0.22 M M 17.5 35 190 M M 10 12 63 180
================================================================================
SM 1178 615 983 0 3.54 M 181.9 M 147
================================================================================
AV 40.6 21.2 6.3 FASTST M M 5 MAX(MPH)
MISC ----> 35 190 63 180
================================================================================
NOTES:
# LAST OF SEVERAL OCCURRENCES
COLUMN 17 PEAK WIND IN M.P.H.
PRELIMINARY LOCAL CLIMATOLOGICAL DATA (WS FORM: F-6) , PAGE 2
STATION: SOUTH LAKE TAHOE CA
MONTH: FEBRUARY
YEAR: 2024
LATITUDE: 38 53 N
LONGITUDE: 119 60 W
[TEMPERATURE DATA] [PRECIPITATION DATA] SYMBOLS USED IN COLUMN 16
AVERAGE MONTHLY: 30.9 TOTAL FOR MONTH: 3.54 1 = FOG OR MIST
DPTR FM NORMAL: -0.4 DPTR FM NORMAL: -0.21 2 = FOG REDUCING VISIBILITY
HIGHEST: 50 ON 28,25 GRTST 24HR 1.58 ON 18-19 TO 1/4 MILE OR LESS
LOWEST: 9 ON 11 3 = THUNDER
SNOW, ICE PELLETS, HAIL 4 = ICE PELLETS
TOTAL MONTH: M 5 = HAIL
GRTST 24HR M ON M 6 = FREEZING RAIN OR DRIZZLE
GRTST DEPTH: M ON M 7 = DUSTSTORM OR SANDSTORM:
VSBY 1/2 MILE OR LESS
8 = SMOKE OR HAZE
[NO. OF DAYS WITH] [WEATHER - DAYS WITH] 9 = BLOWING SNOW
X = TORNADO
MAX 32 OR BELOW: 1 0.01 INCH OR MORE: 15
MAX 90 OR ABOVE: 0 0.10 INCH OR MORE: 8
MIN 32 OR BELOW: 28 0.50 INCH OR MORE: 2
MIN 0 OR BELOW: 0 1.00 INCH OR MORE: 1
[HDD (BASE 65) ]
TOTAL THIS MO. 983 CLEAR (SCALE 0-3) 9
DPTR FM NORMAL 41 PTCLDY (SCALE 4-7) 9
TOTAL FM JUL 1 4916 CLOUDY (SCALE 8-10) 11
DPTR FM NORMAL -261
[CDD (BASE 65) ]
TOTAL THIS MO. 0
DPTR FM NORMAL 0 [PRESSURE DATA]
TOTAL FM JAN 1 0 HIGHEST SLP M ON M
DPTR FM NORMAL 0 LOWEST SLP 29.45 ON 1
[REMARKS]
#FINAL-02-24#