000
CXUS54 KJAN 011414
CF6TVR
PRELIMINARY LOCAL CLIMATOLOGICAL DATA (WS FORM: F-6)
STATION: VICKSBURG
MONTH: JUNE
YEAR: 2020
LATITUDE: 32 20 N
LONGITUDE: 91 2 W
TEMPERATURE IN F: :PCPN: SNOW: WIND :SUNSHINE: SKY :PK WND
================================================================================
1 2 3 4 5 6A 6B 7 8 9 10 11 12 13 14 15 16 17 18
12Z AVG MX 2MIN
DY MAX MIN AVG DEP HDD CDD WTR SNW DPTH SPD SPD DIR MIN PSBL S-S WX SPD DR
================================================================================
1 88 69 79 2 0 14 0.00 0.0 0 4.2 8 360 M M 0 12 10
2 90 73 82 5 0 17 T 0.0 0 4.1 10 150 M M 0 15 150
3 95 75 85 8 0 20 0.68 0.0 0 6.0 18 150 M M 0 13 25 150
4 91 71 81 4 0 16 0.00 0.0 0 3.1 12 170 M M 1 1 16 170
5 94 71 83 5 0 18 0.09 0.0 0 2.8 30 40 M M 2 13 42 30
6 92 70 81 3 0 16 0.01 0.0 0 7.0 14 30 M M 1 1 20 50
7 91 76 84 6 0 19 0.05 0.0 0 12.3 24 50 M M 5 34 80
8 85 75 80 2 0 15 1.63 0.0 0 12.4 29 10 M M 9 13 41 30
9 92 77 85 7 0 20 T 0.0 0 8.6 16 180 M M 4 26 170
10 87 69 78 0 0 13 0.32 0.0 0 4.0 16 300 M M 2 13 31 300
11 86 67 77 -2 0 12 0.00 0.0 0 6.0 18 20 M M 0 25 350
12 90 68 79 0 0 14 0.00 0.0 0 8.1 18 30 M M 0 27 20
13 91 66 79 0 0 14 0.00 0.0 0 7.2 14 20 M M 0 19 50
14 94 68 81 2 0 16 0.00 0.0 0 2.7 10 10 M M 0 1 14 20
15 94 71 83 4 0 18 0.00 0.0 0 2.0 13 100 M M 1 1 17 90
16 88 67 78 -1 0 13 0.00 0.0 0 5.2 13 20 M M 0 18 40
17 89 65 77 -2 0 12 0.00 0.0 0 1.2 8 20 M M 0 18 11 50
18 92 66 79 0 0 14 0.00 0.0 0 1.5 8 170 M M 0 1 12 160
19 93 67 80 0 0 15 0.00 0.0 0 1.7 9 170 M M 1 1 12 160
20 92 70 81 1 0 16 0.00 0.0 0 2.5 13 170 M M 0 18 21 180
21 93 73 83 3 0 18 0.12 0.0 0 4.7 15 170 M M 1 13 29 200
22 84 70 77 -3 0 12 1.31 0.0 0 5.0 18 180 M M 2 1238 33 160
23 92 74 83 3 0 18 T 0.0 0 3.1 10 360 M M 3 3 18 230
24 86 74 80 0 0 15 0.77 0.0 0 3.1 14 160 M M 4 138 18 180
25 85 72 79 -1 0 14 0.21 0.0 0 3.5 20 180 M M 3 1 30 200
26 84 73 79 -1 0 14 0.04 0.0 0 3.4 10 180 M M 5 18 17 180
27 91 77 84 4 0 19 T 0.0 0 4.6 13 180 M M 2 1 19 190
28 93 79 86 5 0 21 0.00 0.0 0 5.0 13 170 M M 3 3 17 190
29 93 78 86 5 0 21 0.00 0.0 0 5.5 16 160 M M 1 13 21 170
30 92 79 86 5 0 21 0.04 0.0 0 3.8 12 190 M M 2 1 24 190
================================================================================
SM 2707 2150 0 485 5.27 0.0 144.3 M 52
================================================================================
AV 90.2 71.7 4.8 FASTST M M 2 MAX(MPH)
MISC ----> # 30 40 # 42 30
================================================================================
NOTES:
# LAST OF SEVERAL OCCURRENCES
COLUMN 17 PEAK WIND IN M.P.H.
PRELIMINARY LOCAL CLIMATOLOGICAL DATA (WS FORM: F-6) , PAGE 2
STATION: VICKSBURG
MONTH: JUNE
YEAR: 2020
LATITUDE: 32 20 N
LONGITUDE: 91 2 W
[TEMPERATURE DATA] [PRECIPITATION DATA] SYMBOLS USED IN COLUMN 16
AVERAGE MONTHLY: 81.0 TOTAL FOR MONTH: 5.27 1 = FOG OR MIST
DPTR FM NORMAL: 2.0 DPTR FM NORMAL: 1.28 2 = FOG REDUCING VISIBILITY
HIGHEST: 95 ON 3 GRTST 24HR 1.63 ON 8- 8 TO 1/4 MILE OR LESS
LOWEST: 65 ON 17 3 = THUNDER
SNOW, ICE PELLETS, HAIL 4 = ICE PELLETS
TOTAL MONTH: 0.0 INCH 5 = HAIL
GRTST 24HR 0.0 6 = FREEZING RAIN OR DRIZZLE
GRTST DEPTH: 0 7 = DUSTSTORM OR SANDSTORM:
VSBY 1/2 MILE OR LESS
8 = SMOKE OR HAZE
[NO. OF DAYS WITH] [WEATHER - DAYS WITH] 9 = BLOWING SNOW
X = TORNADO
MAX 32 OR BELOW: 0 0.01 INCH OR MORE: 12
MAX 90 OR ABOVE: 20 0.10 INCH OR MORE: 7
MIN 32 OR BELOW: 0 0.50 INCH OR MORE: 4
MIN 0 OR BELOW: 0 1.00 INCH OR MORE: 2
[HDD (BASE 65) ]
TOTAL THIS MO. 0 CLEAR (SCALE 0-3) 24
DPTR FM NORMAL 0 PTCLDY (SCALE 4-7) 5
TOTAL FM JUL 1 1643 CLOUDY (SCALE 8-10) 1
DPTR FM NORMAL -708
[CDD (BASE 65) ]
TOTAL THIS MO. 485
DPTR FM NORMAL 67 [PRESSURE DATA]
TOTAL FM JAN 1 1006 HIGHEST SLP M ON M
DPTR FM NORMAL 218 LOWEST SLP 29.40 ON 8
[REMARKS]
#FINAL-06-20#