000
CXUS54 KSHV 011500
CF6TXK
PRELIMINARY LOCAL CLIMATOLOGICAL DATA (WS FORM: F-6)
STATION: TEXARKANA
MONTH: MAY
YEAR: 2020
LATITUDE: 33 27 N
LONGITUDE: 94 0 W
TEMPERATURE IN F: :PCPN: SNOW: WIND :SUNSHINE: SKY :PK WND
================================================================================
1 2 3 4 5 6A 6B 7 8 9 10 11 12 13 14 15 16 17 18
12Z AVG MX 2MIN
DY MAX MIN AVG DEP HDD CDD WTR SNW DPTH SPD SPD DIR MIN PSBL S-S WX SPD DR
================================================================================
1 83 53 68 0 0 3 0.00 0.0 0 8.4 16 170 M M 0 23 160
2 84 62 73 5 0 8 0.00 0.0 0 10.0 18 160 M M 0 23 150
3 86 67 77 9 0 12 0.00 0.0 0 9.0 16 190 M M 2 22 200
4 86 67 77 8 0 12 0.00 0.0 0 10.3 17 190 M M 1 24 180
5 80 57 69 0 0 4 0.40 0.0 0 8.1 17 360 M M 2 13 25 330
6 78 53 66 -3 0 1 0.00 0.0 0 3.7 14 310 M M 0 17 360
7 76 51 64 -6 1 0 0.00 0.0 0 8.2 17 150 M M 2 24 180
8 72 51 62 -8 3 0 0.68 0.0 0 9.0 38 250 M M 5 13 55 230
9 69 46 58 -12 7 0 0.00 0.0 0 4.0 13 50 M M 0 19 110
10 76 47 62 -8 3 0 0.00 0.0 0 2.3 10 310 M M 1 15 20
11 73 53 63 -7 2 0 0.00 0.0 0 5.4 14 70 M M 1 21 70
12 67 54 61 -10 4 0 0.13 0.0 0 5.4 10 40 M M 5 1 16 120
13 83 58 71 0 0 6 0.00 0.0 0 7.1 16 170 M M 5 1 22 160
14 86 67 77 6 0 12 0.01 0.0 0 9.6 16 150 M M 4 8 24 150
15 83 65 74 2 0 9 0.00 0.0 0 8.0 20 350 M M 5 3 28 340
16 78 64 71 -1 0 6 1.40 0.0 0 5.6 20 150 M M 6 13 28 150
17 83 65 74 2 0 9 0.18 0.0 0 9.3 18 320 M M 6 1 26 330
18 84 56 70 -2 0 5 0.00 0.0 0 6.8 18 290 M M 0 23 270
19 81 62 72 0 0 7 0.00 0.0 0 4.6 10 50 M M 2 15 50
20 80 62 71 -2 0 6 0.00 0.0 0 4.0 10 190 M M 7 14 60
21 81 67 74 1 0 9 0.06 0.0 0 4.7 12 150 M M 7 13 15 250
22 89 68 79 6 0 14 0.00 0.0 0 8.2 16 190 M M 3 1 21 200
23 81 65 73 -1 0 8 0.39 0.0 0 8.4 22 330 M M 3 13 29 320
24 86 65 76 2 0 11 0.14 0.0 0 8.2 30 220 M M 4 13 39 220
25 84 66 75 1 0 10 1.42 0.0 0 8.1 16 140 M M 7 13 27 140
26 77 64 71 -3 0 6 0.48 0.0 0 5.5 15 220 M M 7 13 20 220
27 76 62 69 -5 0 4 0.09 0.0 0 2.9 10 230 M M 6 123 14 260
28 78 62 70 -5 0 5 2.37 0.0 0 5.9 21 180 M M 7 13 34 170
29 85 63 74 -1 0 9 0.00 0.0 0 5.8 17 50 M M 1 12 24 50
30 84 61 73 -2 0 8 0.00 0.0 0 4.2 12 40 M M 0 16 50
31 84 59 72 -3 0 7 0.00 0.0 0 4.5 13 40 M M 0 17 60
================================================================================
SM 2493 1862 20 191 7.75 0.0 205.2 M 99
================================================================================
AV 80.4 60.1 6.6 FASTST M M 3 MAX(MPH)
MISC ----> # 38 250 # 55 230
================================================================================
NOTES:
# LAST OF SEVERAL OCCURRENCES
COLUMN 17 PEAK WIND IN M.P.H.
PRELIMINARY LOCAL CLIMATOLOGICAL DATA (WS FORM: F-6) , PAGE 2
STATION: TEXARKANA
MONTH: MAY
YEAR: 2020
LATITUDE: 33 27 N
LONGITUDE: 94 0 W
[TEMPERATURE DATA] [PRECIPITATION DATA] SYMBOLS USED IN COLUMN 16
AVERAGE MONTHLY: 70.2 TOTAL FOR MONTH: 7.75 1 = FOG OR MIST
DPTR FM NORMAL: -1.5 DPTR FM NORMAL: 2.66 2 = FOG REDUCING VISIBILITY
HIGHEST: 89 ON 22 GRTST 24HR 2.37 ON 28-28 TO 1/4 MILE OR LESS
LOWEST: 46 ON 9 3 = THUNDER
SNOW, ICE PELLETS, HAIL 4 = ICE PELLETS
TOTAL MONTH: 0.0 INCH 5 = HAIL
GRTST 24HR 0.0 6 = FREEZING RAIN OR DRIZZLE
GRTST DEPTH: 0 7 = DUSTSTORM OR SANDSTORM:
VSBY 1/2 MILE OR LESS
8 = SMOKE OR HAZE
[NO. OF DAYS WITH] [WEATHER - DAYS WITH] 9 = BLOWING SNOW
X = TORNADO
MAX 32 OR BELOW: 0 0.01 INCH OR MORE: 13
MAX 90 OR ABOVE: 0 0.10 INCH OR MORE: 10
MIN 32 OR BELOW: 0 0.50 INCH OR MORE: 4
MIN 0 OR BELOW: 0 1.00 INCH OR MORE: 3
[HDD (BASE 65) ]
TOTAL THIS MO. 20 CLEAR (SCALE 0-3) 16
DPTR FM NORMAL 7 PTCLDY (SCALE 4-7) 15
TOTAL FM JUL 1 2337 CLOUDY (SCALE 8-10) 0
DPTR FM NORMAL -279
[CDD (BASE 65) ]
TOTAL THIS MO. 191
DPTR FM NORMAL -32 [PRESSURE DATA]
TOTAL FM JAN 1 298 HIGHEST SLP 30.31 ON 11
DPTR FM NORMAL -22 LOWEST SLP 29.63 ON 17
[REMARKS]
#FINAL-05-20#