000
CXUS56 KPQR 011200
CF6UAO
PRELIMINARY LOCAL CLIMATOLOGICAL DATA (WS FORM: F-6)
STATION: AURORA STATE OR
MONTH: APRIL
YEAR: 2020
LATITUDE: 45 15 N
LONGITUDE: 122 46 W
TEMPERATURE IN F: :PCPN: SNOW: WIND :SUNSHINE: SKY :PK WND
================================================================================
1 2 3 4 5 6A 6B 7 8 9 10 11 12 13 14 15 16 17 18
12Z AVG MX 2MIN
DY MAX MIN AVG DEP HDD CDD WTR SNW DPTH SPD SPD DIR MIN PSBL S-S WX SPD DR
================================================================================
1 48 39 44 -6 21 0 0.37 M M 6.3 16 180 M M 9 1 22 180
2 52 36 44 -6 21 0 0.09 M M 4.6 14 250 M M 8 1 18 250
3 50 34 42 -8 23 0 T M M 2.9 12 180 M M 10 15 250
4 52 37 45 -5 20 0 0.07 M M 3.6 9 10 M M 8 1 12 20
5 64 42 53 3 12 0 0.01 M M 6.9 15 20 M M 4 20 10
6 62 41 52 2 13 0 0.00 M M 2.1 9 330 M M 6 12 320
7 62 40 51 1 14 0 0.00 M M 4.0 10 40 M M 2 13 350
8 74 36 55 5 10 0 0.00 M M 6.6 14 10 M M 0 20 20
9 79 48 64 13 1 0 0.00 M M 7.7 15 360 M M 0 20 10
10 71 41 56 5 9 0 0.00 M M 2.6 12 350 M M 0 15 350
11 64 43 54 3 11 0 0.00 M M 2.9 14 20 M M 3 16 20
12 66 36 51 0 14 0 0.00 M M 7.8 17 10 M M 0 22 10
13 68 36 52 1 13 0 0.00 M M 7.3 14 20 M M 0 19 340
14 69 37 53 2 12 0 0.00 M M 3.8 13 240 M M 0 17 240
15 64 43 54 3 11 0 0.00 M M 3.5 10 50 M M 7 18 13 50
16 71 43 57 5 8 0 0.00 M M 9.2 21 40 M M 0 27 40
17 76 43 60 8 5 0 0.00 M M 2.7 12 30 M M 0 13 30
18 53 45 49 -3 16 0 0.10 M M 7.3 14 190 M M 7 1 20 200
19 63 42 53 1 12 0 0.00 M M 2.4 9 40 M M 5 13 340
20 72 40 56 4 9 0 0.00 M M 3.2 13 250 M M 2 1 17 250
21 62 45 54 2 11 0 0.00 M M 3.9 14 180 M M 7 16 190
22 60 47 54 1 11 0 0.31 M M 7.3 20 200 M M 9 1 26 200
23 62 49 56 3 9 0 0.00 M M 3.4 13 220 M M 5 8 18 210
24 63 50 57 4 8 0 0.03 M M 5.5 17 180 M M 9 1 22 180
25 67 44 56 3 9 0 0.22 M M 5.2 15 240 M M 5 1 22 250
26 68 39 54 0 11 0 0.09 M M 3.5 12 180 M M 2 18 17 180
27 68 49 59 5 6 0 0.03 M M 8.8 22 180 M M 7 1 29 180
28 72 50 61 7 4 0 0.00 M M 2.6 9 220 M M 4 13 260
29 71 52 62 8 3 0 T M M 5.9 18 200 M M 6 29 180
30 65 46 56 2 9 0 0.00 M M 5.8 16 170 M M 3 24 160
================================================================================
SM 1938 1273 336 0 1.32 M 149.3 M 128
================================================================================
AV 64.6 42.4 5.0 FASTST M M 4 MAX(MPH)
MISC ----> # 22 180 # 29 180
================================================================================
NOTES:
# LAST OF SEVERAL OCCURRENCES
COLUMN 17 PEAK WIND IN M.P.H.
PRELIMINARY LOCAL CLIMATOLOGICAL DATA (WS FORM: F-6) , PAGE 2
STATION: AURORA STATE OR
MONTH: APRIL
YEAR: 2020
LATITUDE: 45 15 N
LONGITUDE: 122 46 W
[TEMPERATURE DATA] [PRECIPITATION DATA] SYMBOLS USED IN COLUMN 16
AVERAGE MONTHLY: 53.5 TOTAL FOR MONTH: 1.32 1 = FOG OR MIST
DPTR FM NORMAL: 1.8 DPTR FM NORMAL: -1.81 2 = FOG REDUCING VISIBILITY
HIGHEST: 79 ON 9 GRTST 24HR 0.37 ON 1- 1 TO 1/4 MILE OR LESS
LOWEST: 34 ON 3 3 = THUNDER
SNOW, ICE PELLETS, HAIL 4 = ICE PELLETS
TOTAL MONTH: M 5 = HAIL
GRTST 24HR M ON M 6 = FREEZING RAIN OR DRIZZLE
GRTST DEPTH: M ON M 7 = DUSTSTORM OR SANDSTORM:
VSBY 1/2 MILE OR LESS
8 = SMOKE OR HAZE
[NO. OF DAYS WITH] [WEATHER - DAYS WITH] 9 = BLOWING SNOW
X = TORNADO
MAX 32 OR BELOW: 0 0.01 INCH OR MORE: 10
MAX 90 OR ABOVE: 0 0.10 INCH OR MORE: 4
MIN 32 OR BELOW: 0 0.50 INCH OR MORE: 0
MIN 0 OR BELOW: 0 1.00 INCH OR MORE: 0
[HDD (BASE 65) ]
TOTAL THIS MO. 336 CLEAR (SCALE 0-3) 12
DPTR FM NORMAL -64 PTCLDY (SCALE 4-7) 14
TOTAL FM JUL 1 3884 CLOUDY (SCALE 8-10) 4
DPTR FM NORMAL -204
[CDD (BASE 65) ]
TOTAL THIS MO. 0
DPTR FM NORMAL -1 [PRESSURE DATA]
TOTAL FM JAN 1 0 HIGHEST SLP 30.42 ON 14
DPTR FM NORMAL -1 LOWEST SLP 29.52 ON 5
[REMARKS]
#FINAL-04-20#