000
CXUS53 KLSX 011435
CLMUIN
CLIMATE REPORT
NATIONAL WEATHER SERVICE ST LOUIS MO
935 AM CDT TUE AUG 01 2023
...................................
...THE QUINCY IL CLIMATE SUMMARY FOR THE MONTH OF JULY 2023...
CLIMATE NORMAL PERIOD 1991 TO 2020
CLIMATE RECORD PERIOD 1901 TO 2023
WEATHER OBSERVED NORMAL DEPART LAST YEAR`S
VALUE DATE(S) VALUE FROM VALUE
NORMAL
..............................................................
TEMPERATURE (F)
RECORD
HIGH 114 07/15/1936
LOW 47 07/14/1950
HIGHEST 103 07/28 99
LOWEST 58 07/22 58
07/07
AVG. MAXIMUM 87.6 86.0 1.6 85.7
AVG. MINIMUM 66.3 66.5 -0.2 67.2
MEAN 77.0 76.3 0.7 76.5
DAYS MAX >= 90 12 9.0 3.0 7
DAYS MAX <= 32 0 0.0 0.0 0
DAYS MIN <= 32 0 0.0 0.0 0
DAYS MIN <= 0 0 0.0 0.0 0
PRECIPITATION (INCHES)
RECORD
MAXIMUM 13.21 1981
MINIMUM 0.10 1988
TOTALS 2.91 3.49 -0.58 5.73
DAILY AVG. 0.09 0.11 -0.02 0.18
DAYS >= .01 5 9.1 -4.1 8
DAYS >= .10 4 5.9 -1.9 6
DAYS >= .50 1 2.3 -1.3 4
DAYS >= 1.00 1 0.9 0.1 2
GREATEST
24 HR. TOTAL 1.75 07/01
DEGREE DAYS
HEATING TOTAL 0 1 -1
SINCE 7/1 0 0 0
COOLING TOTAL 376 350 26
SINCE 1/1 742 698 44
..............................................................
WIND (MPH)
HIGHEST WIND SPEED/DIRECTION 44/280 DATE 07/01
HIGHEST GUST SPEED/DIRECTION 62/290 DATE 07/01
SKY COVER
NUMBER OF DAYS FAIR 24
NUMBER OF DAYS PC 7
NUMBER OF DAYS CLOUDY 0
WEATHER CONDITIONS. NUMBER OF DAYS WITH
THUNDERSTORM 9 MIXED PRECIP 0
HEAVY RAIN 3 RAIN 4
LIGHT RAIN 7 FREEZING RAIN 0
LT FREEZING RAIN 0 HAIL 0
HEAVY SNOW 0 SNOW 0
LIGHT SNOW 0 SLEET 0
FOG 11 FOG W/VIS <= 1/4 MILE 1
HAZE 6
- INDICATES NEGATIVE NUMBERS.
R INDICATES RECORD WAS SET OR TIED.
MM INDICATES DATA IS MISSING.
T INDICATES TRACE AMOUNT.
...MONTHLY...
NO RECORDS OF NOTE.
...DAILY...
NO RECORDS OF NOTE.
$$
GOSSELIN