000
CXUS56 KEKA 032216
CF6UKI
PRELIMINARY LOCAL CLIMATOLOGICAL DATA (WS FORM: F-6)
STATION: UKIAH CA
MONTH: JULY
YEAR: 2022
LATITUDE: 39 7 N
LONGITUDE: 123 12 W
TEMPERATURE IN F: :PCPN: SNOW: WIND :SUNSHINE: SKY :PK WND
================================================================================
1 2 3 4 5 6A 6B 7 8 9 10 11 12 13 14 15 16 17 18
12Z AVG MX 2MIN
DY MAX MIN AVG DEP HDD CDD WTR SNW DPTH SPD SPD DIR MIN PSBL S-S WX SPD DR
================================================================================
1 92 51 72 -1 0 7 0.00 M M 3.2 13 360 M M 0 20 10
2 78 52 65 -8 0 0 0.00 M M 8.5 20 340 M M 2 8 29 350
3 78 56 67 -6 0 2 0.00 M M 6.7 16 340 M M 5 22 350
4 77 56 67 -7 0 2 0.01 M M 4.6 14 130 M M 10 19 130
5 79 64 72 -2 0 7 0.02 M M 5.9 15 150 M M 9 21 150
6 80 60 70 -4 0 5 0.00 M M 6.3 17 320 M M 6 24 320
7 85 60 73 -1 0 8 0.00 M M 7.1 15 320 M M 4 21 320
8 91 56 74 0 0 9 0.00 M M 5.5 16 350 M M 0 22 360
9 89 54 72 -2 0 7 0.00 M M 4.0 13 340 M M 0 23 330
10 100 57 79 4 0 14 0.00 M M 3.4 15 320 M M 0 21 330
11 105 62 84 9 0 19 0.00 M M 3.5 13 310 M M 0 19 250
12 96 58 77 2 0 12 0.00 M M 6.8 16 140 M M 0 24 140
13 92 57 75 0 0 10 0.00 M M 4.8 12 360 M M 2 19 360
14 96 59 78 3 0 13 0.00 M M 4.1 15 10 M M 0 23 10
15 96 54 75 0 0 10 0.00 M M 4.1 14 340 M M 0 20 340
16 101 57 79 3 0 14 0.00 M M 2.8 13 20 M M 0 18 350
17 101 58 80 4 0 15 0.00 M M 3.2 13 320 M M 0 22 290
18 101 58 80 4 0 15 0.00 M M 3.3 16 260 M M 0 23 250
19 101 53 77 1 0 12 0.00 M M 2.6 15 270 M M 0 21 260
20 102 53 78 2 0 13 0.00 M M 2.9 14 260 M M 0 23 250
21 101 53 77 1 0 12 0.00 M M 4.1 17 350 M M 0 26 360
22 97 53 75 -1 0 10 0.00 M M 3.0 12 360 M M 0 19 340
23 102 54 78 2 0 13 0.00 M M 2.7 15 330 M M 0 21 340
24 100 58 79 3 0 14 0.00 M M 4.6 16 140 M M 0 24 150
25 98 55 77 1 0 12 0.00 M M 6.3 14 160 M M 0 20 160
26 98 57 78 2 0 13 0.00 M M 5.7 15 140 M M 0 21 140
27 101 56 79 3 0 14 0.00 M M 3.7 13 340 M M 0 17 350
28 105 60 83 7 0 18 0.00 M M 3.3 13 30 M M 0 19 360
29 106 61 84 8 0 19 0.00 M M 5.0 13 190 M M 0 20 170
30 99 59 79 3 0 14 0.00 M M 5.6 14 140 M M 0 22 80
31 94 63 79 3 0 14 0.00 M M 4.9 13 150 M M 0 20 140
================================================================================
SM 2941 1764 0 347 0.03 M 142.2 M 38
================================================================================
AV 94.9 56.9 4.6 FASTST M M 1 MAX(MPH)
MISC ----> 20 340 29 350
================================================================================
NOTES:
# LAST OF SEVERAL OCCURRENCES
COLUMN 17 PEAK WIND IN M.P.H.
PRELIMINARY LOCAL CLIMATOLOGICAL DATA (WS FORM: F-6) , PAGE 2
STATION: UKIAH CA
MONTH: JULY
YEAR: 2022
LATITUDE: 39 7 N
LONGITUDE: 123 12 W
[TEMPERATURE DATA] [PRECIPITATION DATA] SYMBOLS USED IN COLUMN 16
AVERAGE MONTHLY: 75.9 TOTAL FOR MONTH: 0.03 1 = FOG OR MIST
DPTR FM NORMAL: 0.9 DPTR FM NORMAL: 0.02 2 = FOG REDUCING VISIBILITY
HIGHEST: 106 ON 29 GRTST 24HR 0.02 ON 4- 5 TO 1/4 MILE OR LESS
LOWEST: 51 ON 1 3 = THUNDER
SNOW, ICE PELLETS, HAIL 4 = ICE PELLETS
TOTAL MONTH: M 5 = HAIL
GRTST 24HR M ON M 6 = FREEZING RAIN OR DRIZZLE
GRTST DEPTH: M ON M 7 = DUSTSTORM OR SANDSTORM:
VSBY 1/2 MILE OR LESS
8 = SMOKE OR HAZE
[NO. OF DAYS WITH] [WEATHER - DAYS WITH] 9 = BLOWING SNOW
X = TORNADO
MAX 32 OR BELOW: 0 0.01 INCH OR MORE: 2
MAX 90 OR ABOVE: 24 0.10 INCH OR MORE: 0
MIN 32 OR BELOW: 0 0.50 INCH OR MORE: 0
MIN 0 OR BELOW: 0 1.00 INCH OR MORE: 0
[HDD (BASE 65) ]
TOTAL THIS MO. 0 CLEAR (SCALE 0-3) 26
DPTR FM NORMAL -1 PTCLDY (SCALE 4-7) 3
TOTAL FM JUL 1 0 CLOUDY (SCALE 8-10) 2
DPTR FM NORMAL 0
[CDD (BASE 65) ]
TOTAL THIS MO. 347
DPTR FM NORMAL 35 [PRESSURE DATA]
TOTAL FM JAN 1 567 HIGHEST SLP 30.11 ON 9
DPTR FM NORMAL 49 LOWEST SLP 29.72 ON 29
[REMARKS]
#FINAL-07-22#