000
CXUS56 KEKA 011230
CF6UKI
PRELIMINARY LOCAL CLIMATOLOGICAL DATA (WS FORM: F-6)
STATION: UKIAH CA
MONTH: SEPTEMBER
YEAR: 2021
LATITUDE: 39 7 N
LONGITUDE: 123 12 W
TEMPERATURE IN F: :PCPN: SNOW: WIND :SUNSHINE: SKY :PK WND
================================================================================
1 2 3 4 5 6A 6B 7 8 9 10 11 12 13 14 15 16 17 18
12Z AVG MX 2MIN
DY MAX MIN AVG DEP HDD CDD WTR SNW DPTH SPD SPD DIR MIN PSBL S-S WX SPD DR
================================================================================
1 79 50 65 -7 0 0 0.00 M M 6.2 17 160 M M 0 25 150
2 89 51 70 -2 0 5 0.00 0.0 M 3.8 13 10 M M 1 17 350
3 94 52 73 1 0 8 T M M 2.1 14 340 M M 0 20 340
4 99 51 75 3 0 10 0.00 M M 1.9 15 250 M M 0 8 23 270
5 101 52 77 5 0 12 0.00 M M 1.6 14 310 M M 0 8 18 310
6 102 52 77 5 0 12 0.00 M M 2.2 13 240 M M 0 8 22 190
7 101 56 79 7 0 14 0.00 M M 3.3 20 340 M M 0 29 340
8 105 67 86 15 0 21 0.00 M M 2.7 16 340 M M 0 22 340
9 96 62 79 8 0 14 0.01 0.0 M 3.1 16 320 M M 1 3 23 320
10 91 61 76 5 0 11 T 0.0 M 2.8 15 310 M M 1 3 22 320
11 95 55 75 4 0 10 0.00 0.0 M 2.8 17 280 M M 0 25 280
12 98 57 78 7 0 13 0.00 0.0 M 3.1 15 300 M M 0 27 300
13 99 54 77 7 0 12 0.00 M M 1.2 14 260 M M 0 20 120
14 102 55 79 9 0 14 0.00 M M 2.8 17 330 M M 0 24 310
15 92 54 73 3 0 8 0.00 M M 4.7 13 150 M M 0 18 160
16 89 53 71 1 0 6 0.00 M M 4.2 13 140 M M 3 19 130
17 89 50 70 0 0 5 0.00 M M 4.0 16 150 M M 1 1 23 150
18 67 54 61 -9 4 0 0.04 M M 5.6 12 150 M M 9 1 17 160
19 78 53 66 -3 0 1 0.01 M M 3.8 16 340 M M 3 1 21 340
20 96 47 72 3 0 7 0.00 M M 1.2 9 310 M M 0 11 310
21 98 51 75 6 0 10 0.00 M M 3.0 14 130 M M 0 19 120
22 95 52 74 5 0 9 0.00 M M 2.1 17 340 M M 0 25 350
23 100 51 76 8 0 11 0.00 M M 1.5 17 310 M M 0 23 310
24 100 53 77 9 0 12 0.00 M M 1.3 13 270 M M 0 20 270
25 90 51 71 3 0 6 0.00 M M 4.6 15 150 M M 0 8 20 150
26 84 54 69 1 0 4 0.00 M M 2.5 12 40 M M 3 19 50
27 71 54 63 -4 2 0 T M M 5.0 16 330 M M 8 18 29 320
28 74 49 62 -5 3 0 0.00 M M 5.4 17 290 M M 0 26 290
29 83 44 64 -3 1 0 0.00 M M 2.1 15 340 M M 0 20 340
30 93 47 70 3 0 5 0.00 M M 1.1 12 310 M M 0 17 320
================================================================================
SM 2750 1592 10 240 0.06 0.0 91.7 M 30
================================================================================
AV 91.7 53.1 3.1 FASTST M M 1 MAX(MPH)
MISC ----> 20 340 # 29 340
================================================================================
NOTES:
# LAST OF SEVERAL OCCURRENCES
COLUMN 17 PEAK WIND IN M.P.H.
PRELIMINARY LOCAL CLIMATOLOGICAL DATA (WS FORM: F-6) , PAGE 2
STATION: UKIAH CA
MONTH: SEPTEMBER
YEAR: 2021
LATITUDE: 39 7 N
LONGITUDE: 123 12 W
[TEMPERATURE DATA] [PRECIPITATION DATA] SYMBOLS USED IN COLUMN 16
AVERAGE MONTHLY: 72.4 TOTAL FOR MONTH: 0.06 1 = FOG OR MIST
DPTR FM NORMAL: 2.6 DPTR FM NORMAL: -0.10 2 = FOG REDUCING VISIBILITY
HIGHEST: 105 ON 8 GRTST 24HR 0.05 ON 18-19 TO 1/4 MILE OR LESS
LOWEST: 44 ON 29 3 = THUNDER
SNOW, ICE PELLETS, HAIL 4 = ICE PELLETS
TOTAL MONTH: 0.0 INCH 5 = HAIL
GRTST 24HR 0.0 6 = FREEZING RAIN OR DRIZZLE
GRTST DEPTH: M ON M 7 = DUSTSTORM OR SANDSTORM:
VSBY 1/2 MILE OR LESS
8 = SMOKE OR HAZE
[NO. OF DAYS WITH] [WEATHER - DAYS WITH] 9 = BLOWING SNOW
X = TORNADO
MAX 32 OR BELOW: 0 0.01 INCH OR MORE: 3
MAX 90 OR ABOVE: 20 0.10 INCH OR MORE: 0
MIN 32 OR BELOW: 0 0.50 INCH OR MORE: 0
MIN 0 OR BELOW: 0 1.00 INCH OR MORE: 0
[HDD (BASE 65) ]
TOTAL THIS MO. 10 CLEAR (SCALE 0-3) 28
DPTR FM NORMAL -10 PTCLDY (SCALE 4-7) 1
TOTAL FM JUL 1 10 CLOUDY (SCALE 8-10) 1
DPTR FM NORMAL -10
[CDD (BASE 65) ]
TOTAL THIS MO. 240
DPTR FM NORMAL 76 [PRESSURE DATA]
TOTAL FM JAN 1 1451 HIGHEST SLP 30.14 ON 19
DPTR FM NORMAL 485 LOWEST SLP 29.68 ON 1
[REMARKS]
#FINAL-09-21#