000
CXUS53 KSGF 010810
CF6UNO
PRELIMINARY LOCAL CLIMATOLOGICAL DATA (WS FORM: F-6)
STATION: WEST PLAINS MO
MONTH: DECEMBER
YEAR: 2021
LATITUDE: 36 52 N
LONGITUDE: 91 55 W
TEMPERATURE IN F: :PCPN: SNOW: WIND :SUNSHINE: SKY :PK WND
================================================================================
1 2 3 4 5 6A 6B 7 8 9 10 11 12 13 14 15 16 17 18
12Z AVG MX 2MIN
DY MAX MIN AVG DEP HDD CDD WTR SNW DPTH SPD SPD DIR MIN PSBL S-S WX SPD DR
================================================================================
1 70 41 56 15 9 0 0.00 M M 5.7 15 260 M M 1 22 260
2 77 46 62 21 3 0 0.00 M M 6.2 15 250 M M 0 22 250
3 77 47 62 21 3 0 0.00 M M 4.4 10 210 M M 0 14 210
4 62 48 55 15 10 0 0.00 M M 8.8 17 40 M M 5 26 30
5 71 47 59 19 6 0 1.45 M M 9.5 26 280 M M 7 1238 44 270
6 58 27 43 3 22 0 0.28 M M 9.6 25 320 M M 2 13 34 330
7 38 24 31 -9 34 0 0.00 M M 5.3 14 130 M M 2 20 110
8 53 25 39 0 26 0 0.00 M M 4.0 12 160 M M 0 17 170
9 67 40 54 15 11 0 0.00 M M 8.6 20 210 M M 3 128 28 220
10 73 53 63 24 2 0 0.02 M M 9.3 23 270 M M 7 123 35 270
11 64 27 46 8 19 0 0.00 M M 10.4 25 310 M M 4 46 320
12 52 25 39 1 26 0 0.00 M M 7.3 16 210 M M 0 8 23 200
13 64 28 46 8 19 0 0.00 M M 5.5 10 150 M M 0 15 150
14 61 46 54 16 11 0 0.14 M M 7.6 15 170 M M 9 12 21 180
15 71 61 66 28 0 1 0.00 M M 13.1 23 190 M M 10 1 37 170
16 67 39 53 16 12 0 0.19 M M 6.9 21 190 M M 6 18 32 170
17 57 40 49 12 16 0 2.90 M M 6.5 22 270 M M 9 13 36 260
18 57 31 44 7 21 0 0.69 M M 9.2 21 350 M M 5 1 31 350
19 42 23 33 -4 32 0 0.00 M M 3.6 12 10 M M 0 19 340
20 46 24 35 -1 30 0 0.00 M M 3.3 9 220 M M 0 18 12 220
21 57 27 42 6 23 0 0.00 M M 6.7 15 330 M M 0 22 340
22 50 30 40 4 25 0 0.00 M M 6.7 13 50 M M 0 17 340
23 58 32 45 9 20 0 0.00 M M 7.4 17 210 M M 4 28 210
24 72 50 61 25 4 0 0.00 M M 12.2 21 210 M M 2 1 35 190
25 74 47 61 25 4 0 0.00 M M 6.9 18 260 M M 0 27 280
26 66 41 54 19 11 0 0.00 M M 8.6 17 160 M M 4 18 25 180
27 67 52 60 25 5 0 0.00 M M 7.5 15 280 M M 2 1 22 200
28 61 42 52 17 13 0 0.06 M M 5.0 17 310 M M 7 12 30 320
29 48 41 45 10 20 0 0.16 M M 5.4 12 60 M M 6 12 15 60
30 59 47 53 18 12 0 0.00 M M 4.9 10 220 M M 6 12 14 220
31 72 42 57 22 8 0 0.29 M M 7.9 20 220 M M 4 12 30 200
================================================================================
SM 1911 1193 457 1 6.18 M 224.0 M 105
================================================================================
AV 61.6 38.5 7.2 FASTST M M 3 MAX(MPH)
MISC ----> 26 280 46 320
================================================================================
NOTES:
# LAST OF SEVERAL OCCURRENCES
COLUMN 17 PEAK WIND IN M.P.H.
PRELIMINARY LOCAL CLIMATOLOGICAL DATA (WS FORM: F-6) , PAGE 2
STATION: WEST PLAINS MO
MONTH: DECEMBER
YEAR: 2021
LATITUDE: 36 52 N
LONGITUDE: 91 55 W
[TEMPERATURE DATA] [PRECIPITATION DATA] SYMBOLS USED IN COLUMN 16
AVERAGE MONTHLY: 50.1 TOTAL FOR MONTH: 6.18 1 = FOG OR MIST
DPTR FM NORMAL: 12.6 DPTR FM NORMAL: 3.06 2 = FOG REDUCING VISIBILITY
HIGHEST: 77 ON 3, 2 GRTST 24HR 3.59 ON 17-18 TO 1/4 MILE OR LESS
LOWEST: 23 ON 19 3 = THUNDER
SNOW, ICE PELLETS, HAIL 4 = ICE PELLETS
TOTAL MONTH: M 5 = HAIL
GRTST 24HR M ON M 6 = FREEZING RAIN OR DRIZZLE
GRTST DEPTH: M ON M 7 = DUSTSTORM OR SANDSTORM:
VSBY 1/2 MILE OR LESS
8 = SMOKE OR HAZE
[NO. OF DAYS WITH] [WEATHER - DAYS WITH] 9 = BLOWING SNOW
X = TORNADO
MAX 32 OR BELOW: 0 0.01 INCH OR MORE: 10
MAX 90 OR ABOVE: 0 0.10 INCH OR MORE: 8
MIN 32 OR BELOW: 12 0.50 INCH OR MORE: 3
MIN 0 OR BELOW: 0 1.00 INCH OR MORE: 2
[HDD (BASE 65) ]
TOTAL THIS MO. 457 CLEAR (SCALE 0-3) 16
DPTR FM NORMAL -395 PTCLDY (SCALE 4-7) 12
TOTAL FM JUL 1 1128 CLOUDY (SCALE 8-10) 3
DPTR FM NORMAL -574
[CDD (BASE 65) ]
TOTAL THIS MO. 1
DPTR FM NORMAL 1 [PRESSURE DATA]
TOTAL FM JAN 1 1599 HIGHEST SLP M ON M
DPTR FM NORMAL 230 LOWEST SLP 29.47 ON 10
[REMARKS]
#FINAL-12-21#