000
CXUS54 KHGX 010719
CF6UTS
PRELIMINARY LOCAL CLIMATOLOGICAL DATA (WS FORM: F-6)
STATION: HUNTSVILLE_(ASOS)
MONTH: MARCH
YEAR: 2020
LATITUDE: 30 45 N
LONGITUDE: 95 35 W
TEMPERATURE IN F: :PCPN: SNOW: WIND :SUNSHINE: SKY :PK WND
================================================================================
1 2 3 4 5 6A 6B 7 8 9 10 11 12 13 14 15 16 17 18
12Z AVG MX 2MIN
DY MAX MIN AVG DEP HDD CDD WTR SNW DPTH SPD SPD DIR MIN PSBL S-S WX SPD DR
================================================================================
1 72 59 66 9 0 1 T 0.0 0 9.6 20 180 M M 8 28 170
2 77 67 72 14 0 7 0.00 0.0 0 8.7 16 190 M M 7 23 210
3 79 67 73 15 0 8 0.00 0.0 0 4.6 10 180 M M 6 1 14 70
4 70 53 62 4 3 0 0.45 0.0 0 9.1 25 60 M M 10 138 36 50
5 73 50 62 4 3 0 0.00 0.0 0 6.1 16 340 M M 4 8 23 340
6 71 42 57 -1 8 0 0.00 0.0 0 3.3 14 50 M M 0 8 23 60
7 62 40 51 -8 14 0 0.00 0.0 0 4.4 12 100 M M 0 16 110
8 74 49 62 3 3 0 0.00 0.0 0 6.7 15 180 M M 1 23 180
9 69 60 65 6 0 0 0.10 0.0 0 7.5 15 180 M M 8 1 23 160
10 81 61 71 12 0 6 T 0.0 0 4.1 12 160 M M 3 128 16 150
11 81 63 72 12 0 7 0.00 0.0 0 7.8 15 190 M M 3 1 20 190
12 84 68 76 16 0 11 0.00 0.0 0 10.0 18 190 M M 5 23 180
13 82 68 75 15 0 10 0.00 0.0 0 5.4 14 180 M M 7 19 160
14 85 71 78 18 0 13 T 0.0 0 6.0 16 180 M M 6 18 25 180
15 82 66 74 14 0 9 T 0.0 0 2.6 7 110 M M 9 128 11 90
16 78 63 71 10 0 6 0.00 0.0 0 2.6 13 100 M M 6 18 18 100
17 84 68 76 15 0 11 0.15 0.0 0 3.9 21 200 M M 6 138 29 190
18 81 71 76 15 0 11 0.00 0.0 0 6.9 15 190 M M 7 22 200
19 83 71 77 16 0 12 0.10 0.0 0 6.9 17 170 M M 7 138 24 160
20 74 50 62 0 3 0 1.62 0.0 0 5.6 16 340 M M 10 13 25 340
21 58 49 54 -8 11 0 0.57 0.0 0 5.4 10 90 M M 10 13 18 50
22 69 55 62 0 3 0 0.35 0.0 0 2.3 8 90 M M 10 1 14 90
23 81 69 75 13 0 10 T 0.0 0 6.5 13 190 M M 8 1 16 190
24 85 69 77 15 0 12 0.00 0.0 0 7.4 20 220 M M 5 18 27 220
25 89 68 79 16 0 14 0.00 0.0 0 5.4 13 180 M M 4 18 17 180
26 88 66 77 14 0 12 0.00 0.0 0 7.2 17 180 M M 2 18 25 190
27 90 71 81 18 0 16 0.00 0.0 0 8.2 21 190 M M 4 18 29 180
28 77 53 65 2 0 0 0.03 0.0 0 5.7 22 330 M M 5 18 29 330
29 76 47 62 -2 3 0 T 0.0 0 1.5 9 350 M M 3 13 15 360
30 79 60 70 6 0 5 T 0.0 0 5.2 10 200 M M 8 8 18 170
31 73 52 63 -1 2 0 0.00 0.0 0 6.0 20 340 M M 5 1 28 320
================================================================================
SM 2407 1866 53 181 3.37 0.0 182.6 M 177
================================================================================
AV 77.7 60.2 5.9 FASTST M M 6 MAX(MPH)
MISC ----> # 25 60 # 36 50
================================================================================
NOTES:
# LAST OF SEVERAL OCCURRENCES
COLUMN 17 PEAK WIND IN M.P.H.
PRELIMINARY LOCAL CLIMATOLOGICAL DATA (WS FORM: F-6) , PAGE 2
STATION: HUNTSVILLE_(ASOS)
MONTH: MARCH
YEAR: 2020
LATITUDE: 30 45 N
LONGITUDE: 95 35 W
[TEMPERATURE DATA] [PRECIPITATION DATA] SYMBOLS USED IN COLUMN 16
AVERAGE MONTHLY: 68.9 TOTAL FOR MONTH: 3.37 1 = FOG OR MIST
DPTR FM NORMAL: 8.3 DPTR FM NORMAL: -0.04 2 = FOG REDUCING VISIBILITY
HIGHEST: 90 ON 27 GRTST 24HR 1.62 ON 20-20 TO 1/4 MILE OR LESS
LOWEST: 40 ON 7 3 = THUNDER
SNOW, ICE PELLETS, HAIL 4 = ICE PELLETS
TOTAL MONTH: 0.0 INCH 5 = HAIL
GRTST 24HR 0.0 6 = FREEZING RAIN OR DRIZZLE
GRTST DEPTH: 0 7 = DUSTSTORM OR SANDSTORM:
VSBY 1/2 MILE OR LESS
8 = SMOKE OR HAZE
[NO. OF DAYS WITH] [WEATHER - DAYS WITH] 9 = BLOWING SNOW
X = TORNADO
MAX 32 OR BELOW: 0 0.01 INCH OR MORE: 8
MAX 90 OR ABOVE: 1 0.10 INCH OR MORE: 7
MIN 32 OR BELOW: 0 0.50 INCH OR MORE: 2
MIN 0 OR BELOW: 0 1.00 INCH OR MORE: 1
[HDD (BASE 65) ]
TOTAL THIS MO. 53 CLEAR (SCALE 0-3) 5
DPTR FM NORMAL -134 PTCLDY (SCALE 4-7) 20
TOTAL FM JUL 1 1349 CLOUDY (SCALE 8-10) 6
DPTR FM NORMAL -293
[CDD (BASE 65) ]
TOTAL THIS MO. 181
DPTR FM NORMAL 131 [PRESSURE DATA]
TOTAL FM JAN 1 207 HIGHEST SLP 30.52 ON 6
DPTR FM NORMAL 130 LOWEST SLP 29.66 ON 4
[REMARKS]
#FINAL-03-20#