000
CXUS54 KCRP 021745
CF6VCT
PRELIMINARY LOCAL CLIMATOLOGICAL DATA (WS FORM: F-6)
STATION: VICTORIA
MONTH: JANUARY
YEAR: 2024
LATITUDE: 28 51 N
LONGITUDE: 96 55 W
TEMPERATURE IN F: :PCPN: SNOW: WIND :SUNSHINE: SKY :PK WND
================================================================================
1 2 3 4 5 6A 6B 7 8 9 10 11 12 13 14 15 16 17 18
12Z AVG MX 2MIN
DY MAX MIN AVG DEP HDD CDD WTR SNW DPTH SPD SPD DIR MIN PSBL S-S WX SPD DR
================================================================================
1 60 50 55 1 10 0 0.00 0.0 0 8.0 20 360 M M 9 128 24 340
2 58 50 54 0 11 0 0.63 0.0 0 11.7 22 360 M M 9 13 29 360
3 52 48 50 -4 15 0 0.01 0.0 0 9.9 16 340 M M 10 1 21 360
4 67 41 54 0 11 0 0.02 0.0 0 10.1 22 100 M M 8 1 32 90
5 69 45 57 3 8 0 0.82 0.0 0 8.2 22 300 M M 5 1 27 290
6 68 38 53 -1 12 0 0.00 0.0 0 5.3 15 10 M M 1 22 360
7 68 41 55 1 10 0 0.00 0.0 0 10.0 22 130 M M 3 32 110
8 78 52 65 11 0 0 0.31 0.0 0 17.8 33 180 M M 9 138 47 180
9 61 39 50 -4 15 0 T 0.0 0 13.1 28 310 M M 1 43 310
10 71 36 54 0 11 0 0.00 0.0 0 8.7 26 200 M M 1 1 35 210
11 76 49 63 9 2 0 0.00 0.0 0 12.1 29 180 M M 9 128 39 170
12 69 37 53 -1 12 0 0.00 0.0 0 16.6 35 320 M M 3 18 50 330
13 67 33 50 -4 15 0 0.00 0.0 0 8.0 21 150 M M 0 27 170
14 50 28 39 -15 26 0 0.00 0.0 0 13.8 21 360 M M 8 27 360
15 28 23 26 -28 39 0 0.07 T 0 17.9 28 360 M M 10 146 37 360
16 36 21 29 -25 36 0 0.00 0.0 0 14.3 25 360 M M 0 36 10
17 49 21 35 -19 30 0 0.00 0.0 0 4.7 12 170 M M 5 14 150
18 73 41 57 3 8 0 0.00 0.0 0 5.9 15 240 M M 5 1 21 220
19 55 35 45 -9 20 0 0.00 0.0 0 13.5 25 20 M M 1 12 34 20
20 45 29 37 -17 28 0 0.00 0.0 0 9.8 20 30 M M 6 25 30
21 47 42 45 -9 20 0 0.05 0.0 0 13.9 22 50 M M 10 18 29 60
22 66 47 57 3 8 0 3.43 0.0 0 6.8 17 70 M M 10 13 23 80
23 71 62 67 12 0 2 0.02 0.0 0 8.1 21 170 M M 10 1 27 170
24 68 60 64 9 1 0 2.06 0.0 0 10.7 21 30 M M 10 123 27 100
25 74 53 64 9 1 0 0.24 0.0 0 6.4 25 300 M M 2 138 34 300
26 66 54 60 5 5 0 0.01 0.0 0 7.9 14 340 M M 9 128 18 340
27 64 47 56 1 9 0 0.00 0.0 0 13.0 26 330 M M 4 1 37 320
28 68 43 56 1 9 0 0.00 0.0 0 7.8 17 350 M M 0 23 350
29 71 40 56 1 9 0 0.00 0.0 0 4.0 13 170 M M 0 15 170
30 72 44 58 2 7 0 0.00 0.0 0 4.5 9 160 M M 0 12 280
31 72 43 58 2 7 0 0.00 0.0 0 4.8 10 140 M M 0 14 160
================================================================================
SM 1939 1292 395 2 7.67 T 307.3 M 158
================================================================================
AV 62.5 41.7 9.9 FASTST M M 5 MAX(MPH)
MISC ----> 35 320 50 330
================================================================================
NOTES:
# LAST OF SEVERAL OCCURRENCES
COLUMN 17 PEAK WIND IN M.P.H.
PRELIMINARY LOCAL CLIMATOLOGICAL DATA (WS FORM: F-6) , PAGE 2
STATION: VICTORIA
MONTH: JANUARY
YEAR: 2024
LATITUDE: 28 51 N
LONGITUDE: 96 55 W
[TEMPERATURE DATA] [PRECIPITATION DATA] SYMBOLS USED IN COLUMN 16
AVERAGE MONTHLY: 52.1 TOTAL FOR MONTH: 7.67 1 = FOG OR MIST
DPTR FM NORMAL: -2.3 DPTR FM NORMAL: 5.00 2 = FOG REDUCING VISIBILITY
HIGHEST: 78 ON 8 GRTST 24HR 3.43 ON 22-22 TO 1/4 MILE OR LESS
LOWEST: 21 ON 17,16 3 = THUNDER
SNOW, ICE PELLETS, HAIL 4 = ICE PELLETS
TOTAL MONTH: T 5 = HAIL
GRTST 24HR T ON 15-15 6 = FREEZING RAIN OR DRIZZLE
GRTST DEPTH: 0 7 = DUSTSTORM OR SANDSTORM:
VSBY 1/2 MILE OR LESS
8 = SMOKE OR HAZE
[NO. OF DAYS WITH] [WEATHER - DAYS WITH] 9 = BLOWING SNOW
X = TORNADO
MAX 32 OR BELOW: 1 0.01 INCH OR MORE: 12
MAX 90 OR ABOVE: 0 0.10 INCH OR MORE: 6
MIN 32 OR BELOW: 5 0.50 INCH OR MORE: 4
MIN 0 OR BELOW: 0 1.00 INCH OR MORE: 2
[HDD (BASE 65) ]
TOTAL THIS MO. 395 CLEAR (SCALE 0-3) 13
DPTR FM NORMAL 50 PTCLDY (SCALE 4-7) 6
TOTAL FM JUL 1 778 CLOUDY (SCALE 8-10) 12
DPTR FM NORMAL -38
[CDD (BASE 65) ]
TOTAL THIS MO. 2
DPTR FM NORMAL -15 [PRESSURE DATA]
TOTAL FM JAN 1 2 HIGHEST SLP 30.56 ON 20
DPTR FM NORMAL -15 LOWEST SLP 29.43 ON 8
[REMARKS]
#FINAL-01-24#