000
CXUS54 KCRP 011210
CF6VCT
PRELIMINARY LOCAL CLIMATOLOGICAL DATA (WS FORM: F-6)
STATION: VICTORIA
MONTH: SEPTEMBER
YEAR: 2023
LATITUDE: 28 51 N
LONGITUDE: 96 55 W
TEMPERATURE IN F: :PCPN: SNOW: WIND :SUNSHINE: SKY :PK WND
================================================================================
1 2 3 4 5 6A 6B 7 8 9 10 11 12 13 14 15 16 17 18
12Z AVG MX 2MIN
DY MAX MIN AVG DEP HDD CDD WTR SNW DPTH SPD SPD DIR MIN PSBL S-S WX SPD DR
================================================================================
1 102 68 85 2 0 20 0.00 0.0 0 6.7 22 130 M M 1 18 30 100
2 100 73 87 4 0 22 0.00 0.0 0 7.3 17 130 M M 2 18 23 120
3 100 73 87 4 0 22 0.00 0.0 0 8.6 22 150 M M 2 8 29 150
4 101 78 90 7 0 25 0.00 0.0 0 11.5 24 160 M M 1 32 140
5 101 81 91 9 0 26 0.00 0.0 0 12.4 22 150 M M 2 29 170
6 104 77 91 9 0 26 0.00 0.0 0 6.6 20 150 M M 1 25 160
7 104 78 91 9 0 26 0.00 0.0 0 6.9 18 160 M M 2 24 170
8 106 78 92 10 0 27 0.00 0.0 0 7.2 21 140 M M 1 26 150
9 102 76 89 7 0 24 0.01 0.0 0 7.0 21 160 M M 2 3 28 180
10 102 74 88 6 0 23 0.00 0.0 0 7.3 23 130 M M 1 1 31 120
11 100 70 85 4 0 20 0.00 0.0 0 6.2 20 150 M M 1 1 24 140
12 100 74 87 6 0 22 0.00 0.0 0 6.9 18 160 M M 1 22 160
13 101 74 88 7 0 23 T 0.0 0 5.4 23 150 M M 3 3 27 150
14 99 74 87 6 0 22 2.02 0.0 0 8.2 30 350 M M 4 13 40 350
15 95 73 84 4 0 19 0.00 0.0 0 5.8 18 90 M M 4 13 26 80
16 93 74 84 4 0 19 0.27 0.0 0 5.4 23 180 M M 5 13 33 170
17 95 72 84 4 0 19 0.00 0.0 0 5.9 14 10 M M 2 1 19 50
18 97 71 84 4 0 19 0.00 0.0 0 5.8 18 140 M M 1 1 21 140
19 96 72 84 4 0 19 0.00 0.0 0 6.9 18 130 M M 1 26 110
20 96 73 85 5 0 20 0.00 0.0 0 7.9 18 130 M M 2 1 28 110
21 98 74 86 7 0 21 0.00 0.0 0 8.0 18 130 M M 2 24 150
22 98 74 86 7 0 21 0.04 0.0 0 7.6 18 160 M M 2 22 160
23 98 77 88 9 0 23 0.00 0.0 0 8.9 17 160 M M 1 18 27 140
24 101 78 90 11 0 25 0.00 0.0 0 9.8 24 160 M M 2 1 29 140
25 98 70 84 6 0 19 0.74 0.0 0 7.6 33 40 M M 3 138 48 40
26 94 71 83 5 0 18 0.00 0.0 0 4.1 12 160 M M 1 1 16 170
27 96 72 84 6 0 19 0.01 0.0 0 5.0 28 60 M M 1 138 37 60
28 94 71 83 5 0 18 0.00 0.0 0 6.3 17 140 M M 2 1 21 120
29 95 71 83 5 0 18 0.00 0.0 0 8.0 22 110 M M 1 1 30 100
30 93 75 84 7 0 19 2.25 0.0 0 7.8 26 40 M M 3 138 37 50
================================================================================
SM 2959 2216 0 644 5.34 0.0 219.0 M 57
================================================================================
AV 98.6 73.9 7.3 FASTST M M 2 MAX(MPH)
MISC ----> 33 40 48 40
================================================================================
NOTES:
# LAST OF SEVERAL OCCURRENCES
COLUMN 17 PEAK WIND IN M.P.H.
PRELIMINARY LOCAL CLIMATOLOGICAL DATA (WS FORM: F-6) , PAGE 2
STATION: VICTORIA
MONTH: SEPTEMBER
YEAR: 2023
LATITUDE: 28 51 N
LONGITUDE: 96 55 W
[TEMPERATURE DATA] [PRECIPITATION DATA] SYMBOLS USED IN COLUMN 16
AVERAGE MONTHLY: 86.3 TOTAL FOR MONTH: 5.34 1 = FOG OR MIST
DPTR FM NORMAL: 5.8 DPTR FM NORMAL: 0.81 2 = FOG REDUCING VISIBILITY
HIGHEST: 106 ON 8 GRTST 24HR 2.25 ON 30-30 TO 1/4 MILE OR LESS
LOWEST: 68 ON 1 3 = THUNDER
SNOW, ICE PELLETS, HAIL 4 = ICE PELLETS
TOTAL MONTH: 0.0 INCH 5 = HAIL
GRTST 24HR 0.0 6 = FREEZING RAIN OR DRIZZLE
GRTST DEPTH: 0 7 = DUSTSTORM OR SANDSTORM:
VSBY 1/2 MILE OR LESS
8 = SMOKE OR HAZE
[NO. OF DAYS WITH] [WEATHER - DAYS WITH] 9 = BLOWING SNOW
X = TORNADO
MAX 32 OR BELOW: 0 0.01 INCH OR MORE: 7
MAX 90 OR ABOVE: 30 0.10 INCH OR MORE: 4
MIN 32 OR BELOW: 0 0.50 INCH OR MORE: 3
MIN 0 OR BELOW: 0 1.00 INCH OR MORE: 2
[HDD (BASE 65) ]
TOTAL THIS MO. 0 CLEAR (SCALE 0-3) 25
DPTR FM NORMAL 0 PTCLDY (SCALE 4-7) 5
TOTAL FM JUL 1 0 CLOUDY (SCALE 8-10) 0
DPTR FM NORMAL 0
[CDD (BASE 65) ]
TOTAL THIS MO. 644
DPTR FM NORMAL 183 [PRESSURE DATA]
TOTAL FM JAN 1 3679 HIGHEST SLP 30.05 ON 26
DPTR FM NORMAL 756 LOWEST SLP 29.77 ON 4
[REMARKS]
#FINAL-09-23#