000
CXUS55 KGJT 011630
CF6VEL
PRELIMINARY LOCAL CLIMATOLOGICAL DATA (WS FORM: F-6)
STATION: VERNAL UT
MONTH: DECEMBER
YEAR: 2023
LATITUDE: 40 27 N
LONGITUDE: 109 31 W
TEMPERATURE IN F: :PCPN: SNOW: WIND :SUNSHINE: SKY :PK WND
================================================================================
1 2 3 4 5 6A 6B 7 8 9 10 11 12 13 14 15 16 17 18
12Z AVG MX 2MIN
DY MAX MIN AVG DEP HDD CDD WTR SNW DPTH SPD SPD DIR MIN PSBL S-S WX SPD DR
================================================================================
1 26 20 23 -4 42 0 T M M 2.6 6 220 M M 10 18 8 140
2 33 24 29 2 36 0 0.00 M M 2.8 8 340 M M 7 18 10 90
3 46 25 36 10 29 0 0.00 M M 3.3 9 290 M M 5 11 100
4 48 26 37 11 28 0 0.00 M M 3.7 12 290 M M 0 12 290
5 49 22 36 10 29 0 0.00 M M 2.2 9 290 M M 0 9 290
6 46 20 33 8 32 0 0.00 M M 3.2 9 290 M M 0 10 290
7 50 21 36 11 29 0 0.00 M M 6.3 29 240 M M 2 41 260
8 41 21 31 7 34 0 T M M 3.9 15 60 M M 7 20 50
9 36 13 25 1 40 0 0.00 M M 3.8 9 230 M M 1 14 200
10 40 13 27 3 38 0 0.00 M M 2.2 8 280 M M 4 11 20
11 43 18 31 8 34 0 0.00 M M 2.6 8 270 M M 4 9 300
12 41 19 30 7 35 0 0.00 M M 2.0 7 300 M M 2 8 9 150
13 40 18 29 7 36 0 0.00 M M 2.0 8 150 M M 3 10 140
14 42 15 29 7 36 0 0.00 M M 2.4 8 280 M M 0 10 170
15 43 15 29 7 36 0 0.00 M M 3.1 8 290 M M 0 9 280
16 41 14 28 6 37 0 0.00 M M 2.7 7 140 M M 0 11 150
17 41 12 27 6 38 0 0.00 M M 3.8 8 270 M M 0 12 140
18 38 16 27 6 38 0 0.00 M M 2.6 7 270 M M 0 8 8 10
19 39 15 27 6 38 0 0.00 M M 1.9 8 290 M M 5 8 10 100
20 41 20 31 10 34 0 0.00 M M 2.6 8 190 M M 4 11 190
21 47 18 33 13 32 0 0.00 M M 2.2 7 90 M M 0 8 90
22 43 21 32 12 33 0 0.00 M M 2.8 9 290 M M 5 10 290
23 38 28 33 13 32 0 0.02 M M 2.5 13 50 M M 9 18 17 80
24 33 12 23 3 42 0 T M M 4.2 9 210 M M 6 15 180
25 29 3 16 -4 49 0 0.00 M M 2.6 8 270 M M 0 10 160
26 29 3 16 -4 49 0 0.00 M M 2.4 7 280 M M 0 9 80
27 30 4 17 -2 48 0 0.00 M M 3.2 8 100 M M 0 12 120
28 29 5 17 -2 48 0 0.00 M M 2.9 7 110 M M 1 10 130
29 34 8 21 2 44 0 0.00 M M 2.1 6 270 M M 0 8 140
30 32 9 21 2 44 0 0.00 M M 1.8 6 110 M M 2 8 120
31 38 15 27 8 38 0 0.00 M M 2.3 8 280 M M 1 9 280
================================================================================
SM 1206 493 1158 0 0.02 M 88.7 M 78
================================================================================
AV 38.9 15.9 2.9 FASTST M M 3 MAX(MPH)
MISC ----> 29 240 41 260
================================================================================
NOTES:
# LAST OF SEVERAL OCCURRENCES
COLUMN 17 PEAK WIND IN M.P.H.
PRELIMINARY LOCAL CLIMATOLOGICAL DATA (WS FORM: F-6) , PAGE 2
STATION: VERNAL UT
MONTH: DECEMBER
YEAR: 2023
LATITUDE: 40 27 N
LONGITUDE: 109 31 W
[TEMPERATURE DATA] [PRECIPITATION DATA] SYMBOLS USED IN COLUMN 16
AVERAGE MONTHLY: 27.4 TOTAL FOR MONTH: 0.02 1 = FOG OR MIST
DPTR FM NORMAL: 5.2 DPTR FM NORMAL: -0.53 2 = FOG REDUCING VISIBILITY
HIGHEST: 50 ON 7 GRTST 24HR 0.02 ON 23-23 TO 1/4 MILE OR LESS
LOWEST: 3 ON 26,25 3 = THUNDER
SNOW, ICE PELLETS, HAIL 4 = ICE PELLETS
TOTAL MONTH: M 5 = HAIL
GRTST 24HR M ON M 6 = FREEZING RAIN OR DRIZZLE
GRTST DEPTH: M ON M 7 = DUSTSTORM OR SANDSTORM:
VSBY 1/2 MILE OR LESS
8 = SMOKE OR HAZE
[NO. OF DAYS WITH] [WEATHER - DAYS WITH] 9 = BLOWING SNOW
X = TORNADO
MAX 32 OR BELOW: 6 0.01 INCH OR MORE: 1
MAX 90 OR ABOVE: 0 0.10 INCH OR MORE: 0
MIN 32 OR BELOW: 31 0.50 INCH OR MORE: 0
MIN 0 OR BELOW: 0 1.00 INCH OR MORE: 0
[HDD (BASE 65) ]
TOTAL THIS MO. 1158 CLEAR (SCALE 0-3) 20
DPTR FM NORMAL -168 PTCLDY (SCALE 4-7) 9
TOTAL FM JUL 1 2566 CLOUDY (SCALE 8-10) 2
DPTR FM NORMAL -298
[CDD (BASE 65) ]
TOTAL THIS MO. 0
DPTR FM NORMAL 0 [PRESSURE DATA]
TOTAL FM JAN 1 694 HIGHEST SLP 30.66 ON 29
DPTR FM NORMAL 24 LOWEST SLP 29.83 ON 23
[REMARKS]
#FINAL-12-23#