000
CXUS55 KGJT 012029 CCA
CLMVEL
CLIMATE REPORT...CORR TO ADD LAST YEAR`S HDD AND CDD DATA
NATIONAL WEATHER SERVICE GRAND JUNCTION CO
551 AM MDT SAT APR 01 2023
...................................
...THE VERNAL UT CLIMATE SUMMARY FOR THE MONTH OF MARCH 2023...
CLIMATE NORMAL PERIOD 1991 TO 2020
CLIMATE RECORD PERIOD 9999 TO 9999
WEATHER OBSERVED NORMAL DEPART LAST YEAR`S
VALUE DATE(S) VALUE FROM VALUE DATE(S)
NORMAL
................................................................
TEMPERATURE (F)
HIGHEST 46 03/29 MM MM 77 03/27
LOWEST 3 03/03 MM MM 12 03/11
03/04
03/18
AVG. MAXIMUM 32.9 53.1 -20.2 52.4
AVG. MINIMUM 14.5 27.3 -12.8 26.5
MEAN 23.7 40.2 -16.5 39.4
DAYS MAX >= 90 0 0.0 0.0 0
DAYS MAX <= 32 18 0.3 17.7 0
DAYS MIN <= 32 31 26.0 5.0 24
DAYS MIN <= 0 0 0.0 0.0 0
PRECIPITATION (INCHES)
TOTALS 0.47 0.72 -0.25 0.69
DAILY AVG. 0.02 0.02 -0.00 0.02
DAYS >= .01 9 6.0 3.0 4
DAYS >= .10 2 2.2 -0.2 3
DAYS >= .50 0 0.2 -0.2 0
DAYS >= 1.00 0 0.0 0.0 0
GREATEST
24 HR. TOTAL 0.17 03/23 TO 03/24 0.43
SNOWFALL (INCHES)
TOTALS MM MM MM MM
SINCE 7/1 MM MM MM MM
SNOWDEPTH AVG. MM MM
DAYS >= 1.0 MM MM MM MM
GREATEST
SNOW DEPTH MM MM MM
24 HR TOTAL MM MM
DEGREE DAYS
HEATING TOTAL 1271 769 502 784
SINCE 7/1 7616 6093 1523 5696
COOLING TOTAL 0 0 0 0
SINCE 1/1 0 0 0 0
................................................................
WIND (MPH)
AVERAGE WIND SPEED 3.5
HIGHEST WIND SPEED/DIRECTION 28/230 DATE 03/24
28/290 03/30
HIGHEST GUST SPEED/DIRECTION 37/240 DATE 03/24
SKY COVER
POSSIBLE SUNSHINE (PERCENT) MM
AVERAGE SKY COVER 0.54
NUMBER OF DAYS FAIR 11
NUMBER OF DAYS PC 10
NUMBER OF DAYS CLOUDY 10
AVERAGE RH (PERCENT) 79
WEATHER CONDITIONS. NUMBER OF DAYS WITH
THUNDERSTORM 0 MIXED PRECIP 0
HEAVY RAIN 0 RAIN 0
LIGHT RAIN 3 FREEZING RAIN 0
LT FREEZING RAIN 1 HAIL 0
HEAVY SNOW 3 SNOW 6
LIGHT SNOW 18 SLEET 0
FOG 21 FOG W/VIS <= 1/4 MILE 11
HAZE 0
- INDICATES NEGATIVE NUMBERS.
R INDICATES RECORD WAS SET OR TIED.
MM INDICATES DATA IS MISSING.
T INDICATES TRACE AMOUNT.
$$