000
CXUS53 KSGF 010710
CF6VIH
PRELIMINARY LOCAL CLIMATOLOGICAL DATA (WS FORM: F-6)
STATION: VICHY-ROLLA MO
MONTH: MARCH
YEAR: 2024
LATITUDE: 38 7 N
LONGITUDE: 91 46 W
TEMPERATURE IN F: :PCPN: SNOW: WIND :SUNSHINE: SKY :PK WND
================================================================================
1 2 3 4 5 6A 6B 7 8 9 10 11 12 13 14 15 16 17 18
12Z AVG MX 2MIN
DY MAX MIN AVG DEP HDD CDD WTR SNW DPTH SPD SPD DIR MIN PSBL S-S WX SPD DR
================================================================================
1 50 33 42 2 23 0 0.05 M M 7.9 20 170 M M 6 1 27 160
2 68 35 52 11 13 0 0.00 M M 13.0 22 150 M M 0 1 31 170
3 79 53 66 25 0 1 0.00 M M 17.1 28 170 M M 0 38 190
4 78 58 68 26 0 3 T M M 14.7 28 190 M M 3 3 38 180
5 66 46 56 14 9 0 T M M 10.3 18 200 M M 8 12 27 210
6 64 45 55 13 10 0 0.00 M M 8.9 16 60 M M 4 1 22 60
7 56 42 49 7 16 0 1.27 M M 11.4 20 130 M M 8 13 27 170
8 55 40 48 5 17 0 0.29 M M 10.2 18 330 M M 10 1 27 320
9 49 34 42 -1 23 0 0.00 M M 11.1 20 300 M M 4 1 27 300
10 56 27 42 -2 23 0 0.00 M M 5.3 12 320 M M 0 17 290
11 68 34 51 7 14 0 0.00 M M 11.2 21 210 M M 0 27 190
12 73 47 60 16 5 0 0.00 M M 12.6 18 200 M M 0 28 220
13 79 52 66 21 0 1 0.02 M M 11.4 22 180 M M 4 30 180
14 79 53 66 21 0 1 0.26 M M 12.7 30 300 M M 4 13 46 310
15 61 38 50 5 15 0 0.01 M M 9.2 20 10 M M 4 1 28 20
16 66 34 50 4 15 0 0.00 M M 10.7 25 270 M M 1 37 260
17 53 29 41 -5 24 0 0.00 M M 11.3 26 330 M M 0 37 290
18 39 20 30 -16 35 0 0.00 M M 9.6 20 280 M M 0 27 310
19 69 21 45 -2 20 0 0.00 M M 13.1 26 250 M M 0 36 230
20 61 34 48 1 17 0 0.00 M M 9.0 17 30 M M 0 22 30
21 63 34 49 2 16 0 0.00 M M 10.4 17 100 M M 1 22 110
22 68 36 52 4 13 0 T M M 11.3 24 360 M M 6 1 35 360
23 51 34 43 -5 22 0 0.00 M M 11.4 23 20 M M 6 34 360
24 67 39 53 5 12 0 T M M 15.7 26 150 M M 2 8 39 170
25 58 48 53 4 12 0 2.29 M M 10.7 26 160 M M 9 1 41 160
26 50 35 43 -6 22 0 0.01 M M 15.3 25 220 M M 10 1 36 260
27 53 29 41 -8 24 0 0.00 M M 4.6 14 330 M M 2 18 350
28 64 27 46 -4 19 0 0.00 M M 8.3 17 220 M M 0 23 240
29 74 42 58 8 7 0 0.00 M M 15.1 25 180 M M 0 38 180
30 72 57 65 15 0 0 0.00 M M 9.1 18 250 M M 7 26 190
31 78 57 68 17 0 3 0.00 M M 11.3 24 190 M M 5 33 210
================================================================================
SM 1967 1213 426 9 4.20 M 343.9 M 104
================================================================================
AV 63.5 39.1 11.1 FASTST M M 3 MAX(MPH)
MISC ----> 30 300 46 310
================================================================================
NOTES:
# LAST OF SEVERAL OCCURRENCES
COLUMN 17 PEAK WIND IN M.P.H.
PRELIMINARY LOCAL CLIMATOLOGICAL DATA (WS FORM: F-6) , PAGE 2
STATION: VICHY-ROLLA MO
MONTH: MARCH
YEAR: 2024
LATITUDE: 38 7 N
LONGITUDE: 91 46 W
[TEMPERATURE DATA] [PRECIPITATION DATA] SYMBOLS USED IN COLUMN 16
AVERAGE MONTHLY: 51.3 TOTAL FOR MONTH: 4.20 1 = FOG OR MIST
DPTR FM NORMAL: 5.7 DPTR FM NORMAL: 0.80 2 = FOG REDUCING VISIBILITY
HIGHEST: 79 ON 14,13 GRTST 24HR 2.30 ON 25-26 TO 1/4 MILE OR LESS
LOWEST: 20 ON 18 3 = THUNDER
SNOW, ICE PELLETS, HAIL 4 = ICE PELLETS
TOTAL MONTH: M 5 = HAIL
GRTST 24HR M ON M 6 = FREEZING RAIN OR DRIZZLE
GRTST DEPTH: M ON M 7 = DUSTSTORM OR SANDSTORM:
VSBY 1/2 MILE OR LESS
8 = SMOKE OR HAZE
[NO. OF DAYS WITH] [WEATHER - DAYS WITH] 9 = BLOWING SNOW
X = TORNADO
MAX 32 OR BELOW: 0 0.01 INCH OR MORE: 8
MAX 90 OR ABOVE: 0 0.10 INCH OR MORE: 4
MIN 32 OR BELOW: 6 0.50 INCH OR MORE: 2
MIN 0 OR BELOW: 0 1.00 INCH OR MORE: 2
[HDD (BASE 65) ]
TOTAL THIS MO. 426 CLEAR (SCALE 0-3) 15
DPTR FM NORMAL -180 PTCLDY (SCALE 4-7) 12
TOTAL FM JUL 1 3483 CLOUDY (SCALE 8-10) 4
DPTR FM NORMAL -821
[CDD (BASE 65) ]
TOTAL THIS MO. 9
DPTR FM NORMAL 4 [PRESSURE DATA]
TOTAL FM JAN 1 9 HIGHEST SLP M ON M
DPTR FM NORMAL 4 LOWEST SLP 29.43 ON 25
[REMARKS]
#FINAL-03-24#