000
CXUS56 KLOX 011155
CF6VNY
PRELIMINARY LOCAL CLIMATOLOGICAL DATA (WS FORM: F-6)
STATION: VAN NUYS AIRPORT CA
MONTH: MARCH
YEAR: 2023
LATITUDE: 34 13 N
LONGITUDE: 118 29 W
TEMPERATURE IN F: :PCPN: SNOW: WIND :SUNSHINE: SKY :PK WND
================================================================================
1 2 3 4 5 6A 6B 7 8 9 10 11 12 13 14 15 16 17 18
12Z AVG MX 2MIN
DY MAX MIN AVG DEP HDD CDD WTR SNW DPTH SPD SPD DIR MIN PSBL S-S WX SPD DR
================================================================================
1 56 45 51 -8 14 0 0.44 M M 8.4 33 350 M M 5 1 44 360
2 65 44 55 -4 10 0 0.00 M M 6.7 29 340 M M 0 37 340
3 66 39 53 -6 12 0 0.00 M M 2.6 14 150 M M 0 21 160
4 61 42 52 -7 13 0 0.00 M M 4.8 17 160 M M 6 22 170
5 58 46 52 -8 13 0 0.04 M M 4.6 15 170 M M 9 8 17 160
6 61 46 54 -6 11 0 T M M 2.8 12 210 M M 6 18 200
7 64 42 53 -7 12 0 0.00 M M 3.0 15 170 M M 1 19 170
8 63 43 53 -7 12 0 0.00 M M 2.5 12 140 M M 3 15 130
9 70 45 58 -2 7 0 0.00 M M 3.1 13 150 M M 3 17 150
10 57 50 54 -6 11 0 1.24 M M 6.6 14 140 M M 10 18 19 140
11 66 57 62 2 3 0 0.12 M M 5.5 14 160 M M 10 18 16 170
12 69 53 61 1 4 0 T M M 3.4 14 160 M M 4 17 130
13 70 53 62 2 3 0 0.00 M M 2.9 10 210 M M 5 1 14 240
14 60 56 58 -3 7 0 1.42 M M 7.4 17 140 M M 10 18 22 140
15 67 54 61 0 4 0 0.55 M M 8.0 16 110 M M 9 18 19 130
16 64 51 58 -3 7 0 0.00 M M 3.4 13 160 M M 7 18 16 150
17 73 44 59 -2 6 0 0.00 M M 3.0 10 150 M M 2 128 14 180
18 76 48 62 1 3 0 0.00 M M 2.6 14 170 M M 0 17 170
19 63 53 58 -3 7 0 0.09 M M 5.1 18 150 M M 9 18 24 150
20 63 52 58 -3 7 0 0.13 M M 5.7 16 160 M M 8 1 19 160
21 61 48 55 -6 10 0 1.47 M M 10.7 23 170 M M 10 13 29 120
22 57 47 52 -9 13 0 0.27 M M 5.7 17 150 M M 9 8 23 170
23 63 48 56 -5 9 0 T M M 4.0 20 350 M M 8 24 350
24 65 51 58 -3 7 0 0.00 M M 17.4 28 360 M M 0 38 350
25 68 47 58 -3 7 0 0.00 M M 14.7 25 340 M M 0 36 330
26 64 49 57 -5 8 0 0.00 M M 15.2 30 350 M M 0 38 350
27 73 50 62 0 3 0 0.00 M M 8.0 18 340 M M 0 26 340
28 72 46 59 -3 6 0 T M M 5.5 17 170 M M 2 22 150
29 61 47 54 -8 11 0 0.86 M M 7.5 16 130 M M 7 18 22 200
30 59 45 52 -10 13 0 0.26 M M 4.0 16 340 M M 6 3 23 340
31 68 41 55 -7 10 0 0.00 M M 3.0 10 260 M M 0 15 260
================================================================================
SM 2003 1482 263 0 6.89 M 187.8 M 149
================================================================================
AV 64.6 47.8 6.1 FASTST M M 5 MAX(MPH)
MISC ----> 33 350 44 360
================================================================================
NOTES:
# LAST OF SEVERAL OCCURRENCES
COLUMN 17 PEAK WIND IN M.P.H.
PRELIMINARY LOCAL CLIMATOLOGICAL DATA (WS FORM: F-6) , PAGE 2
STATION: VAN NUYS AIRPORT CA
MONTH: MARCH
YEAR: 2023
LATITUDE: 34 13 N
LONGITUDE: 118 29 W
[TEMPERATURE DATA] [PRECIPITATION DATA] SYMBOLS USED IN COLUMN 16
AVERAGE MONTHLY: 56.2 TOTAL FOR MONTH: 6.89 1 = FOG OR MIST
DPTR FM NORMAL: -4.4 DPTR FM NORMAL: 4.39 2 = FOG REDUCING VISIBILITY
HIGHEST: 76 ON 18 GRTST 24HR 1.97 ON 14-15 TO 1/4 MILE OR LESS
LOWEST: 39 ON 3 3 = THUNDER
SNOW, ICE PELLETS, HAIL 4 = ICE PELLETS
TOTAL MONTH: M 5 = HAIL
GRTST 24HR M ON M 6 = FREEZING RAIN OR DRIZZLE
GRTST DEPTH: M ON M 7 = DUSTSTORM OR SANDSTORM:
VSBY 1/2 MILE OR LESS
8 = SMOKE OR HAZE
[NO. OF DAYS WITH] [WEATHER - DAYS WITH] 9 = BLOWING SNOW
X = TORNADO
MAX 32 OR BELOW: 0 0.01 INCH OR MORE: 12
MAX 90 OR ABOVE: 0 0.10 INCH OR MORE: 10
MIN 32 OR BELOW: 0 0.50 INCH OR MORE: 5
MIN 0 OR BELOW: 0 1.00 INCH OR MORE: 3
[HDD (BASE 65) ]
TOTAL THIS MO. 263 CLEAR (SCALE 0-3) 12
DPTR FM NORMAL 99 PTCLDY (SCALE 4-7) 11
TOTAL FM JUL 1 1269 CLOUDY (SCALE 8-10) 8
DPTR FM NORMAL 193
[CDD (BASE 65) ]
TOTAL THIS MO. 0
DPTR FM NORMAL -29 [PRESSURE DATA]
TOTAL FM JAN 1 1 HIGHEST SLP M ON M
DPTR FM NORMAL -49 LOWEST SLP 29.60 ON 21
[REMARKS]
#FINAL-03-23#