000
CXUS56 KPQR 120242
CF6VUO
PRELIMINARY LOCAL CLIMATOLOGICAL DATA (WS FORM: F-6)
STATION: VANCOUVER WA
MONTH: DECEMBER
YEAR: 2021
LATITUDE: 45 37 N
LONGITUDE: 122 39 W
TEMPERATURE IN F: :PCPN: SNOW: WIND :SUNSHINE: SKY :PK WND
================================================================================
1 2 3 4 5 6A 6B 7 8 9 10 11 12 13 14 15 16 17 18
12Z AVG MX 2MIN
DY MAX MIN AVG DEP HDD CDD WTR SNW DPTH SPD SPD DIR MIN PSBL S-S WX SPD DR
================================================================================
1 62 45 54 11 11 0 0.00 M M 1.7 5 310 M M 6 18 M M
2 53 43 48 6 17 0 0.00 M M 4.4 12 310 M M 6 18 290
3 47 29 38 -4 27 0 0.00 M M 0.9 8 260 M M 1 10 300
4 50 30 40 -2 25 0 0.16 M M 6.0 13 200 M M 9 1 19 210
5 46 28 37 -5 28 0 T M M 2.3 8 270 M M 2 1 10 280
6 46 39 43 1 22 0 0.60 M M 5.8 12 110 M M 10 1 17 110
7 45 42 44 2 21 0 0.06 M M 4.5 10 110 M M 10 1 13 130
8 49 32 41 0 24 0 0.03 M M 3.7 17 270 M M 7 1 22 280
9 43 36 40 -1 25 0 0.11 M M 2.9 12 260 M M 10 1 14 270
10 48 39 44 3 21 0 0.01 M M 5.9 16 170 M M 10 26 150
11 48 42 45 4 20 0 1.09 M M 10.2 24 190 M M 9 1 38 200
12 45 39 42 1 23 0 0.32 M M 5.3 15 160 M M 9 1 23 170
13 42 32 37 -4 28 0 0.39 M M 5.9 14 200 M M 10 1 20 220
14 43 32 38 -3 27 0 0.01 M M 4.4 9 110 M M 7 14 180
15 40 36 38 -2 27 0 0.35 M M 10.1 20 100 M M 10 1 26 110
16 45 30 38 -2 27 0 T M M 0.8 9 120 M M 9 1 13 110
17 43 30 37 -3 28 0 0.14 M M 4.0 14 110 M M 9 128 19 110
18 51 32 42 2 23 0 1.33 M M 8.1 16 200 M M 10 1 28 170
19 39 32 36 -4 29 0 0.73 M M 0.3 5 290 M M 10 1 10 330
20 40 34 37 -3 28 0 0.45 M M 3.4 10 100 M M 10 1 14 110
21 42 31 37 -3 28 0 0.12 M M 4.0 13 110 M M 8 1 17 110
22 48 38 43 3 22 0 0.16 M M 7.7 15 190 M M 8 1 27 210
23 48 40 44 4 21 0 0.06 M M 6.5 16 190 M M 7 1 27 190
24 41 36 39 -1 26 0 0.26 M M 8.3 17 190 M M 10 1 27 190
25 39 32 36 -4 29 0 0.03 M M 8.1 14 190 M M 8 21 210
26 35 29 32 -8 33 0 0.02 M M 7.1 14 210 M M 9 1 21 190
27 31 23 27 -13 38 0 0.05 M M 5.0 13 310 M M 9 1 17 320
28 35 24 30 -10 35 0 0.07 M M 5.2 8 110 M M 10 18 10 130
29 36 28 32 -8 33 0 0.02 M M 4.6 13 100 M M 8 18 16 110
30 43 29 36 -4 29 0 0.18 M M 4.1 13 160 M M 10 1 21 150
31 38 26 32 -8 33 0 T M M 5.3 13 110 M M 9 16 120
================================================================================
SM 1361 1038 808 0 6.75 M 156.5 M 260
================================================================================
AV 43.9 33.5 5.0 FASTST M M 8 MAX(MPH)
MISC ----> 24 190 38 200
================================================================================
NOTES:
# LAST OF SEVERAL OCCURRENCES
COLUMN 17 PEAK WIND IN M.P.H.
PRELIMINARY LOCAL CLIMATOLOGICAL DATA (WS FORM: F-6) , PAGE 2
STATION: VANCOUVER WA
MONTH: DECEMBER
YEAR: 2021
LATITUDE: 45 37 N
LONGITUDE: 122 39 W
[TEMPERATURE DATA] [PRECIPITATION DATA] SYMBOLS USED IN COLUMN 16
AVERAGE MONTHLY: 38.7 TOTAL FOR MONTH: 6.75 1 = FOG OR MIST
DPTR FM NORMAL: -2.1 DPTR FM NORMAL: 0.68 2 = FOG REDUCING VISIBILITY
HIGHEST: 62 ON 1 GRTST 24HR 1.69 ON 18-19 TO 1/4 MILE OR LESS
LOWEST: 23 ON 27 3 = THUNDER
SNOW, ICE PELLETS, HAIL 4 = ICE PELLETS
TOTAL MONTH: M 5 = HAIL
GRTST 24HR M ON M 6 = FREEZING RAIN OR DRIZZLE
GRTST DEPTH: M ON M 7 = DUSTSTORM OR SANDSTORM:
VSBY 1/2 MILE OR LESS
8 = SMOKE OR HAZE
[NO. OF DAYS WITH] [WEATHER - DAYS WITH] 9 = BLOWING SNOW
X = TORNADO
MAX 32 OR BELOW: 1 0.01 INCH OR MORE: 25
MAX 90 OR ABOVE: 0 0.10 INCH OR MORE: 15
MIN 32 OR BELOW: 18 0.50 INCH OR MORE: 4
MIN 0 OR BELOW: 0 1.00 INCH OR MORE: 2
[HDD (BASE 65) ]
TOTAL THIS MO. 808 CLEAR (SCALE 0-3) 2
DPTR FM NORMAL 56 PTCLDY (SCALE 4-7) 6
TOTAL FM JUL 1 1707 CLOUDY (SCALE 8-10) 23
DPTR FM NORMAL -56
[CDD (BASE 65) ]
TOTAL THIS MO. 0
DPTR FM NORMAL 0 [PRESSURE DATA]
TOTAL FM JAN 1 698 HIGHEST SLP 30.58 ON 5
DPTR FM NORMAL 299 LOWEST SLP 29.32 ON 24
[REMARKS]
#FINAL-12-21#