000
CXAK56 PAJK 011310
CF6YAK
PRELIMINARY LOCAL CLIMATOLOGICAL DATA (WS FORM: F-6)
STATION: YAKUTAT
MONTH: JULY
YEAR: 2023
LATITUDE: 59 31 N
LONGITUDE: 139 40 W
TEMPERATURE IN F: :PCPN: SNOW: WIND :SUNSHINE: SKY :PK WND
================================================================================
1 2 3 4 5 6A 6B 7 8 9 10 11 12 13 14 15 16 17 18
12Z AVG MX 2MIN
DY MAX MIN AVG DEP HDD CDD WTR SNW DPTH SPD SPD DIR MIN PSBL S-S WX SPD DR
================================================================================
1 57 45 51 -3 14 0 0.00 M M 2.4 8 260 M M 8 1 11 270
2 60 42 51 -3 14 0 0.00 M M 3.1 12 180 M M 8 12 14 180
3 58 46 52 -2 13 0 0.27 M M 5.5 12 120 M M 9 1 17 130
4 56 51 54 0 11 0 0.25 M M 5.4 10 260 M M 10 1 15 250
5 57 49 53 -2 12 0 0.00 M M 7.4 15 270 M M 9 17 270
6 61 52 57 2 8 0 0.00 M M 5.0 13 250 M M 6 18 240
7 63 52 58 3 7 0 0.00 M M 6.1 14 280 M M 6 1 18 230
8 57 51 54 -1 11 0 0.00 M M 9.2 17 270 M M 10 22 280
9 56 51 54 -1 11 0 0.00 M M 7.0 14 240 M M 10 17 240
10 55 51 53 -2 12 0 0.00 M M 5.6 12 230 M M 10 16 220
11 57 50 54 -1 11 0 0.00 M M 3.8 9 180 M M 10 1 12 180
12 62 51 57 2 8 0 0.06 M M 3.4 10 300 M M 9 13 290
13 57 49 53 -2 12 0 0.39 M M 2.2 9 330 M M 8 1 11 310
14 61 48 55 0 10 0 0.00 M M 2.3 9 230 M M 6 1 10 230
15 61 46 54 -2 11 0 0.00 M M 4.7 12 230 M M 4 1 14 230
16 60 49 55 -1 10 0 0.00 M M 4.2 10 220 M M 7 1 13 230
17 60 55 58 2 7 0 0.01 M M 4.4 10 130 M M 10 1 14 130
18 M M M M M M M M M M M M M M M M M
19 62 47 55 -1 10 0 0.16 M M 4.7 13 160 M M 10 18 80
20 64 45 55 -1 10 0 0.00 M M 5.3 18 290 M M 1 2 M M
21 70 54 62 6 3 0 0.00 M M 2.1 7 140 M M 8 M M
22 64 55 60 4 5 0 0.00 M M 6.1 9 230 M M 8 1 M M
23 61 55 58 2 7 0 0.00 M M 5.2 16 300 M M 9 1 M M
24 61 55 58 2 7 0 0.00 M M 4.5 8 60 M M 10 M M
25 61 55 58 2 7 0 0.00 M M 2.1 7 210 M M 10 1 M M
26 64 55 60 4 5 0 0.00 M M 2.4 7 190 M M 9 M M
27 64 52 58 2 7 0 0.00 M M 2.8 8 290 M M 9 M M
28 64 46 55 -1 10 0 0.00 M M 4.6 9 240 M M 1 1 M M
29 64 54 59 3 6 0 0.00 M M 6.0 10 220 M M 5 M M
30 64 45 55 -1 10 0 0.00 M M 4.5 12 210 M M 5 1 9 210
31 63 57 60 4 5 0 0.00 M M 4.3 9 220 M M 10 M M
================================================================================
SM 1824 1513 274 0 1.14 M 136.3 M 235
================================================================================
AV 60.8 50.4 4.5 FASTST M M 8 MAX(MPH)
MISC ----> 18 290 22 280
================================================================================
NOTES:
# LAST OF SEVERAL OCCURRENCES
COLUMN 17 PEAK WIND IN M.P.H.
PRELIMINARY LOCAL CLIMATOLOGICAL DATA (WS FORM: F-6) , PAGE 2
STATION: YAKUTAT
MONTH: JULY
YEAR: 2023
LATITUDE: 59 31 N
LONGITUDE: 139 40 W
[TEMPERATURE DATA] [PRECIPITATION DATA] SYMBOLS USED IN COLUMN 16
AVERAGE MONTHLY: 55.6 TOTAL FOR MONTH: 1.14 1 = FOG OR MIST
DPTR FM NORMAL: 0.2 DPTR FM NORMAL: -6.49 2 = FOG REDUCING VISIBILITY
HIGHEST: 70 ON 21 GRTST 24HR 0.52 ON 3- 4 TO 1/4 MILE OR LESS
LOWEST: 42 ON 2 3 = THUNDER
SNOW, ICE PELLETS, HAIL 4 = ICE PELLETS
TOTAL MONTH: M 5 = HAIL
GRTST 24HR M ON M 6 = FREEZING RAIN OR DRIZZLE
GRTST DEPTH: M ON M 7 = DUSTSTORM OR SANDSTORM:
VSBY 1/2 MILE OR LESS
8 = SMOKE OR HAZE
[NO. OF DAYS WITH] [WEATHER - DAYS WITH] 9 = BLOWING SNOW
X = TORNADO
MAX 32 OR BELOW: 0 0.01 INCH OR MORE: 6
MAX 90 OR ABOVE: 0 0.10 INCH OR MORE: 4
MIN 32 OR BELOW: 0 0.50 INCH OR MORE: 0
MIN 0 OR BELOW: 0 1.00 INCH OR MORE: 0
[HDD (BASE 65) ]
TOTAL THIS MO. 274 CLEAR (SCALE 0-3) 2
DPTR FM NORMAL -24 PTCLDY (SCALE 4-7) 12
TOTAL FM JUL 1 274 CLOUDY (SCALE 8-10) 17
DPTR FM NORMAL -24
[CDD (BASE 65) ]
TOTAL THIS MO. 0
DPTR FM NORMAL 0 [PRESSURE DATA]
TOTAL FM JAN 1 0 HIGHEST SLP M ON M
DPTR FM NORMAL 0 LOWEST SLP 29.92 ON 17
[REMARKS]
#FINAL-07-23#