000
CXUS56 KPDT 020532
CF6YKM
PRELIMINARY LOCAL CLIMATOLOGICAL DATA (WS FORM: F-6)
STATION: YAKIMA WA
MONTH: APRIL
YEAR: 2020
LATITUDE: 46 34 N
LONGITUDE: 120 32 W
TEMPERATURE IN F: :PCPN: SNOW: WIND :SUNSHINE: SKY :PK WND
================================================================================
1 2 3 4 5 6A 6B 7 8 9 10 11 12 13 14 15 16 17 18
12Z AVG MX 2MIN
DY MAX MIN AVG DEP HDD CDD WTR SNW DPTH SPD SPD DIR MIN PSBL S-S WX SPD DR
================================================================================
1 53 28 41 -5 24 0 T M M 4.5 17 40 M M 5 20 30
2 54 20 37 -10 28 0 0.00 M M 5.5 16 290 M M 3 21 200
3 53 19 36 -11 29 0 T M M 7.0 28 280 M M 1 37 280
4 52 31 42 -5 23 0 0.00 M M 4.0 12 30 M M 8 14 70
5 55 32 44 -3 21 0 T M M 3.5 12 250 M M 7 13 250
6 68 28 48 1 17 0 0.00 M M 6.4 16 330 M M 1 20 340
7 73 32 53 6 12 0 0.00 M M 10.2 24 320 M M 0 30 330
8 71 31 51 3 14 0 0.00 M M 5.8 14 270 M M 0 15 270
9 77 33 55 7 10 0 0.00 M M 5.3 12 270 M M 0 15 310
10 80 40 60 12 5 0 0.00 M M 10.8 28 350 M M 0 35 350
11 67 43 55 7 10 0 0.00 M M 9.5 22 310 M M 3 28 310
12 60 35 48 0 17 0 0.00 M M 5.8 14 70 M M 6 18 70
13 65 25 45 -3 20 0 0.00 M M 5.6 21 320 M M 0 27 320
14 78 38 58 9 7 0 0.00 M M 8.4 25 300 M M 1 30 300
15 70 37 54 5 11 0 0.00 M M 12.8 32 50 M M 3 8 41 60
16 65 32 49 0 16 0 0.00 M M 5.8 13 260 M M 0 14 260
17 77 27 52 3 13 0 0.00 M M 5.7 15 20 M M 0 17 160
18 72 45 59 10 6 0 T M M 7.2 22 320 M M 7 28 330
19 73 35 54 4 11 0 0.00 M M 5.7 14 320 M M 2 21 150
20 77 38 58 8 7 0 0.00 M M 6.8 20 320 M M 0 26 320
21 73 40 57 7 8 0 0.00 M M 8.0 23 280 M M 0 28 270
22 65 41 53 3 12 0 0.06 M M 4.6 17 330 M M 6 23 300
23 70 47 59 9 6 0 0.00 M M 11.3 23 280 M M 3 28 270
24 70 43 57 6 8 0 0.00 M M 5.1 16 170 M M 4 21 190
25 71 42 57 6 8 0 0.01 M M 8.4 23 290 M M 3 30 290
26 70 34 52 1 13 0 0.00 M M 5.3 17 180 M M 1 21 190
27 72 42 57 5 8 0 0.00 M M 11.4 29 250 M M 2 37 280
28 71 34 53 1 12 0 0.00 M M 4.4 10 170 M M 0 17 350
29 78 49 64 12 1 0 0.00 M M 7.9 21 260 M M 1 27 190
30 67 43 55 3 10 0 0.00 M M 13.0 29 310 M M 0 39 320
================================================================================
SM 2047 1064 387 0 0.07 M 215.7 M 67
================================================================================
AV 68.2 35.5 7.2 FASTST M M 2 MAX(MPH)
MISC ----> # 32 50 # 41 60
================================================================================
NOTES:
# LAST OF SEVERAL OCCURRENCES
COLUMN 17 PEAK WIND IN M.P.H.
PRELIMINARY LOCAL CLIMATOLOGICAL DATA (WS FORM: F-6) , PAGE 2
STATION: YAKIMA WA
MONTH: APRIL
YEAR: 2020
LATITUDE: 46 34 N
LONGITUDE: 120 32 W
[TEMPERATURE DATA] [PRECIPITATION DATA] SYMBOLS USED IN COLUMN 16
AVERAGE MONTHLY: 51.9 TOTAL FOR MONTH: 0.07 1 = FOG OR MIST
DPTR FM NORMAL: 2.8 DPTR FM NORMAL: -0.48 2 = FOG REDUCING VISIBILITY
HIGHEST: 80 ON 10 GRTST 24HR 0.06 ON 22-22 TO 1/4 MILE OR LESS
LOWEST: 19 ON 3 3 = THUNDER
SNOW, ICE PELLETS, HAIL 4 = ICE PELLETS
TOTAL MONTH: M 5 = HAIL
GRTST 24HR M ON M 6 = FREEZING RAIN OR DRIZZLE
GRTST DEPTH: M ON M 7 = DUSTSTORM OR SANDSTORM:
VSBY 1/2 MILE OR LESS
8 = SMOKE OR HAZE
[NO. OF DAYS WITH] [WEATHER - DAYS WITH] 9 = BLOWING SNOW
X = TORNADO
MAX 32 OR BELOW: 0 0.01 INCH OR MORE: 2
MAX 90 OR ABOVE: 0 0.10 INCH OR MORE: 0
MIN 32 OR BELOW: 11 0.50 INCH OR MORE: 0
MIN 0 OR BELOW: 0 1.00 INCH OR MORE: 0
[HDD (BASE 65) ]
TOTAL THIS MO. 387 CLEAR (SCALE 0-3) 20
DPTR FM NORMAL -91 PTCLDY (SCALE 4-7) 10
TOTAL FM JUL 1 5320 CLOUDY (SCALE 8-10) 0
DPTR FM NORMAL -362
[CDD (BASE 65) ]
TOTAL THIS MO. 0
DPTR FM NORMAL -1 [PRESSURE DATA]
TOTAL FM JAN 1 0 HIGHEST SLP 30.42 ON 13
DPTR FM NORMAL -1 LOWEST SLP 29.62 ON 5
[REMARKS]
#FINAL-04-20#