000
CXUS51 KPBZ 010830
CF6ZZV
PRELIMINARY LOCAL CLIMATOLOGICAL DATA (WS FORM: F-6)
STATION: ZANESVILLE OH
MONTH: FEBRUARY
YEAR: 2023
LATITUDE: 39 56 N
LONGITUDE: 81 54 W
TEMPERATURE IN F: :PCPN: SNOW: WIND :SUNSHINE: SKY :PK WND
================================================================================
1 2 3 4 5 6A 6B 7 8 9 10 11 12 13 14 15 16 17 18
12Z AVG MX 2MIN
DY MAX MIN AVG DEP HDD CDD WTR SNW DPTH SPD SPD DIR MIN PSBL S-S WX SPD DR
================================================================================
1 30 14 22 -8 43 0 0.00 M M 2.7 10 320 M M 1 14 330
2 38 16 27 -3 38 0 0.00 M M 6.0 15 260 M M 1 21 260
3 33 11 22 -8 43 0 0.00 M M 11.4 24 320 M M 4 30 320
4 42 9 26 -5 39 0 0.00 M M 8.1 17 180 M M 0 21 190
5 52 38 45 14 20 0 0.00 M M 10.2 18 200 M M 5 25 200
6 45 27 36 5 29 0 0.00 M M 5.6 14 300 M M 8 20 300
7 57 29 43 12 22 0 0.05 M M 8.1 17 230 M M 5 25 220
8 52 31 42 11 23 0 0.01 M M 2.6 9 310 M M 4 18 13 300
9 72 43 58 26 7 0 0.03 M M 14.9 30 270 M M 7 45 260
10 45 32 39 7 26 0 T M M 10.0 25 250 M M 8 42 250
11 42 23 33 1 32 0 0.00 M M 2.7 10 300 M M 0 13 310
12 55 22 39 7 26 0 0.00 M M 3.9 13 10 M M 0 18 20
13 57 22 40 8 25 0 0.00 M M 6.4 21 290 M M 0 29 260
14 57 24 41 8 24 0 0.00 M M 5.3 18 150 M M 1 8 23 150
15 73 51 62 29 3 0 0.01 M M 12.4 26 240 M M 3 36 250
16 60 46 53 20 12 0 0.36 M M 7.9 26 170 M M 8 1 34 180
17 59 25 42 9 23 0 0.03 M M 12.0 22 240 M M 10 1 32 250
18 44 22 33 -1 32 0 0.00 M M 7.3 17 200 M M 2 22 200
19 59 32 46 12 19 0 0.00 M M 7.7 22 200 M M 2 30 190
20 57 41 49 15 16 0 0.06 M M 5.2 12 270 M M 9 1 18 240
21 52 35 44 10 21 0 0.01 M M 9.7 29 260 M M 3 12 38 240
22 62 36 49 14 16 0 0.21 M M 6.2 15 100 M M 7 1 17 100
23 75 42 59 24 6 0 0.06 M M 13.8 25 240 M M 4 1 36 240
24 43 29 36 1 29 0 0.00 M M 7.9 20 330 M M 3 27 280
25 51 28 40 4 25 0 0.00 M M 5.5 14 250 M M 3 18 260
26 52 26 39 3 26 0 0.00 M M 5.4 17 270 M M 1 1 23 260
27 58 28 43 7 22 0 0.58 M M 8.1 36 270 M M 7 13 49 260
28 56 32 44 8 21 0 T M M 9.5 26 280 M M 7 42 280
================================================================================
SM 1478 814 668 0 1.41 M 216.5 M 113
================================================================================
AV 52.8 29.1 7.7 FASTST M M 4 MAX(MPH)
MISC ----> 36 270 49 260
================================================================================
NOTES:
# LAST OF SEVERAL OCCURRENCES
COLUMN 17 PEAK WIND IN M.P.H.
PRELIMINARY LOCAL CLIMATOLOGICAL DATA (WS FORM: F-6) , PAGE 2
STATION: ZANESVILLE OH
MONTH: FEBRUARY
YEAR: 2023
LATITUDE: 39 56 N
LONGITUDE: 81 54 W
[TEMPERATURE DATA] [PRECIPITATION DATA] SYMBOLS USED IN COLUMN 16
AVERAGE MONTHLY: 40.9 TOTAL FOR MONTH: 1.41 1 = FOG OR MIST
DPTR FM NORMAL: 8.0 DPTR FM NORMAL: -0.90 2 = FOG REDUCING VISIBILITY
HIGHEST: 75 ON 23 GRTST 24HR 0.58 ON 27-27 TO 1/4 MILE OR LESS
LOWEST: 9 ON 4 3 = THUNDER
SNOW, ICE PELLETS, HAIL 4 = ICE PELLETS
TOTAL MONTH: M 5 = HAIL
GRTST 24HR M ON M 6 = FREEZING RAIN OR DRIZZLE
GRTST DEPTH: M ON M 7 = DUSTSTORM OR SANDSTORM:
VSBY 1/2 MILE OR LESS
8 = SMOKE OR HAZE
[NO. OF DAYS WITH] [WEATHER - DAYS WITH] 9 = BLOWING SNOW
X = TORNADO
MAX 32 OR BELOW: 1 0.01 INCH OR MORE: 11
MAX 90 OR ABOVE: 0 0.10 INCH OR MORE: 3
MIN 32 OR BELOW: 20 0.50 INCH OR MORE: 1
MIN 0 OR BELOW: 0 1.00 INCH OR MORE: 0
[HDD (BASE 65) ]
TOTAL THIS MO. 668 CLEAR (SCALE 0-3) 11
DPTR FM NORMAL -231 PTCLDY (SCALE 4-7) 14
TOTAL FM JUL 1 3489 CLOUDY (SCALE 8-10) 3
DPTR FM NORMAL -506
[CDD (BASE 65) ]
TOTAL THIS MO. 0
DPTR FM NORMAL 0 [PRESSURE DATA]
TOTAL FM JAN 1 0 HIGHEST SLP 30.61 ON 3
DPTR FM NORMAL 0 LOWEST SLP 29.15 ON 27
[REMARKS]
#FINAL-02-23#