000
CXUS51 KPBZ 010830
CF6ZZV
PRELIMINARY LOCAL CLIMATOLOGICAL DATA (WS FORM: F-6)
STATION: ZANESVILLE OH
MONTH: NOVEMBER
YEAR: 2022
LATITUDE: 39 56 N
LONGITUDE: 81 54 W
TEMPERATURE IN F: :PCPN: SNOW: WIND :SUNSHINE: SKY :PK WND
================================================================================
1 2 3 4 5 6A 6B 7 8 9 10 11 12 13 14 15 16 17 18
12Z AVG MX 2MIN
DY MAX MIN AVG DEP HDD CDD WTR SNW DPTH SPD SPD DIR MIN PSBL S-S WX SPD DR
================================================================================
1 64 45 55 7 10 0 0.00 M M 3.8 10 270 M M 8 12 14 300
2 59 42 51 3 14 0 0.00 M M 0.3 5 330 M M 8 128 5 310
3 71 41 56 8 9 0 0.00 M M 1.2 8 150 M M 5 12 10 140
4 74 47 61 14 4 0 0.00 M M 8.6 17 160 M M 0 1 23 180
5 79 59 69 22 0 4 T M M 12.7 24 210 M M 2 34 190
6 73 58 66 19 0 1 T M M 6.2 16 200 M M 6 22 210
7 67 42 55 9 10 0 0.00 M M 2.8 12 330 M M 0 15 330
8 59 40 50 4 15 0 0.00 M M 7.4 15 70 M M 0 21 70
9 68 35 52 6 13 0 0.00 M M 4.3 14 140 M M 0 18 160
10 70 46 58 13 7 0 0.00 M M 6.9 15 180 M M 0 20 160
11 63 53 58 13 7 0 2.20 M M 6.8 16 300 M M 9 1 23 290
12 53 35 44 -1 21 0 0.07 M M 8.7 17 280 M M 10 1 23 290
13 40 34 37 -7 28 0 T M M 7.2 15 280 M M 10 1 20 300
14 45 33 39 -5 26 0 T M M 3.6 12 130 M M 4 14 100
15 40 33 37 -7 28 0 0.07 M M 5.4 12 60 M M 7 1 15 50
16 41 33 37 -6 28 0 T M M 9.2 18 260 M M 10 18 26 250
17 34 29 32 -11 33 0 T M M 10.3 16 260 M M 10 24 240
18 35 22 29 -13 36 0 T M M 10.2 20 260 M M 9 8 29 300
19 34 21 28 -14 37 0 T M M 10.2 30 270 M M 5 40 270
20 30 18 24 -18 41 0 0.00 M M 8.1 22 270 M M 1 29 270
21 47 16 32 -10 33 0 0.00 M M 7.2 20 190 M M 0 24 240
22 53 22 38 -3 27 0 0.00 M M 3.9 15 200 M M 0 20 200
23 57 23 40 -1 25 0 0.00 M M 1.7 12 210 M M 0 14 210
24 63 24 44 4 21 0 T M M 1.8 9 210 M M 1 12 220
25 55 30 43 3 22 0 0.12 M M 7.5 20 270 M M 5 1 27 270
26 55 25 40 0 25 0 0.00 M M 3.2 12 220 M M 0 18 14 170
27 64 40 52 12 13 0 0.78 M M 10.6 28 250 M M 8 1 38 230
28 44 41 43 4 22 0 T M M 3.7 13 290 M M 10 1 18 280
29 58 42 50 11 15 0 0.00 M M 8.8 20 160 M M 6 1 29 160
30 57 30 44 5 21 0 0.63 M M 15.2 31 290 M M 6 13 40 290
================================================================================
SM 1652 1059 591 5 3.87 M 197.5 M 140
================================================================================
AV 55.1 35.3 6.6 FASTST M M 5 MAX(MPH)
MISC ----> 31 290 # 40 270
================================================================================
NOTES:
# LAST OF SEVERAL OCCURRENCES
COLUMN 17 PEAK WIND IN M.P.H.
PRELIMINARY LOCAL CLIMATOLOGICAL DATA (WS FORM: F-6) , PAGE 2
STATION: ZANESVILLE OH
MONTH: NOVEMBER
YEAR: 2022
LATITUDE: 39 56 N
LONGITUDE: 81 54 W
[TEMPERATURE DATA] [PRECIPITATION DATA] SYMBOLS USED IN COLUMN 16
AVERAGE MONTHLY: 45.2 TOTAL FOR MONTH: 3.87 1 = FOG OR MIST
DPTR FM NORMAL: 1.8 DPTR FM NORMAL: 1.08 2 = FOG REDUCING VISIBILITY
HIGHEST: 79 ON 5 GRTST 24HR 2.20 ON 11-11 TO 1/4 MILE OR LESS
LOWEST: 16 ON 21 3 = THUNDER
SNOW, ICE PELLETS, HAIL 4 = ICE PELLETS
TOTAL MONTH: M 5 = HAIL
GRTST 24HR M ON M 6 = FREEZING RAIN OR DRIZZLE
GRTST DEPTH: M ON M 7 = DUSTSTORM OR SANDSTORM:
VSBY 1/2 MILE OR LESS
8 = SMOKE OR HAZE
[NO. OF DAYS WITH] [WEATHER - DAYS WITH] 9 = BLOWING SNOW
X = TORNADO
MAX 32 OR BELOW: 1 0.01 INCH OR MORE: 6
MAX 90 OR ABOVE: 0 0.10 INCH OR MORE: 4
MIN 32 OR BELOW: 11 0.50 INCH OR MORE: 3
MIN 0 OR BELOW: 0 1.00 INCH OR MORE: 1
[HDD (BASE 65) ]
TOTAL THIS MO. 591 CLEAR (SCALE 0-3) 12
DPTR FM NORMAL -56 PTCLDY (SCALE 4-7) 8
TOTAL FM JUL 1 1077 CLOUDY (SCALE 8-10) 10
DPTR FM NORMAL 5
[CDD (BASE 65) ]
TOTAL THIS MO. 5
DPTR FM NORMAL 5 [PRESSURE DATA]
TOTAL FM JAN 1 912 HIGHEST SLP 30.66 ON 8
DPTR FM NORMAL 0 LOWEST SLP 29.37 ON 27
[REMARKS]
#FINAL-11-22#