663
CXUS54 KLZK 211130
CF6ADF
PRELIMINARY LOCAL CLIMATOLOGICAL DATA (WS FORM: F-6)

                                          STATION:   Arkadelphia Airport
                                          MONTH:     APRIL
                                          YEAR:      2018
                                          LATITUDE:   34  9 N
                                          LONGITUDE:  93  4 W

  TEMPERATURE IN F:       :PCPN:    SNOW:  WIND      :SUNSHINE: SKY     :PK WND
================================================================================
1   2   3   4   5  6A  6B    7    8   9   10  11  12  13   14  15   16   17  18
                                     12Z  AVG MX 2MIN
DY MAX MIN AVG DEP HDD CDD  WTR  SNW DPTH SPD SPD DIR MIN PSBL S-S WX    SPD DR
================================================================================

 1  77  53  65   7   0   0 0.04    M    M  4.8 12 200   M    M   7         M  M
 2  72  44  58   0   7   0    T    M    0  5.1 12 140   M    M   7 1      17 140
 3  81  48  65   6   0   0 0.19    M    0 13.6 21 200   M    M   8 13     32 200
 4  61  36  49 -10  16   0 0.00  0.0    0  3.8  9  10   M    M   0         M  M
 5  57  36  47 -12  18   0 0.11    M    M  1.5  6  20   M    M   7 3       M  M
 6  58  51  55  -5  10   0 1.62  0.0    0  4.0  9  30   M    M  10 13      M  M
 7  55  32  44 -16  21   0 0.05    M    0  8.7 17  30   M    M   8 1      27  30
 8  56  30  43 -17  22   0 0.00  0.0    M  3.8  8 100   M    M   5         M  M
 9  67  41  54  -6  11   0 0.00  0.0    0  4.2 12 360   M    M   0        16 360
10  67  43  55  -5  10   0 0.00  0.0    0  4.5 12  10   M    M   0        17  99
11  78  39  59  -2   6   0 0.00  0.0    0  4.5 14 200   M    M   0 18     24 190
12  82  44  63   2   2   0 0.00  0.0    0 10.3 22 190   M    M   0 18     28 190
13  77  60  69   8   0   4 1.23  0.0    0  8.4 14 170   M    M   9 13     25 170
14  62  42  52  -9  13   0 1.13    M    0  9.4 16 270   M    M   6 13     23 320
15  56  40  48 -14  17   0 0.00  0.0    0 10.2 17 290   M    M   4        30 290
16  71  34  53  -9  12   0 0.00  0.0    0  3.9  9 200   M    M   0         M  M
17  82  44  63   1   2   0 0.00  0.0    0  8.2 20 210   M    M   0        32 230
18  82  59  71   9   0   6 0.00  0.0    0  8.4 13 270   M    M   2        23 270
19  65  46  56  -7   9   0 0.00  0.0    0  8.1 16 340   M    M   0        25 340
20  69  40  55  -8  10   0 0.00  0.0    0  5.4 10  70   M    M   0        16  80
================================================================================
SM 1375  862       186  10  4.37     0.0 130.8          M       73
================================================================================
AV 68.8 43.1                               6.5 FASTST   M    M   4    MAX(MPH)
                                 MISC ---->  # 22 190               # 32  200
================================================================================
NOTES:
# LAST OF SEVERAL OCCURRENCES

COLUMN 17 PEAK WIND IN M.P.H.

PRELIMINARY LOCAL CLIMATOLOGICAL DATA (WS FORM: F-6) , PAGE 2

                                          STATION:  Arkadelphia Airport
                                          MONTH:    APRIL
                                          YEAR:     2018
                                          LATITUDE:   34  9 N
                                          LONGITUDE:  93  4 W

[TEMPERATURE DATA]      [PRECIPITATION DATA]       SYMBOLS USED IN COLUMN 16

AVERAGE MONTHLY: 55.9   TOTAL FOR MONTH:   4.37    1 = FOG OR MIST
DPTR FM NORMAL:  -4.6   DPTR FM NORMAL:    1.54    2 = FOG REDUCING VISIBILITY
HIGHEST:    82 ON 18,17 GRTST 24HR  1.62 ON  6- 6      TO 1/4 MILE OR LESS
LOWEST:     30 ON  8                               3 = THUNDER
                        SNOW, ICE PELLETS, HAIL    4 = ICE PELLETS
                        TOTAL MONTH:   0.0 INCH    5 = HAIL
                        GRTST 24HR     0.0         6 = FREEZING RAIN OR DRIZZLE
                        GRTST DEPTH:   0           7 = DUSTSTORM OR SANDSTORM:
                                                       VSBY 1/2 MILE OR LESS
                                                   8 = SMOKE OR HAZE
[NO. OF DAYS WITH]      [WEATHER - DAYS WITH]      9 = BLOWING SNOW
                                                   X = TORNADO
MAX 32 OR BELOW:   0    0.01 INCH OR MORE:   7
MAX 90 OR ABOVE:   0    0.10 INCH OR MORE:   5
MIN 32 OR BELOW:   2    0.50 INCH OR MORE:   3
MIN  0 OR BELOW:   0    1.00 INCH OR MORE:   3

[HDD (BASE 65) ]
TOTAL THIS MO.   186    CLEAR  (SCALE 0-3)  10
DPTR FM NORMAL    71    PTCLDY (SCALE 4-7)   8
TOTAL FM JUL 1  2837    CLOUDY (SCALE 8-10)  2
DPTR FM NORMAL  -140

[CDD (BASE 65) ]
TOTAL THIS MO.    10
DPTR FM NORMAL   -18    [PRESSURE DATA]
TOTAL FM JAN 1    35    HIGHEST SLP M ON M
DPTR FM NORMAL    -5    LOWEST  SLP M ON M

[REMARKS]
