000
CXUS53 KGID 230730
CF6AUH
PRELIMINARY LOCAL CLIMATOLOGICAL DATA (WS FORM: F-6)

                                          STATION:   AURORA
                                          MONTH:     MAY
                                          YEAR:      2018
                                          LATITUDE:   40 54 N
                                          LONGITUDE:  97 59 W

  TEMPERATURE IN F:       :PCPN:    SNOW:  WIND      :SUNSHINE: SKY     :PK WND
================================================================================
1   2   3   4   5  6A  6B    7    8   9   10  11  12  13   14  15   16   17  18
                                     12Z  AVG MX 2MIN
DY MAX MIN AVG DEP HDD CDD  WTR  SNW DPTH SPD SPD DIR MIN PSBL S-S WX    SPD DR
================================================================================

 1  81  56  69  13   0   4 0.35    M    M  9.9 35 320   M    M   9 3      45 320
 2  58  48  53  -4  12   0 0.01    M    M 12.9 21  30   M    M   8 13     23  20
 3  61  47  54  -3  11   0 0.56    M    M 12.7 24  20   M    M   9 13     30  20
 4  77  46  62   5   3   0 0.00    M    M  8.7 15 340   M    M   2        20 300
 5  86  46  66   8   0   1 0.00    M    M  8.1 17 260   M    M   1        30 350
 6  82  53  68  10   0   3 0.00    M    M  9.4 16  30   M    M   1        21  20
 7  85  49  67   9   0   2 0.00    M    M 11.6 20 160   M    M   0        24 160
 8  84  59  72  13   0   7 0.00    M    M 10.0 18 350   M    M   1 8      25 340
 9  85  52  69  10   0   4 0.00    M    M 13.3 22 330   M    M   1        27 320
10  86  52  69  10   0   4 0.00    M    M 13.3 28  90   M    M   2 3      32  90
11  67  46  57  -3   8   0 0.74    M    M 18.2 36 360   M    M  10 13     45 360
12  54  48  51  -9  14   0    T    M    M 15.3 25  50   M    M  10 13     27  40
13  64  49  57  -3   8   0 0.00    M    M  8.9 15  10   M    M  10 12      M  M
14  73  54  64   3   1   0 0.15    M    M  9.4 15 340   M    M   8 13     22 340
15  77  55  66   5   0   1 0.00    M    M  4.7  9  50   M    M   5         M  M
16  82  53  68   7   0   3 0.00    M    M  3.3  8 140   M    M   0 1       M  M
17  86  55  71   9   0   6 0.00    M    M  9.4 16 140   M    M   1        22 140
18  68  60  64   2   1   0 0.79    M    M 10.2 22  90   M    M   8 3      39  90
19  65  51  58  -4   7   0 1.19    M    M 13.3 21  20   M    M  10 13     25  30
20  55  52  54  -9  11   0 0.19    M    M  9.5 14  30   M    M  10 1      17  30
21  75  46  61  -2   4   0 0.00    M    M  4.2  9 210   M    M   6 12      M  M
22  88  62  75  12   0  10 0.00    M    M 11.9 18 210   M    M   2        23 190
================================================================================
SM 1639 1139        80  45  3.98    M    228.2          M      114
================================================================================
AV 74.5 51.8                              10.4 FASTST   M    M   5    MAX(MPH)
                                 MISC ---->  # 36 360               # 45  320
================================================================================
NOTES:
# LAST OF SEVERAL OCCURRENCES

COLUMN 17 PEAK WIND IN M.P.H.

PRELIMINARY LOCAL CLIMATOLOGICAL DATA (WS FORM: F-6) , PAGE 2

                                          STATION:  AURORA
                                          MONTH:    MAY
                                          YEAR:     2018
                                          LATITUDE:   40 54 N
                                          LONGITUDE:  97 59 W

[TEMPERATURE DATA]      [PRECIPITATION DATA]       SYMBOLS USED IN COLUMN 16

AVERAGE MONTHLY: 63.1   TOTAL FOR MONTH:   3.98    1 = FOG OR MIST
DPTR FM NORMAL:   3.3   DPTR FM NORMAL:    0.52    2 = FOG REDUCING VISIBILITY
HIGHEST:    88 ON 22    GRTST 24HR  1.19 ON 19-19      TO 1/4 MILE OR LESS
LOWEST:     46 ON 21,11                            3 = THUNDER
                        SNOW, ICE PELLETS, HAIL    4 = ICE PELLETS
                        TOTAL MONTH:    M          5 = HAIL
                        GRTST 24HR    M  ON   M    6 = FREEZING RAIN OR DRIZZLE
                        GRTST DEPTH:  M  ON   M    7 = DUSTSTORM OR SANDSTORM:
                                                       VSBY 1/2 MILE OR LESS
                                                   8 = SMOKE OR HAZE
[NO. OF DAYS WITH]      [WEATHER - DAYS WITH]      9 = BLOWING SNOW
                                                   X = TORNADO
MAX 32 OR BELOW:   0    0.01 INCH OR MORE:   8
MAX 90 OR ABOVE:   0    0.10 INCH OR MORE:   7
MIN 32 OR BELOW:   0    0.50 INCH OR MORE:   4
MIN  0 OR BELOW:   0    1.00 INCH OR MORE:   1

[HDD (BASE 65) ]
TOTAL THIS MO.    80    CLEAR  (SCALE 0-3)  10
DPTR FM NORMAL   -64    PTCLDY (SCALE 4-7)   4
TOTAL FM JUL 1  6377    CLOUDY (SCALE 8-10)  8
DPTR FM NORMAL   182

[CDD (BASE 65) ]
TOTAL THIS MO.    45
DPTR FM NORMAL    16    [PRESSURE DATA]
TOTAL FM JAN 1    52    HIGHEST SLP M ON M
DPTR FM NORMAL    11    LOWEST  SLP M ON M

[REMARKS]
