000
CXUS51 KOKX 200703
CF6BDR
PRELIMINARY LOCAL CLIMATOLOGICAL DATA (WS FORM: F-6)

                                          STATION:   BRIDGEPORT CT
                                          MONTH:     MAY
                                          YEAR:      2018
                                          LATITUDE:   41 10 N
                                          LONGITUDE:  73  8 W

  TEMPERATURE IN F:       :PCPN:    SNOW:  WIND      :SUNSHINE: SKY     :PK WND
================================================================================
1   2   3   4   5  6A  6B    7    8   9   10  11  12  13   14  15   16   17  18
                                     12Z  AVG MX 2MIN
DY MAX MIN AVG DEP HDD CDD  WTR  SNW DPTH SPD SPD DIR MIN PSBL S-S WX    SPD DR
================================================================================

 1  72  44  58   4   7   0    T  0.0    0  6.9 15 200   M    M   3        19 200
 2  80  52  66  11   0   1 0.00  0.0    0 10.0 23 190   M    M   0 8      28 200
 3  83  57  70  15   0   5 0.19  0.0    0  9.9 30 310   M    M   1 12     38 320
 4  77  59  68  13   0   3    T  0.0    0  7.5 24 190   M    M   3 128    29 190
 5  76  57  67  11   0   2    T  0.0    0 10.7 26 300   M    M   1        36 290
 6  62  52  57   1   8   0 0.12  0.0    0  5.6 18 100   M    M   8 1      22 100
 7  69  52  61   5   4   0 0.00  0.0    0  5.1 12 140   M    M   4        16 140
 8  66  50  58   1   7   0 0.00  0.0    0  4.3 10  90   M    M   0         M  M
 9  67  49  58   1   7   0 0.00  0.0    0  7.1 13  70   M    M   3 12      M  M
10  64  55  60   3   5   0 0.15  0.0    0  6.9 16 210   M    M   6 138    20 180
11  71  55  63   5   2   0 0.00  0.0    0  7.3 16 320   M    M   2 1      23 310
12  60  51  56  -2   9   0 0.16  0.0    0  8.5 14  10   M    M  10 1      17  10
13  55  50  53  -5  12   0 0.01  0.0    0  7.0 13 100   M    M  10 1      16  60
14  67  51  59   1   6   0 0.01  0.0    0  6.4 14 210   M    M   7        17 210
15  79  57  68   9   0   3 0.59  0.0    0  6.9 33 310   M    M   6 1238   46 310
16  63  53  58  -1   7   0 0.50  0.0    0  9.1 15  60   M    M   9 1      18  60
17  65  53  59   0   6   0 0.15  0.0    0  3.7 12  70   M    M   6 12     13  70
18  63  53  58  -2   7   0 0.00  0.0    0 11.6 20  50   M    M   4 12     24  60
19  54  50  52  -8  13   0 0.66  0.0    0 12.7 23  80   M    M  10 1      29  90
================================================================================
SM 1293 1000       100  14  2.54     0.0 147.2          M       93
================================================================================
AV 68.1 52.6                               7.7 FASTST   M    M   5    MAX(MPH)
                                 MISC ---->  # 33 310               # 46  310
================================================================================
NOTES:
# LAST OF SEVERAL OCCURRENCES

COLUMN 17 PEAK WIND IN M.P.H.

PRELIMINARY LOCAL CLIMATOLOGICAL DATA (WS FORM: F-6) , PAGE 2

                                          STATION:  BRIDGEPORT CT
                                          MONTH:    MAY
                                          YEAR:     2018
                                          LATITUDE:   41 10 N
                                          LONGITUDE:  73  8 W

[TEMPERATURE DATA]      [PRECIPITATION DATA]       SYMBOLS USED IN COLUMN 16

AVERAGE MONTHLY: 60.3   TOTAL FOR MONTH:   2.54    1 = FOG OR MIST
DPTR FM NORMAL:   3.1   DPTR FM NORMAL:    0.35    2 = FOG REDUCING VISIBILITY
HIGHEST:    83 ON  3    GRTST 24HR  0.66 ON 19-19      TO 1/4 MILE OR LESS
LOWEST:     44 ON  1                               3 = THUNDER
                        SNOW, ICE PELLETS, HAIL    4 = ICE PELLETS
                        TOTAL MONTH:   0.0 INCH    5 = HAIL
                        GRTST 24HR     0.0         6 = FREEZING RAIN OR DRIZZLE
                        GRTST DEPTH:   0           7 = DUSTSTORM OR SANDSTORM:
                                                       VSBY 1/2 MILE OR LESS
                                                   8 = SMOKE OR HAZE
[NO. OF DAYS WITH]      [WEATHER - DAYS WITH]      9 = BLOWING SNOW
                                                   X = TORNADO
MAX 32 OR BELOW:   0    0.01 INCH OR MORE:  10
MAX 90 OR ABOVE:   0    0.10 INCH OR MORE:   8
MIN 32 OR BELOW:   0    0.50 INCH OR MORE:   3
MIN  0 OR BELOW:   0    1.00 INCH OR MORE:   0

[HDD (BASE 65) ]
TOTAL THIS MO.   100    CLEAR  (SCALE 0-3)   6
DPTR FM NORMAL   -55    PTCLDY (SCALE 4-7)   9
TOTAL FM JUL 1  5053    CLOUDY (SCALE 8-10)  4
DPTR FM NORMAL  -257

[CDD (BASE 65) ]
TOTAL THIS MO.    14
DPTR FM NORMAL     9    [PRESSURE DATA]
TOTAL FM JAN 1    14    HIGHEST SLP M ON M
DPTR FM NORMAL     7    LOWEST  SLP 29.72 ON 15

[REMARKS]
