000
CXUS55 KCTP 230700
CF6BFD
PRELIMINARY LOCAL CLIMATOLOGICAL DATA (WS FORM: F-6)

                                          STATION:   BRADFORD
                                          MONTH:     MAY
                                          YEAR:      2018
                                          LATITUDE:   41 47 N
                                          LONGITUDE:  78 38 W

  TEMPERATURE IN F:       :PCPN:    SNOW:  WIND      :SUNSHINE: SKY     :PK WND
================================================================================
1   2   3   4   5  6A  6B    7    8   9   10  11  12  13   14  15   16   17  18
                                     12Z  AVG MX 2MIN
DY MAX MIN AVG DEP HDD CDD  WTR  SNW DPTH SPD SPD DIR MIN PSBL S-S WX    SPD DR
================================================================================

 1  79  29  54   5  11   0 0.00    M    M  6.8 18 290   M    M   0        24 280
 2  83  59  71  22   0   6 0.00  0.0    0  8.6 25 220   M    M   2        40 220
 3  80  61  71  21   0   6 0.24    M    M  6.8 17 280   M    M   7 1      27 230
 4  77  46  62  12   3   0 0.42    M    M 10.7 31 280   M    M   7 1      42 300
 5  72  36  54   4  11   0 0.00    M    M  3.7 13 270   M    M   2 1      17 200
 6  63  51  57   7   8   0 0.08  0.0    M  4.4 10 110   M    M   6 1      15 110
 7  66  48  57   6   8   0    T    M    M  4.5 12  70   M    M   7 1      18  40
 8  74  39  57   6   8   0 0.00    M    M  3.4 12 180   M    M   4        17 190
 9  77  46  62  11   3   0 0.00    M    M  6.4 13 130   M    M   2        22 160
10  70  55  63  12   2   0 0.16    M    M  9.9 24 320   M    M   8 13     29 310
11  61  42  52   0  13   0 0.15    M    M  5.3 16 340   M    M   6 13     21 330
12  55  46  51  -1  14   0 1.96    M    M  4.4 15 120   M    M  10 123    18 120
13  59  48  54   2  11   0 0.15    M    M  3.5  9 140   M    M  10 12     13 140
14  73  58  66  13   0   1 0.01    M    M  5.8 18 270   M    M   7 12     27 290
15  77  54  66  13   0   1 0.10    M    M  6.7 24 290   M    M   5 13     30 300
16  63  49  56   3   9   0 0.00    M    M  5.0 14 120   M    M   7 12     17 140
17  83  56  70  17   0   5 0.00    M    M  3.9 13  50   M    M   4 12     16  60
18  78  54  66  12   0   1 0.00    M    M  9.9 18 140   M    M   1        26 130
19  71  52  62   8   3   0 0.24    M    M 10.4 22 140   M    M   9 13     28 150
20  65  47  56   2   9   0 0.18    M    M  6.8 16 300   M    M   8 1      23 240
21  75  44  60   5   5   0    T    M    M  2.5 13 100   M    M   5 128    17 130
22  71  55  63   8   2   0 0.49    M    M  5.8 13 320   M    M   8 13     16 230
================================================================================
SM 1572 1075       120  20  4.18     0.0 135.2          M      125
================================================================================
AV 71.5 48.9                               6.1 FASTST   M    M   6    MAX(MPH)
                                 MISC ---->  # 31 280               # 42  300
================================================================================
NOTES:
# LAST OF SEVERAL OCCURRENCES

COLUMN 17 PEAK WIND IN M.P.H.

PRELIMINARY LOCAL CLIMATOLOGICAL DATA (WS FORM: F-6) , PAGE 2

                                          STATION:  BRADFORD
                                          MONTH:    MAY
                                          YEAR:     2018
                                          LATITUDE:   41 47 N
                                          LONGITUDE:  78 38 W

[TEMPERATURE DATA]      [PRECIPITATION DATA]       SYMBOLS USED IN COLUMN 16

AVERAGE MONTHLY: 60.2   TOTAL FOR MONTH:   4.18    1 = FOG OR MIST
DPTR FM NORMAL:   8.2   DPTR FM NORMAL:    1.29    2 = FOG REDUCING VISIBILITY
HIGHEST:    83 ON 17, 2 GRTST 24HR  1.96 ON 12-12      TO 1/4 MILE OR LESS
LOWEST:     29 ON  1                               3 = THUNDER
                        SNOW, ICE PELLETS, HAIL    4 = ICE PELLETS
                        TOTAL MONTH:   0.0 INCH    5 = HAIL
                        GRTST 24HR     0.0         6 = FREEZING RAIN OR DRIZZLE
                        GRTST DEPTH:   0           7 = DUSTSTORM OR SANDSTORM:
                                                       VSBY 1/2 MILE OR LESS
                                                   8 = SMOKE OR HAZE
[NO. OF DAYS WITH]      [WEATHER - DAYS WITH]      9 = BLOWING SNOW
                                                   X = TORNADO
MAX 32 OR BELOW:   0    0.01 INCH OR MORE:  12
MAX 90 OR ABOVE:   0    0.10 INCH OR MORE:  10
MIN 32 OR BELOW:   1    0.50 INCH OR MORE:   1
MIN  0 OR BELOW:   0    1.00 INCH OR MORE:   1

[HDD (BASE 65) ]
TOTAL THIS MO.   120    CLEAR  (SCALE 0-3)   5
DPTR FM NORMAL   -74    PTCLDY (SCALE 4-7)  14
TOTAL FM JUL 1  7145    CLOUDY (SCALE 8-10)  3
DPTR FM NORMAL  -300

[CDD (BASE 65) ]
TOTAL THIS MO.    20
DPTR FM NORMAL    20    [PRESSURE DATA]
TOTAL FM JAN 1    20    HIGHEST SLP M ON M
DPTR FM NORMAL    18    LOWEST  SLP 29.69 ON  4

[REMARKS]
