000
CXUS55 KPUB 271059
CF6COS
PRELIMINARY LOCAL CLIMATOLOGICAL DATA (WS FORM: F-6)

                                          STATION:   COLORADO SPRINGS CO
                                          MONTH:     MAY
                                          YEAR:      2018
                                          LATITUDE:   38 49 N
                                          LONGITUDE: 104 43 W

  TEMPERATURE IN F:       :PCPN:    SNOW:  WIND      :SUNSHINE: SKY     :PK WND
================================================================================
1   2   3   4   5  6A  6B    7    8   9   10  11  12  13   14  15   16   17  18
                                     12Z  AVG MX 2MIN
DY MAX MIN AVG DEP HDD CDD  WTR  SNW DPTH SPD SPD DIR MIN PSBL S-S WX    SPD DR
================================================================================

 1  70  42  56   5   9   0 0.00  0.0    0 14.2 31 360   M    M   7        42 180
 2  65  45  55   3  10   0 0.10  0.0    0  8.9 23 170   M    M   9 13     37 190
 3  54  41  48  -4  17   0 0.05  0.0    0 14.6 35 340   M    M   8 13     46 330
 4  68  39  54   2  11   0 0.00  0.0    0  6.5 16 160   M    M   3        22  10
 5  75  41  58   5   7   0 0.00  0.0    0  5.1 16 230   M    M   5        24 220
 6  78  43  61   8   4   0 0.00  0.0    0  7.1 16 140   M    M   7        23 130
 7  81  45  63  10   2   0 0.00  0.0    0  8.1 31 260   M    M   7        46 260
 8  80  51  66  12   0   1 0.00  0.0    0 13.0 25 350   M    M   4        37 340
 9  81  47  64  10   1   0 0.00  0.0    0  6.8 31 250   M    M   5        45 240
10  88  45  67  13   0   2 0.00  0.0    0 14.1 36 340   M    M   4        48 340
11  79  51  65  11   0   0 0.00  0.0    0 15.4 35 340   M    M   6        46 330
12  74  52  63   8   2   0 0.00  0.0    0 11.4 25 140   M    M   9 18     33 150
13  77  52  65  10   0   0 0.02    T    0 12.9 23 260   M    M   7 1358   30 250
14  73  51  62   7   3   0 0.03    T    0 12.2 24 160   M    M   6 135    33 160
15  71  47  59   3   6   0 0.01    T    0  9.8 31 310   M    M   6 35     41 300
16  82  45  64   8   1   0 0.00  0.0    0  6.8 21 150   M    M   2        29 150
17  87  48  68  12   0   3 0.00  0.0    0 12.5 29 180   M    M   4 1      45 220
18  72  49  61   5   4   0 0.02    T    0 16.9 37 340   M    M   7 35     50 330
19  57  44  51  -6  14   0 0.06  0.0    0 16.9 36 340   M    M   9 1      46 350
20  57  42  50  -7  15   0 0.06  0.0    0  7.7 16 160   M    M   9 18     21 160
21  81  45  63   6   2   0 0.00  0.0    0  8.8 41 170   M    M   7        51 170
22  82  47  65   7   0   0 0.00  0.0    0 10.4 30 150   M    M   7        39 140
23  84  52  68  10   0   3 0.00  0.0    0 11.5 28 190   M    M   4        40 140
24  84  52  68  10   0   3 0.00  0.0    0  9.8 30  40   M    M   4        36  40
25  88  50  69  11   0   4 0.00  0.0    0  9.1 22 120   M    M   2        35 170
26  91  50  71  12   0   6 0.00  0.0    0 10.4 33 160   M    M   6        54 160
================================================================================
SM 1979 1216       108  22  0.35    T    280.9          M      154
================================================================================
AV 76.1 46.8                              10.8 FASTST   M    M   6    MAX(MPH)
                                 MISC ---->  # 41 170               # 54  160
================================================================================
NOTES:
# LAST OF SEVERAL OCCURRENCES

COLUMN 17 PEAK WIND IN M.P.H.

PRELIMINARY LOCAL CLIMATOLOGICAL DATA (WS FORM: F-6) , PAGE 2

                                          STATION:  COLORADO SPRINGS CO
                                          MONTH:    MAY
                                          YEAR:     2018
                                          LATITUDE:   38 49 N
                                          LONGITUDE: 104 43 W

[TEMPERATURE DATA]      [PRECIPITATION DATA]       SYMBOLS USED IN COLUMN 16

AVERAGE MONTHLY: 61.4   TOTAL FOR MONTH:   0.35    1 = FOG OR MIST
DPTR FM NORMAL:   6.3   DPTR FM NORMAL:   -1.28    2 = FOG REDUCING VISIBILITY
HIGHEST:    91 ON 26    GRTST 24HR  0.10 ON  2- 2      TO 1/4 MILE OR LESS
LOWEST:     39 ON  4                               3 = THUNDER
                        SNOW, ICE PELLETS, HAIL    4 = ICE PELLETS
                        TOTAL MONTH:    T          5 = HAIL
                        GRTST 24HR    T  ON 18-18  6 = FREEZING RAIN OR DRIZZLE
                        GRTST DEPTH:   0           7 = DUSTSTORM OR SANDSTORM:
                                                       VSBY 1/2 MILE OR LESS
                                                   8 = SMOKE OR HAZE
[NO. OF DAYS WITH]      [WEATHER - DAYS WITH]      9 = BLOWING SNOW
                                                   X = TORNADO
MAX 32 OR BELOW:   0    0.01 INCH OR MORE:   8
MAX 90 OR ABOVE:   1    0.10 INCH OR MORE:   1
MIN 32 OR BELOW:   0    0.50 INCH OR MORE:   0
MIN  0 OR BELOW:   0    1.00 INCH OR MORE:   0

[HDD (BASE 65) ]
TOTAL THIS MO.   108    CLEAR  (SCALE 0-3)   3
DPTR FM NORMAL  -153    PTCLDY (SCALE 4-7)  19
TOTAL FM JUL 1  5318    CLOUDY (SCALE 8-10)  4
DPTR FM NORMAL  -865

[CDD (BASE 65) ]
TOTAL THIS MO.    22
DPTR FM NORMAL    20    [PRESSURE DATA]
TOTAL FM JAN 1    22    HIGHEST SLP M ON M
DPTR FM NORMAL    19    LOWEST  SLP 29.56 ON 11

[REMARKS]
