000
CXUS53 KARX 200930
CF6DEH
PRELIMINARY LOCAL CLIMATOLOGICAL DATA (WS FORM: F-6)

                                          STATION:   DECORAH IA
                                          MONTH:     APRIL
                                          YEAR:      2018
                                          LATITUDE:   43 16 N
                                          LONGITUDE:  91 44 W

  TEMPERATURE IN F:       :PCPN:    SNOW:  WIND      :SUNSHINE: SKY     :PK WND
================================================================================
1   2   3   4   5  6A  6B    7    8   9   10  11  12  13   14  15   16   17  18
                                     12Z  AVG MX 2MIN
DY MAX MIN AVG DEP HDD CDD  WTR  SNW DPTH SPD SPD DIR MIN PSBL S-S WX    SPD DR
================================================================================

 1  32  14  23   M  42   0 0.00  0.0    0  6.8 10 260   M    M   1        20 310
 2  37  21  29   M  36   0 0.00  0.0    0  6.2 15 150   M    M   4        22 150
 3  34  25  30   M  35   0 0.17    M    M 10.5 20 330   M    M   9 1      29 330
 4  25  12  19   M  46   0 0.00  0.0    M  8.3 16 330   M    M   5        27 310
 5  37  14  26   M  39   0 0.00  0.0    M  4.2  8 150   M    M   6         M  M
 6  32  14  23   M  42   0 0.00  0.0    M 15.3 27 330   M    M   4        37 320
 7  30  10  20   M  45   0 0.00  0.0    M  8.7 14 310   M    M   1        23 340
 8  36  16  26   M  39   0 0.05    M    M  2.3  8 150   M    M   3        14 130
 9  36  25  31   M  34   0 0.03    M    M  5.7  9 340   M    M   7         M  M
10  37  25  31   M  34   0 0.00  0.0    M  5.4 10 160   M    M   7        17  99
11  54  32  43   M  22   0 0.04  0.0    0  6.2 15 140   M    M   3 1      20 130
12  57  41  49   M  16   0 0.01    M    0  8.5 15 150   M    M   3 1      20 340
13  45  34  40   M  25   0 1.17  0.0    0 15.7 22  80   M    M   9 13     36  60
14  34  25  30   M  35   0 0.41    M    0 22.2 32  60   M    M   9 1      45  70
15  25  23  24   M  41   0 0.02    M    M 12.5 18  10   M    M   9        28  10
16  30  23  27   M  38   0    M    M    M 12.7 22 330   M    M  10        28 320
17  39  25  32   M  33   0 0.00  0.0    M  7.5 13 330   M    M   2        18 340
18  32  28  30   M  35   0 0.34    M    M  8.2 13  60   M    M   6        17  80
19  43  25  34   M  31   0 0.00  0.0    M  5.6 12 330   M    M   0         M  M
================================================================================
SM  695  432       668   0  2.24     0.0 172.5          M       98
================================================================================
AV 36.6 22.7                               9.1 FASTST   M    M   5    MAX(MPH)
                                 MISC ---->  # 32  60               # 45   70
================================================================================
NOTES:
# LAST OF SEVERAL OCCURRENCES

COLUMN 17 PEAK WIND IN M.P.H.

PRELIMINARY LOCAL CLIMATOLOGICAL DATA (WS FORM: F-6) , PAGE 2

                                          STATION:  DECORAH IA
                                          MONTH:    APRIL
                                          YEAR:     2018
                                          LATITUDE:   43 16 N
                                          LONGITUDE:  91 44 W

[TEMPERATURE DATA]      [PRECIPITATION DATA]       SYMBOLS USED IN COLUMN 16

AVERAGE MONTHLY: 29.7   TOTAL FOR MONTH:   2.24    1 = FOG OR MIST
DPTR FM NORMAL:     M   DPTR FM NORMAL:       M    2 = FOG REDUCING VISIBILITY
HIGHEST:    57 ON 12    GRTST 24HR  1.17 ON 13-13      TO 1/4 MILE OR LESS
LOWEST:     10 ON  7                               3 = THUNDER
                        SNOW, ICE PELLETS, HAIL    4 = ICE PELLETS
                        TOTAL MONTH:   0.0 INCH    5 = HAIL
                        GRTST 24HR     0.0         6 = FREEZING RAIN OR DRIZZLE
                        GRTST DEPTH:   0           7 = DUSTSTORM OR SANDSTORM:
                                                       VSBY 1/2 MILE OR LESS
                                                   8 = SMOKE OR HAZE
[NO. OF DAYS WITH]      [WEATHER - DAYS WITH]      9 = BLOWING SNOW
                                                   X = TORNADO
MAX 32 OR BELOW:   7    0.01 INCH OR MORE:   9
MAX 90 OR ABOVE:   0    0.10 INCH OR MORE:   4
MIN 32 OR BELOW:  17    0.50 INCH OR MORE:   1
MIN  0 OR BELOW:   0    1.00 INCH OR MORE:   1

[HDD (BASE 65) ]
TOTAL THIS MO.   668    CLEAR  (SCALE 0-3)   7
DPTR FM NORMAL     M    PTCLDY (SCALE 4-7)   7
TOTAL FM JUL 1  7105    CLOUDY (SCALE 8-10)  5
DPTR FM NORMAL     M

[CDD (BASE 65) ]
TOTAL THIS MO.     0
DPTR FM NORMAL     M    [PRESSURE DATA]
TOTAL FM JAN 1     0    HIGHEST SLP M ON M
DPTR FM NORMAL     M    LOWEST  SLP M ON M

[REMARKS]
