267
CXUS54 KSHV 241500
CF6DEQ
PRELIMINARY LOCAL CLIMATOLOGICAL DATA (WS FORM: F-6)

                                          STATION:   DE QUEEN
                                          MONTH:     MAY
                                          YEAR:      2018
                                          LATITUDE:   34  2 N
                                          LONGITUDE:  94 24 W

  TEMPERATURE IN F:       :PCPN:    SNOW:  WIND      :SUNSHINE: SKY     :PK WND
================================================================================
1   2   3   4   5  6A  6B    7    8   9   10  11  12  13   14  15   16   17  18
                                     12Z  AVG MX 2MIN
DY MAX MIN AVG DEP HDD CDD  WTR  SNW DPTH SPD SPD DIR MIN PSBL S-S WX    SPD DR
================================================================================

 1  80  57  69   3   0   4 0.00  0.0    0  5.7 15 170   M    M   8        21 150
 2  82  69  76  10   0  11    T  0.0    0  5.4 17 140   M    M   9        22 150
 3  77  65  71   5   0   6 0.46  0.0    0  5.9 17 250   M    M  10 13     38 270
 4  71  62  67   0   0   2 0.03  0.0    0  3.0 13 270   M    M   9 1      16 270
 5  82  55  69   2   0   4 0.00  0.0    0  3.6 13  50   M    M   3 12     19  70
 6  85  52  69   2   0   4 0.00  0.0    0  3.5 14 240   M    M   1 1      17 270
 7  88  56  72   5   0   7 0.00  0.0    0  2.8 12 260   M    M   0 1      15 260
 8  88  59  74   6   0   9 0.00  0.0    0  4.3 12 240   M    M   0 12      M  M
 9  88  62  75   7   0  10 0.00  0.0    0  5.6 21 240   M    M   0 1      25 230
10  85  57  71   3   0   6 0.00  0.0    0  4.6 15 170   M    M   0 12     21 230
11  87  58  73   5   0   8 0.00  0.0    0  6.5 17 210   M    M   1 1      23 200
12  87  65  76   7   0  11 0.00  0.0    0  5.3 15 190   M    M   3 1      23 170
13  89  62  76   7   0  11 0.00  0.0    0  3.1 13 180   M    M   1 12     17 170
14  90  65  78   9   0  13 0.00  0.0    0  4.1 14 190   M    M   1 1      19 190
15  86  65  76   6   0  11    T  0.0    0  2.9 14 260   M    M   2 1      18 270
16  88  62  75   5   0  10    T  0.0    0  3.6 16 250   M    M   1 13     20 360
17  91  57  74   4   0   9 0.00  0.0    0  1.6  7 300   M    M   1 1      13 320
18  91  65  78   8   0  13 0.00  0.0    0  4.9 13 100   M    M   1 1      19 140
19  91  66  79   8   0  14 0.00  0.0    0  4.5 13 180   M    M   2 1      20 200
20  89  68  79   8   0  14 0.00  0.0    0  3.8 12 280   M    M   2 1      15 280
21  88  68  78   7   0  13 0.00  0.0    0  2.2 10 140   M    M   5 1      18 120
22  90  67  79   8   0  14    T  0.0    0  3.4 14  40   M    M   2 123    19  60
23  91  68  80   8   0  15 0.89  0.0    0  4.5 28 350   M    M   2 13     40 330
================================================================================
SM 1984 1430         0 219  1.38     0.0  94.8          M       64
================================================================================
AV 86.3 62.2                               4.1 FASTST   M    M   3    MAX(MPH)
                                 MISC ---->  # 28 350               # 40  330
================================================================================
NOTES:
# LAST OF SEVERAL OCCURRENCES

COLUMN 17 PEAK WIND IN M.P.H.

PRELIMINARY LOCAL CLIMATOLOGICAL DATA (WS FORM: F-6) , PAGE 2

                                          STATION:  DE QUEEN
                                          MONTH:    MAY
                                          YEAR:     2018
                                          LATITUDE:   34  2 N
                                          LONGITUDE:  94 24 W

[TEMPERATURE DATA]      [PRECIPITATION DATA]       SYMBOLS USED IN COLUMN 16

AVERAGE MONTHLY: 74.2   TOTAL FOR MONTH:   1.38    1 = FOG OR MIST
DPTR FM NORMAL:   5.5   DPTR FM NORMAL:   -3.14    2 = FOG REDUCING VISIBILITY
HIGHEST:    91 ON 23,19 GRTST 24HR  0.89 ON 23-23      TO 1/4 MILE OR LESS
LOWEST:     52 ON  6                               3 = THUNDER
                        SNOW, ICE PELLETS, HAIL    4 = ICE PELLETS
                        TOTAL MONTH:   0.0 INCH    5 = HAIL
                        GRTST 24HR     0.0         6 = FREEZING RAIN OR DRIZZLE
                        GRTST DEPTH:   0           7 = DUSTSTORM OR SANDSTORM:
                                                       VSBY 1/2 MILE OR LESS
                                                   8 = SMOKE OR HAZE
[NO. OF DAYS WITH]      [WEATHER - DAYS WITH]      9 = BLOWING SNOW
                                                   X = TORNADO
MAX 32 OR BELOW:   0    0.01 INCH OR MORE:   3
MAX 90 OR ABOVE:   6    0.10 INCH OR MORE:   2
MIN 32 OR BELOW:   0    0.50 INCH OR MORE:   1
MIN  0 OR BELOW:   0    1.00 INCH OR MORE:   0

[HDD (BASE 65) ]
TOTAL THIS MO.     0    CLEAR  (SCALE 0-3)  17
DPTR FM NORMAL   -21    PTCLDY (SCALE 4-7)   3
TOTAL FM JUL 1  2877    CLOUDY (SCALE 8-10)  3
DPTR FM NORMAL  -165

[CDD (BASE 65) ]
TOTAL THIS MO.   219
DPTR FM NORMAL   112    [PRESSURE DATA]
TOTAL FM JAN 1   239    HIGHEST SLP M ON M
DPTR FM NORMAL    85    LOWEST  SLP 29.76 ON 18

[REMARKS]
