000
CXUS53 KDTX 260800
CF6DTW
PRELIMINARY LOCAL CLIMATOLOGICAL DATA (WS FORM: F-6)

                                          STATION:   DETROIT MI
                                          MONTH:     APRIL
                                          YEAR:      2018
                                          LATITUDE:   42 13 N
                                          LONGITUDE:  83 20 W

  TEMPERATURE IN F:       :PCPN:    SNOW:  WIND      :SUNSHINE: SKY     :PK WND
================================================================================
1   2   3   4   5  6A  6B    7    8   9   10  11  12  13   14  15   16   17  18
                                     12Z  AVG MX 2MIN
DY MAX MIN AVG DEP HDD CDD  WTR  SNW DPTH SPD SPD DIR MIN PSBL S-S WX    SPD DR
================================================================================

 1  43  29  36  -8  29   0 0.00  0.0    0  9.2 23 310   M    M   8        29 310
 2  42  24  33 -11  32   0 0.00  0.0    0  5.8 15 170   M    M   8        19 160
 3  42  35  39  -5  26   0 0.89  0.0    0  8.8 17 260   M    M  10 138    26 240
 4  38  28  33 -12  32   0    T  0.1    T 20.8 33 280   M    M  10 18     45 260
 5  45  27  36  -9  29   0    T    T    T 11.2 20 250   M    M   7        31 270
 6  46  27  37  -9  28   0 0.12  1.0    1 14.4 29 280   M    M   9 18     34 260
 7  40  22  31 -15  34   0 0.00  0.0    0  9.0 18 270   M    M   3        23 270
 8  42  21  32 -14  33   0 0.00  0.0    0  6.0 14 310   M    M   6        20 120
 9  40  31  36 -11  29   0 0.03  0.3    0  5.0 12 130   M    M  10 18     17 100
10  47  30  39  -8  26   0    T    T    0  7.7 17 240   M    M   8 18     21 220
11  58  35  47  -1  18   0    T    T    0 11.1 26 230   M    M   9 8      32 220
12  76  42  59  11   6   0 0.04  0.0    0 11.6 33 230   M    M   9 18     45 240
13  60  39  50   2  15   0 0.00  0.0    0  9.2 16  30   M    M   9 8      22  60
14  46  32  39 -10  26   0 0.83  0.0    0 15.5 26  60   M    M  10 18     35  60
15  42  32  37 -12  28   0 1.46  0.0    0 11.8 25  60   M    M  10 126    33 100
16  38  32  35 -15  30   0 0.01  0.2    0 14.8 23 280   M    M  10 18     32 280
17  38  29  34 -16  31   0 0.03  0.8    T 14.2 24 270   M    M  10 189    31 280
18  46  33  40 -10  25   0 0.01    T    0  7.0 17  30   M    M   9 8      23  30
19  55  35  45  -6  20   0 0.00  0.0    0 12.1 28 320   M    M   4        33 320
20  59  32  46  -5  19   0 0.00  0.0    0  5.1 14  20   M    M   1        24 350
21  57  34  46  -5  19   0 0.00  0.0    0  2.7 12 170   M    M   8 8      14 170
22  62  35  49  -3  16   0 0.00  0.0    0  5.8 16  70   M    M   5 8      21 120
23  72  42  57   5   8   0 0.00  0.0    0  7.4 23 180   M    M   7        27 170
24  58  51  55   3  10   0 0.21  0.0    0  6.7 16 130   M    M  10 18     19 130
25  62  43  53   0  12   0 0.02  0.0    0  9.4 20 350   M    M   6 18     25 320
================================================================================
SM 1254  820       581   0  3.65     2.4 242.3          M      196
================================================================================
AV 50.2 32.8                               9.7 FASTST   M    M   8    MAX(MPH)
                                 MISC ---->  # 33 280               # 45  260
================================================================================
NOTES:
# LAST OF SEVERAL OCCURRENCES

COLUMN 17 PEAK WIND IN M.P.H.

PRELIMINARY LOCAL CLIMATOLOGICAL DATA (WS FORM: F-6) , PAGE 2

                                          STATION:  DETROIT MI
                                          MONTH:    APRIL
                                          YEAR:     2018
                                          LATITUDE:   42 13 N
                                          LONGITUDE:  83 20 W

[TEMPERATURE DATA]      [PRECIPITATION DATA]       SYMBOLS USED IN COLUMN 16

AVERAGE MONTHLY: 41.5   TOTAL FOR MONTH:   3.65    1 = FOG OR MIST
DPTR FM NORMAL:  -6.8   DPTR FM NORMAL:    1.24    2 = FOG REDUCING VISIBILITY
HIGHEST:    76 ON 12    GRTST 24HR  1.46 ON 15-15      TO 1/4 MILE OR LESS
LOWEST:     21 ON  8                               3 = THUNDER
                        SNOW, ICE PELLETS, HAIL    4 = ICE PELLETS
                        TOTAL MONTH:   2.4 INCHES  5 = HAIL
                        GRTST 24HR   1.0 ON  6- 6  6 = FREEZING RAIN OR DRIZZLE
                        GRTST DEPTH:   1 ON  6     7 = DUSTSTORM OR SANDSTORM:
                                                       VSBY 1/2 MILE OR LESS
                                                   8 = SMOKE OR HAZE
[NO. OF DAYS WITH]      [WEATHER - DAYS WITH]      9 = BLOWING SNOW
                                                   X = TORNADO
MAX 32 OR BELOW:   0    0.01 INCH OR MORE:  11
MAX 90 OR ABOVE:   0    0.10 INCH OR MORE:   5
MIN 32 OR BELOW:  14    0.50 INCH OR MORE:   3
MIN  0 OR BELOW:   0    1.00 INCH OR MORE:   1

[HDD (BASE 65) ]
TOTAL THIS MO.   581    CLEAR  (SCALE 0-3)   1
DPTR FM NORMAL   159    PTCLDY (SCALE 4-7)  11
TOTAL FM JUL 1  5927    CLOUDY (SCALE 8-10) 13
DPTR FM NORMAL    90

[CDD (BASE 65) ]
TOTAL THIS MO.     0
DPTR FM NORMAL     0    [PRESSURE DATA]
TOTAL FM JAN 1     0    HIGHEST SLP M ON M
DPTR FM NORMAL     0    LOWEST  SLP 29.42 ON M

[REMARKS]
