000
CXUS54 KMAF 281110
CF6E38
PRELIMINARY LOCAL CLIMATOLOGICAL DATA (WS FORM: F-6)
STATION: ALPINE-CASPARIS MUNICIPAL
MONTH: MARCH
YEAR: 2024
LATITUDE: 30 23 N
LONGITUDE: 103 41 W
TEMPERATURE IN F: :PCPN: SNOW: WIND :SUNSHINE: SKY :PK WND
================================================================================
1 2 3 4 5 6A 6B 7 8 9 10 11 12 13 14 15 16 17 18
12Z AVG MX 2MIN
DY MAX MIN AVG DEP HDD CDD WTR SNW DPTH SPD SPD DIR MIN PSBL S-S WX SPD DR
================================================================================
1 69 45 57 M 8 0 M M M 9.4 23 250 M M 0 29 250
2 75 45 60 M 5 0 M M M 9.0 17 240 M M 0 24 250
3 74 44 59 M 6 0 M M M 8.8 18 260 M M 0 26 260
4 73 47 60 M 5 0 M M M 8.6 20 250 M M 0 24 250
5 72 41 57 M 8 0 M M M 7.2 18 240 M M 0 25 250
6 77 44 61 M 4 0 M M M 5.1 13 200 M M 0 17 280
7 72 49 61 M 4 0 M M M 8.2 20 260 M M 1 26 260
8 63 41 52 M 13 0 M M M 10.5 20 270 M M 2 29 40
9 50 35 43 M 22 0 M M M 6.2 14 50 M M 3 18 50
10 61 30 46 M 19 0 M M M 3.0 14 160 M M 0 16 160
11 71 39 55 M 10 0 M M M 5.2 16 210 M M 0 21 210
12 75 46 61 M 4 0 M M M 7.7 18 250 M M 0 24 240
13 78 45 62 M 3 0 M M M 10.6 24 230 M M 0 31 230
14 77 42 60 M 5 0 M M M 5.1 10 70 M M 0 20 200
15 63 43 53 M 12 0 M M M 8.6 17 10 M M 8 25 20
16 55 43 49 M 16 0 0.01 M M 2.9 12 50 M M 10 M M
17 58 45 52 M 13 0 0.01 M M 4.8 15 60 M M 9 20 0
18 52 44 48 M 17 0 M M M 6.9 14 80 M M 10 17 80
19 69 44 57 M 8 0 M M M 2.2 13 190 M M 6 17 220
20 69 45 57 M 8 0 M M M 4.2 17 280 M M 6 25 280
21 68 44 56 M 9 0 M M M 9.6 18 280 M M 2 31 250
22 75 50 63 M 2 0 M M M 7.8 15 250 M M 0 25 310
23 75 51 63 M 2 0 M M M 9.8 20 150 M M 0 26 190
24 74 50 62 M 3 0 M M M 17.0 31 260 M M 2 39 240
25 59 43 51 M 14 0 M M M 16.8 37 230 M M 4 46 240
26 61 38 50 M 15 0 M M M 8.3 23 250 M M 2 32 270
27 65 37 51 M 14 0 M M M 7.2 20 300 M M 0 31 290
================================================================================
SM 1830 1170 249 0 0.02 M 210.7 M 65
================================================================================
AV 67.8 43.3 7.8 FASTST M M 2 MAX(MPH)
MISC ----> 37 230 46 240
================================================================================
NOTES:
# LAST OF SEVERAL OCCURRENCES
COLUMN 17 PEAK WIND IN M.P.H.
PRELIMINARY LOCAL CLIMATOLOGICAL DATA (WS FORM: F-6) , PAGE 2
STATION: ALPINE-CASPARIS MUNICIPAL
MONTH: MARCH
YEAR: 2024
LATITUDE: 30 23 N
LONGITUDE: 103 41 W
[TEMPERATURE DATA] [PRECIPITATION DATA] SYMBOLS USED IN COLUMN 16
AVERAGE MONTHLY: 55.6 TOTAL FOR MONTH: 0.02 1 = FOG OR MIST
DPTR FM NORMAL: 0.0 DPTR FM NORMAL: 0.02 2 = FOG REDUCING VISIBILITY
HIGHEST: 78 ON 13 GRTST 24HR 0.01 ON 16-16 TO 1/4 MILE OR LESS
LOWEST: 30 ON 10 3 = THUNDER
SNOW, ICE PELLETS, HAIL 4 = ICE PELLETS
TOTAL MONTH: M 5 = HAIL
GRTST 24HR M ON M 6 = FREEZING RAIN OR DRIZZLE
GRTST DEPTH: M ON M 7 = DUSTSTORM OR SANDSTORM:
VSBY 1/2 MILE OR LESS
8 = SMOKE OR HAZE
[NO. OF DAYS WITH] [WEATHER - DAYS WITH] 9 = BLOWING SNOW
X = TORNADO
MAX 32 OR BELOW: 0 0.01 INCH OR MORE: 2
MAX 90 OR ABOVE: 0 0.10 INCH OR MORE: 0
MIN 32 OR BELOW: 1 0.50 INCH OR MORE: 0
MIN 0 OR BELOW: 0 1.00 INCH OR MORE: 0
[HDD (BASE 65) ]
TOTAL THIS MO. 249 CLEAR (SCALE 0-3) 20
DPTR FM NORMAL M PTCLDY (SCALE 4-7) 4
TOTAL FM JUL 1 2037 CLOUDY (SCALE 8-10) 3
DPTR FM NORMAL M
[CDD (BASE 65) ]
TOTAL THIS MO. 0
DPTR FM NORMAL M [PRESSURE DATA]
TOTAL FM JAN 1 12 HIGHEST SLP M ON M
DPTR FM NORMAL M LOWEST SLP M ON M
[REMARKS]