000
CXUS55 KVEF 170910
CF6EED
PRELIMINARY LOCAL CLIMATOLOGICAL DATA (WS FORM: F-6)
STATION: NEEDLES CA
MONTH: APRIL
YEAR: 2024
LATITUDE: 34 46 N
LONGITUDE: 114 37 W
TEMPERATURE IN F: :PCPN: SNOW: WIND :SUNSHINE: SKY :PK WND
================================================================================
1 2 3 4 5 6A 6B 7 8 9 10 11 12 13 14 15 16 17 18
12Z AVG MX 2MIN
DY MAX MIN AVG DEP HDD CDD WTR SNW DPTH SPD SPD DIR MIN PSBL S-S WX SPD DR
================================================================================
1 72 53 63 -7 2 0 0.00 M M 4.7 17 240 M M 6 M M
2 80 50 65 -5 0 0 0.00 M M 7.4 21 360 M M 0 27 350
3 84 53 69 -2 0 4 0.00 M M 5.0 15 230 M M 0 8 22 240
4 85 60 73 2 0 8 0.00 M M 14.4 33 190 M M 0 44 170
5 67 51 59 -12 6 0 T M M 11.5 26 260 M M 2 3 34 280
6 70 47 59 -12 6 0 0.00 M M 7.1 15 110 M M 0 20 130
7 74 46 60 -12 5 0 0.00 M M 5.7 14 230 M M 0 19 210
8 76 53 65 -7 0 0 0.00 M M 16.0 30 360 M M 1 40 360
9 81 59 70 -2 0 5 0.00 M M 14.8 30 350 M M 0 39 360
10 89 55 72 0 0 7 0.00 M M 8.9 18 10 M M 0 27 10
11 93 57 75 3 0 10 0.00 M M 4.8 13 230 M M 0 18 70
12 93 59 76 3 0 11 0.00 M M 10.2 26 180 M M 0 38 190
13 86 62 74 1 0 9 0.00 M M 15.3 29 220 M M 0 40 140
14 78 57 68 -5 0 3 0.00 M M 9.1 23 290 M M 0 8 31 220
15 80 54 67 -6 0 2 0.00 M M 5.5 16 270 M M 0 22 230
16 89 56 73 -1 0 8 0.00 M M 4.8 12 230 M M 0 18 350
================================================================================
SM 1297 872 19 67 T M 145.2 M 9
================================================================================
AV 81.1 54.5 9.1 FASTST M M 1 MAX(MPH)
MISC ----> 33 190 44 170
================================================================================
NOTES:
# LAST OF SEVERAL OCCURRENCES
COLUMN 17 PEAK WIND IN M.P.H.
PRELIMINARY LOCAL CLIMATOLOGICAL DATA (WS FORM: F-6) , PAGE 2
STATION: NEEDLES CA
MONTH: APRIL
YEAR: 2024
LATITUDE: 34 46 N
LONGITUDE: 114 37 W
[TEMPERATURE DATA] [PRECIPITATION DATA] SYMBOLS USED IN COLUMN 16
AVERAGE MONTHLY: 67.8 TOTAL FOR MONTH: T 1 = FOG OR MIST
DPTR FM NORMAL: -4.1 DPTR FM NORMAL: -0.13 2 = FOG REDUCING VISIBILITY
HIGHEST: 93 ON 12,11 GRTST 24HR 0.06 ON 31- 1 TO 1/4 MILE OR LESS
LOWEST: 46 ON 7 3 = THUNDER
SNOW, ICE PELLETS, HAIL 4 = ICE PELLETS
TOTAL MONTH: M 5 = HAIL
GRTST 24HR M ON M 6 = FREEZING RAIN OR DRIZZLE
GRTST DEPTH: M ON M 7 = DUSTSTORM OR SANDSTORM:
VSBY 1/2 MILE OR LESS
8 = SMOKE OR HAZE
[NO. OF DAYS WITH] [WEATHER - DAYS WITH] 9 = BLOWING SNOW
X = TORNADO
MAX 32 OR BELOW: 0 0.01 INCH OR MORE: 0
MAX 90 OR ABOVE: 2 0.10 INCH OR MORE: 0
MIN 32 OR BELOW: 0 0.50 INCH OR MORE: 0
MIN 0 OR BELOW: 0 1.00 INCH OR MORE: 0
[HDD (BASE 65) ]
TOTAL THIS MO. 19 CLEAR (SCALE 0-3) 15
DPTR FM NORMAL 9 PTCLDY (SCALE 4-7) 1
TOTAL FM JUL 1 926 CLOUDY (SCALE 8-10) 0
DPTR FM NORMAL -11
[CDD (BASE 65) ]
TOTAL THIS MO. 67
DPTR FM NORMAL -53 [PRESSURE DATA]
TOTAL FM JAN 1 117 HIGHEST SLP M ON M
DPTR FM NORMAL -135 LOWEST SLP 29.55 ON 4
[REMARKS]