000
CXUS54 KBMX 251110
CF6EET
PRELIMINARY LOCAL CLIMATOLOGICAL DATA (WS FORM: F-6)

                                          STATION:   SHELBY COUNTY AIRPORT
                                          MONTH:     APRIL
                                          YEAR:      2018
                                          LATITUDE:   33 10 N
                                          LONGITUDE:  86 47 W

  TEMPERATURE IN F:       :PCPN:    SNOW:  WIND      :SUNSHINE: SKY     :PK WND
================================================================================
1   2   3   4   5  6A  6B    7    8   9   10  11  12  13   14  15   16   17  18
                                     12Z  AVG MX 2MIN
DY MAX MIN AVG DEP HDD CDD  WTR  SNW DPTH SPD SPD DIR MIN PSBL S-S WX    SPD DR
================================================================================

 1  80  46  63   4   2   0 0.00  0.0    0  2.5 10 200   M    M   0        15 240
 2  79  51  65   6   0   0 0.00  0.0    0  3.5 14 210   M    M   0        20 180
 3  83  62  73  13   0   8 0.19  0.0    0  8.9 20 300   M    M   5 13     29 290
 4  63  43  53  -7  12   0 0.13  0.0    0  6.7 18 340   M    M   2 13     28 340
 5  68  38  53  -7  12   0 0.00  0.0    0  2.4 10  50   M    M   0        14  90
 6  75  48  62   2   3   0 0.90  0.0    0  3.6 18 160   M    M   8 1      22 160
 7  60  38  49 -11  16   0 0.03  0.0    0  8.4 21 150   M    M  10 1      29 150
 8  64  37  51 -10  14   0 0.00  0.0    0  3.7 10 140   M    M   5        16 360
 9  72  54  63   2   2   0 0.00  0.0    0  2.2  9 300   M    M   7        13 320
10  72  53  63   2   2   0 0.00  0.0    0  4.5 14 310   M    M   2        18 320
11  74  45  60  -1   5   0 0.00  0.0    0  1.7  8 310   M    M   0        12 320
12  80  46  63   1   2   0 0.00  0.0    0  4.9 16 160   M    M   0        22 160
13  81  55  68   6   0   3 0.00  0.0    0  7.9 17 150   M    M   0        22 150
14  79  63  71   9   0   6 3.95  0.0    0  8.4 22 170   M    M   8 13     29 180
15  64  41  53  -9  12   0 0.51  0.0    0  8.7 17 300   M    M  10 1      28 300
16  58  36  47 -16  18   0 0.00  0.0    0  7.2 18 290   M    M   1        26 310
17  77  38  58  -5   7   0 0.00  0.0    0  5.2 14 220   M    M   0        20 230
18  80  54  67   4   0   2 0.00  0.0    0  7.2 16 190   M    M   2        25 210
19  68  48  58  -5   7   0 0.00  0.0    0  8.5 17 320   M    M   1        23 310
20  71  43  57  -7   8   0 0.00  0.0    0  3.9 12  50   M    M   0 8      20  80
21  75  47  61  -3   4   0 0.00  0.0    0  4.7 12 130   M    M   3        19 140
22  65  61  63  -1   2   0 1.34  0.0    0  8.7 17 140   M    M  10 13     30 160
23  70  59  65   1   0   0 0.27  0.0    0  3.7 12 220   M    M   8 1      16 230
24  65  53  59  -6   6   0 0.01  0.0    0  4.7 10 290   M    M   7        15 320
================================================================================
SM 1723 1159       134  19  7.33     0.0 131.8          M       89
================================================================================
AV 71.8 48.3                               5.5 FASTST   M    M   4    MAX(MPH)
                                 MISC ---->  # 22 170               # 30  160
================================================================================
NOTES:
# LAST OF SEVERAL OCCURRENCES

COLUMN 17 PEAK WIND IN M.P.H.

PRELIMINARY LOCAL CLIMATOLOGICAL DATA (WS FORM: F-6) , PAGE 2

                                          STATION:  SHELBY COUNTY AIRPORT
                                          MONTH:    APRIL
                                          YEAR:     2018
                                          LATITUDE:   33 10 N
                                          LONGITUDE:  86 47 W

[TEMPERATURE DATA]      [PRECIPITATION DATA]       SYMBOLS USED IN COLUMN 16

AVERAGE MONTHLY: 60.0   TOTAL FOR MONTH:   7.33    1 = FOG OR MIST
DPTR FM NORMAL:  -1.8   DPTR FM NORMAL:    4.19    2 = FOG REDUCING VISIBILITY
HIGHEST:    83 ON  3    GRTST 24HR  3.95 ON 14-14      TO 1/4 MILE OR LESS
LOWEST:     36 ON 16                               3 = THUNDER
                        SNOW, ICE PELLETS, HAIL    4 = ICE PELLETS
                        TOTAL MONTH:   0.0 INCH    5 = HAIL
                        GRTST 24HR     0.0         6 = FREEZING RAIN OR DRIZZLE
                        GRTST DEPTH:   0           7 = DUSTSTORM OR SANDSTORM:
                                                       VSBY 1/2 MILE OR LESS
                                                   8 = SMOKE OR HAZE
[NO. OF DAYS WITH]      [WEATHER - DAYS WITH]      9 = BLOWING SNOW
                                                   X = TORNADO
MAX 32 OR BELOW:   0    0.01 INCH OR MORE:   9
MAX 90 OR ABOVE:   0    0.10 INCH OR MORE:   7
MIN 32 OR BELOW:   0    0.50 INCH OR MORE:   4
MIN  0 OR BELOW:   0    1.00 INCH OR MORE:   2

[HDD (BASE 65) ]
TOTAL THIS MO.   134    CLEAR  (SCALE 0-3)  13
DPTR FM NORMAL    18    PTCLDY (SCALE 4-7)   7
TOTAL FM JUL 1  2332    CLOUDY (SCALE 8-10)  4
DPTR FM NORMAL  -222

[CDD (BASE 65) ]
TOTAL THIS MO.    19
DPTR FM NORMAL   -21    [PRESSURE DATA]
TOTAL FM JAN 1    77    HIGHEST SLP M ON M
DPTR FM NORMAL    20    LOWEST  SLP 29.72 ON 15

[REMARKS]
