000
CXUS53 KGRB 250820
CF6GRB
PRELIMINARY LOCAL CLIMATOLOGICAL DATA (WS FORM: F-6)

                                          STATION:   GREEN BAY WI
                                          MONTH:     APRIL
                                          YEAR:      2018
                                          LATITUDE:   44 28 N
                                          LONGITUDE:  88  8 W

  TEMPERATURE IN F:       :PCPN:    SNOW:  WIND      :SUNSHINE: SKY     :PK WND
================================================================================
1   2   3   4   5  6A  6B    7    8   9   10  11  12  13   14  15   16   17  18
                                     12Z  AVG MX 2MIN
DY MAX MIN AVG DEP HDD CDD  WTR  SNW DPTH SPD SPD DIR MIN PSBL S-S WX    SPD DR
================================================================================

 1  32  16  24 -14  41   0 0.00  0.0    0 11.3 22 270   M    M   0        26 280
 2  38  21  30  -8  35   0 0.01  0.2    0  6.4 16  40   M    M   4 1      19  40
 3  32  22  27 -11  38   0 0.57  8.1    T 19.1 35  40   M    M  10 12     43  40
 4  32  18  25 -14  40   0 0.07  1.1    8 15.1 25 340   M    M   4 18     32 330
 5  36  15  26 -13  39   0 0.07  1.0    6  8.2 15 290   M    M   2 1      20 210
 6  31  16  24 -16  41   0 0.10  2.1    7 13.1 28 290   M    M   6 128    35 280
 7  30  11  21 -19  44   0 0.00  0.0    7 12.6 21 280   M    M   1        24 280
 8  37   9  23 -18  42   0 0.00  0.0    5  2.9 14 150   M    M   1        15 150
 9  42  23  33  -8  32   0 0.00  0.0    4  5.1 13 270   M    M   4        17 280
10  41  26  34  -8  31   0 0.00  0.0    2  9.2 21 260   M    M   4 8      25 260
11  50  30  40  -2  25   0 0.02  0.0    T  7.0 16 150   M    M   4        20 130
12  46  36  41  -1  24   0 0.25  0.0    0  7.4 13 330   M    M   9 12     16 330
13  36  29  33 -10  32   0 1.53  2.5    0 19.4 37  30   M    M   9 12346  47  30
14  31  24  28 -15  37   0 1.18 11.0    7 29.0 44  50   M    M  10 1249   49  50
15  28  25  27 -17  38   0 1.00 10.2   12 24.0 40  40   M    M  10 1249   51  40
16  35  25  30 -14  35   0 0.05  0.5   19 14.9 22 310   M    M  10 1      28 310
17  38  24  31 -14  34   0    T    T   15 11.0 20 320   M    M   9        27  70
18  36  31  34 -11  31   0 0.00  0.0   13 14.1 25  40   M    M   8        32  40
19  52  27  40  -5  25   0 0.00  0.0   12  7.8 18 360   M    M   0        22 360
20  50  21  36 -10  29   0 0.00  0.0    9  3.5 12 180   M    M   0        14 180
21  52  28  40  -6  25   0 0.00  0.0    7  4.1 10 170   M    M   0        13 180
22  57  29  43  -4  22   0 0.00  0.0    5  2.6 13 140   M    M   0        14 140
23  63  31  47   0  18   0 0.00  0.0    2  3.0  9  50   M    M   0        12  80
24  65  35  50   3  15   0 0.00  0.0    T  8.7 26  50   M    M   3        32  40
================================================================================
SM  990  572       773   0  4.85    36.7 259.5          M      108
================================================================================
AV 41.3 23.8                              10.8 FASTST   M    M   5    MAX(MPH)
                                 MISC ---->  # 44  50               # 51   40
================================================================================
NOTES:
# LAST OF SEVERAL OCCURRENCES

COLUMN 17 PEAK WIND IN M.P.H.

PRELIMINARY LOCAL CLIMATOLOGICAL DATA (WS FORM: F-6) , PAGE 2

                                          STATION:  GREEN BAY WI
                                          MONTH:    APRIL
                                          YEAR:     2018
                                          LATITUDE:   44 28 N
                                          LONGITUDE:  88  8 W

[TEMPERATURE DATA]      [PRECIPITATION DATA]       SYMBOLS USED IN COLUMN 16

AVERAGE MONTHLY: 32.5   TOTAL FOR MONTH:   4.85    1 = FOG OR MIST
DPTR FM NORMAL: -10.0   DPTR FM NORMAL:    2.76    2 = FOG REDUCING VISIBILITY
HIGHEST:    65 ON 24    GRTST 24HR  1.53 ON 13-13      TO 1/4 MILE OR LESS
LOWEST:      9 ON  8                               3 = THUNDER
                        SNOW, ICE PELLETS, HAIL    4 = ICE PELLETS
                        TOTAL MONTH:  36.7 INCHES  5 = HAIL
                        GRTST 24HR  11.0 ON 14-14  6 = FREEZING RAIN OR DRIZZLE
                        GRTST DEPTH:  19 ON 16     7 = DUSTSTORM OR SANDSTORM:
                                                       VSBY 1/2 MILE OR LESS
                                                   8 = SMOKE OR HAZE
[NO. OF DAYS WITH]      [WEATHER - DAYS WITH]      9 = BLOWING SNOW
                                                   X = TORNADO
MAX 32 OR BELOW:   7    0.01 INCH OR MORE:  11
MAX 90 OR ABOVE:   0    0.10 INCH OR MORE:   6
MIN 32 OR BELOW:  22    0.50 INCH OR MORE:   4
MIN  0 OR BELOW:   0    1.00 INCH OR MORE:   3

[HDD (BASE 65) ]
TOTAL THIS MO.   773    CLEAR  (SCALE 0-3)  10
DPTR FM NORMAL   234    PTCLDY (SCALE 4-7)   7
TOTAL FM JUL 1  7262    CLOUDY (SCALE 8-10)  7
DPTR FM NORMAL  -177

[CDD (BASE 65) ]
TOTAL THIS MO.     0
DPTR FM NORMAL     0    [PRESSURE DATA]
TOTAL FM JAN 1     0    HIGHEST SLP M ON M
DPTR FM NORMAL     0    LOWEST  SLP 29.56 ON 12

[REMARKS]
