832
CXUS54 KAMA 221015
CF6GUY
PRELIMINARY LOCAL CLIMATOLOGICAL DATA (WS FORM: F-6)

                                          STATION:   GUYMON
                                          MONTH:     APRIL
                                          YEAR:      2018
                                          LATITUDE:   36 41 N
                                          LONGITUDE: 101 30 W

  TEMPERATURE IN F:       :PCPN:    SNOW:  WIND      :SUNSHINE: SKY     :PK WND
================================================================================
1   2   3   4   5  6A  6B    7    8   9   10  11  12  13   14  15   16   17  18
                                     12Z  AVG MX 2MIN
DY MAX MIN AVG DEP HDD CDD  WTR  SNW DPTH SPD SPD DIR MIN PSBL S-S WX    SPD DR
================================================================================

 1  36  26  31 -20  34   0 0.00  0.0    0  9.2 16  10   M    M   5        21  30
 2  86  25  56   5   9   0 0.00  0.0    0 17.5 32 230   M    M   0        45 230
 3  61  29  45  -7  20   0 0.00  0.0    0 21.1 45 360   M    M   2        53  10
 4  70  22  46  -6  19   0 0.00  0.0    0 18.5 39 200   M    M   0        47 200
 5  76  42  59   7   6   0 0.00  0.0    0 11.8 20 350   M    M   0        24 190
 6  50  23  37 -15  28   0 0.00  0.0    0 16.7 29  20   M    M   7        37  20
 7  47  19  33 -20  32   0    T    T    0  9.4 17 160   M    M   4        24 170
 8  66  33  50  -3  15   0 0.00  0.0    0 13.2 29 190   M    M   1        36 190
 9  61  34  48  -5  17   0 0.01  0.0    0  9.3 24 350   M    M   6        28 360
10  76  33  55   1  10   0 0.00  0.0    0 13.9 30 220   M    M   2        38 220
11  92  50  71  17   0   6 0.00  0.0    0 12.2 24 230   M    M   0        30 230
12  94  42  68  14   0   3 0.00  0.0    0 19.3 43 220   M    M   0        55 220
13  76  33  55   1  10   0 0.14  0.0    0 21.2 37 340   M    M   5 1      49 340
14  52  29  41 -14  24   0 0.00  0.0    0 26.4 45 350   M    M   2        55 350
15  69  24  47  -8  18   0 0.00  0.0    0  8.7 16 350   M    M   1        24 330
16  88  31  60   5   5   0 0.00  0.0    0 11.8 31 210   M    M   0        37 220
17  91  35  63   7   2   0 0.00  0.0    0 20.7 43 230   M    M   1        55 240
18  67  36  52  -4  13   0 0.00  0.0    0 16.1 35 340   M    M   0        45 330
19  69  33  51  -5  14   0 0.00  0.0    0 10.3 23 140   M    M   0        32 130
20  57  43  50  -7  15   0 0.65  0.0    0 13.7 30  90   M    M   9 13     39  90
21  48  40  44 -13  21   0 0.02  0.0    0 11.2 20 360   M    M  10 1      29  90
================================================================================
SM 1432  682       312   9  0.82    T    312.2          M       55
================================================================================
AV 68.2 32.5                              14.9 FASTST   M    M   3    MAX(MPH)
                                 MISC ---->  # 45 360               # 55  220
================================================================================
NOTES:
# LAST OF SEVERAL OCCURRENCES

COLUMN 17 PEAK WIND IN M.P.H.

PRELIMINARY LOCAL CLIMATOLOGICAL DATA (WS FORM: F-6) , PAGE 2

                                          STATION:  GUYMON
                                          MONTH:    APRIL
                                          YEAR:     2018
                                          LATITUDE:   36 41 N
                                          LONGITUDE: 101 30 W

[TEMPERATURE DATA]      [PRECIPITATION DATA]       SYMBOLS USED IN COLUMN 16

AVERAGE MONTHLY: 50.3   TOTAL FOR MONTH:   0.82    1 = FOG OR MIST
DPTR FM NORMAL:  -3.6   DPTR FM NORMAL:   -0.22    2 = FOG REDUCING VISIBILITY
HIGHEST:    94 ON 12    GRTST 24HR  0.65 ON 20-20      TO 1/4 MILE OR LESS
LOWEST:     19 ON  7                               3 = THUNDER
                        SNOW, ICE PELLETS, HAIL    4 = ICE PELLETS
                        TOTAL MONTH:    T          5 = HAIL
                        GRTST 24HR    T  ON  7- 7  6 = FREEZING RAIN OR DRIZZLE
                        GRTST DEPTH:   0           7 = DUSTSTORM OR SANDSTORM:
                                                       VSBY 1/2 MILE OR LESS
                                                   8 = SMOKE OR HAZE
[NO. OF DAYS WITH]      [WEATHER - DAYS WITH]      9 = BLOWING SNOW
                                                   X = TORNADO
MAX 32 OR BELOW:   0    0.01 INCH OR MORE:   4
MAX 90 OR ABOVE:   3    0.10 INCH OR MORE:   2
MIN 32 OR BELOW:   9    0.50 INCH OR MORE:   1
MIN  0 OR BELOW:   0    1.00 INCH OR MORE:   0

[HDD (BASE 65) ]
TOTAL THIS MO.   312    CLEAR  (SCALE 0-3)  14
DPTR FM NORMAL    70    PTCLDY (SCALE 4-7)   5
TOTAL FM JUL 1  3970    CLOUDY (SCALE 8-10)  2
DPTR FM NORMAL  -320

[CDD (BASE 65) ]
TOTAL THIS MO.     9
DPTR FM NORMAL     8    [PRESSURE DATA]
TOTAL FM JAN 1    16    HIGHEST SLP M ON M
DPTR FM NORMAL    13    LOWEST  SLP 29.27 ON 12

[REMARKS]
