000
CXUS52 KILM 231000
CF6LBT
PRELIMINARY LOCAL CLIMATOLOGICAL DATA (WS FORM: F-6)
STATION: LUMBERTON NORTH CAROLINA
MONTH: APRIL
YEAR: 2024
LATITUDE: 34 35 N
LONGITUDE: 79 4 W
TEMPERATURE IN F: :PCPN: SNOW: WIND :SUNSHINE: SKY :PK WND
================================================================================
1 2 3 4 5 6A 6B 7 8 9 10 11 12 13 14 15 16 17 18
12Z AVG MX 2MIN
DY MAX MIN AVG DEP HDD CDD WTR SNW DPTH SPD SPD DIR MIN PSBL S-S WX SPD DR
================================================================================
1 81 62 72 13 0 7 0.00 M M 9.0 18 250 M M 0 24 260
2 84 65 75 16 0 10 0.00 M M 10.4 22 240 M M 0 30 240
3 74 54 64 5 1 0 0.60 M M 13.2 26 270 M M 5 13 38 250
4 63 41 52 -8 13 0 0.00 M M 11.9 25 240 M M 3 35 280
5 65 41 53 -7 12 0 0.00 M M 7.6 18 300 M M 3 26 320
6 64 38 51 -9 14 0 0.00 M M 8.7 18 360 M M 1 26 360
7 68 36 52 -8 13 0 0.00 M M 2.3 13 320 M M 0 18 310
8 75 41 58 -3 7 0 0.00 M M 5.3 14 210 M M 0 1 20 260
9 70 52 61 0 4 0 0.01 M M 3.8 16 240 M M 5 1 20 240
10 79 58 69 8 0 4 0.00 M M 6.0 16 210 M M 5 23 170
11 75 62 69 7 0 4 0.21 M M 13.2 25 150 M M 7 1 42 140
12 74 51 63 1 2 0 T M M 15.0 38 320 M M 4 56 330
13 74 43 59 -3 6 0 0.00 M M 9.7 25 300 M M 0 36 290
14 82 40 61 -1 4 0 0.00 M M 4.8 15 200 M M 0 22 220
15 89 52 71 8 0 6 0.00 M M 5.7 18 230 M M 0 24 220
16 88 60 74 11 0 9 0.00 M M 4.7 16 120 M M 0 22 120
17 83 54 69 6 0 4 0.00 M M 5.8 15 220 M M 1 12 22 210
18 90 58 74 11 0 9 0.00 M M 4.9 14 270 M M 1 18 260
19 81 55 68 4 0 3 0.23 M M 4.9 14 20 M M 2 138 20 190
20 85 65 75 11 0 10 0.62 M M 4.1 39 10 M M 7 1238 56 20
21 69 51 60 -4 5 0 0.09 M M 8.6 21 330 M M 9 1 27 320
22 64 41 53 -11 12 0 0.00 M M 7.2 17 330 M M 4 24 350
================================================================================
SM 1677 1120 93 66 1.76 M 166.8 M 57
================================================================================
AV 76.2 50.9 7.6 FASTST M M 3 MAX(MPH)
MISC ----> 39 10 # 56 330
================================================================================
NOTES:
# LAST OF SEVERAL OCCURRENCES
COLUMN 17 PEAK WIND IN M.P.H.
PRELIMINARY LOCAL CLIMATOLOGICAL DATA (WS FORM: F-6) , PAGE 2
STATION: LUMBERTON NORTH CAROLINA
MONTH: APRIL
YEAR: 2024
LATITUDE: 34 35 N
LONGITUDE: 79 4 W
[TEMPERATURE DATA] [PRECIPITATION DATA] SYMBOLS USED IN COLUMN 16
AVERAGE MONTHLY: 63.6 TOTAL FOR MONTH: 1.76 1 = FOG OR MIST
DPTR FM NORMAL: 1.9 DPTR FM NORMAL: -0.29 2 = FOG REDUCING VISIBILITY
HIGHEST: 90 ON 18 GRTST 24HR 0.62 ON 20-20 TO 1/4 MILE OR LESS
LOWEST: 36 ON 7 3 = THUNDER
SNOW, ICE PELLETS, HAIL 4 = ICE PELLETS
TOTAL MONTH: M 5 = HAIL
GRTST 24HR M ON M 6 = FREEZING RAIN OR DRIZZLE
GRTST DEPTH: M ON M 7 = DUSTSTORM OR SANDSTORM:
VSBY 1/2 MILE OR LESS
8 = SMOKE OR HAZE
[NO. OF DAYS WITH] [WEATHER - DAYS WITH] 9 = BLOWING SNOW
X = TORNADO
MAX 32 OR BELOW: 0 0.01 INCH OR MORE: 6
MAX 90 OR ABOVE: 1 0.10 INCH OR MORE: 4
MIN 32 OR BELOW: 0 0.50 INCH OR MORE: 2
MIN 0 OR BELOW: 0 1.00 INCH OR MORE: 0
[HDD (BASE 65) ]
TOTAL THIS MO. 93 CLEAR (SCALE 0-3) 12
DPTR FM NORMAL -22 PTCLDY (SCALE 4-7) 9
TOTAL FM JUL 1 2184 CLOUDY (SCALE 8-10) 1
DPTR FM NORMAL -379
[CDD (BASE 65) ]
TOTAL THIS MO. 66
DPTR FM NORMAL 27 [PRESSURE DATA]
TOTAL FM JAN 1 78 HIGHEST SLP M ON M
DPTR FM NORMAL 17 LOWEST SLP 29.33 ON 3
[REMARKS]