000
CXUS54 KFWD 260730
CF6LHB
PRELIMINARY LOCAL CLIMATOLOGICAL DATA (WS FORM: F-6)

                                          STATION:   HEARNE
                                          MONTH:     MAY
                                          YEAR:      2018
                                          LATITUDE:   30 52 N
                                          LONGITUDE:  96 36 W

  TEMPERATURE IN F:       :PCPN:    SNOW:  WIND      :SUNSHINE: SKY     :PK WND
================================================================================
1   2   3   4   5  6A  6B    7    8   9   10  11  12  13   14  15   16   17  18
                                     12Z  AVG MX 2MIN
DY MAX MIN AVG DEP HDD CDD  WTR  SNW DPTH SPD SPD DIR MIN PSBL S-S WX    SPD DR
================================================================================

 1  79  67  73   M   0   8 0.01  0.0    0  9.1 14 130   M    M  10        21 140
 2  88  70  79   M   0  14 0.01  0.0    0 12.0 21 160   M    M   9 1      27 160
 3  85  73  79   M   0  14 0.00  0.0    0  9.8 14 150   M    M   8        22 150
 4  73  64  69   M   0   4 0.83  0.0    0  6.3 22 360   M    M   9 3      30 330
 5  81  57  69   M   0   4 0.00  0.0    0  3.8 13 350   M    M   6 128     M  M
 6  85  52  69   M   0   4 0.00  0.0    0  1.4  7 360   M    M   0 1       M  M
 7  89  56  73   M   0   8 0.00  0.0    0  2.1  9 200   M    M   0         M  M
 8  88  60  74   M   0   9 0.00  0.0    0  6.7 15 190   M    M   0        20 170
 9  87  58  73   M   0   8 0.00  0.0    0  7.0 14 180   M    M   0        20 150
10  88  61  75   M   0  10 0.00  0.0    0  8.1 15 170   M    M   1        21 170
11  89  68  79   M   0  14 0.00  0.0    0 11.6 17 160   M    M   4        24 160
12  91  72  82   M   0  17 0.00  0.0    0 10.0 15 170   M    M   5        22 170
13  91  72  82   M   0  17 0.00  0.0    0  7.1 12 180   M    M   7        17 140
14  89  71  80   M   0  15 0.00  0.0    0  6.3 12 130   M    M   5        16 130
15  90  69  80   M   0  15 0.00  0.0    0  3.6  8 150   M    M   2         M  M
16  93  64  79   M   0  14 0.00  0.0    0  2.2  7 140   M    M   0         M  M
17  95  64  80   M   0  15 0.00  0.0    0  2.0  6 190   M    M   0         M  M
18  93  66  80   M   0  15 0.00  0.0    0  7.5 14 140   M    M   1        21 190
19  93  73  83   M   0  18 0.00  0.0    0 10.6 17 150   M    M   5        24 150
20  84  65  75   M   0  10 0.60  0.0    0  5.8 20 320   M    M   4 3      28 170
21  85  64  75   M   0  10 0.00  0.0    0  2.5 10 150   M    M   5         M  M
22  88  65  77   M   0  12 0.00  0.0    0  2.1  9 140   M    M   2         M  M
23  90  67  79   M   0  14 0.00  0.0    0  3.6 16 140   M    M   2        21 140
24  90  68  79   M   0  14 0.00  0.0    0  3.3  7 140   M    M   4         M  M
25  92  69  81   M   0  16 0.00  0.0    0  2.9  7  50   M    M   3 1       M  M
================================================================================
SM 2196 1635         0 299  1.45     0.0 147.4          M       92
================================================================================
AV 87.8 65.4                               5.9 FASTST   M    M   4    MAX(MPH)
                                 MISC ---->  # 22 360               # 30  330
================================================================================
NOTES:
# LAST OF SEVERAL OCCURRENCES

COLUMN 17 PEAK WIND IN M.P.H.

PRELIMINARY LOCAL CLIMATOLOGICAL DATA (WS FORM: F-6) , PAGE 2

                                          STATION:  HEARNE
                                          MONTH:    MAY
                                          YEAR:     2018
                                          LATITUDE:   30 52 N
                                          LONGITUDE:  96 36 W

[TEMPERATURE DATA]      [PRECIPITATION DATA]       SYMBOLS USED IN COLUMN 16

AVERAGE MONTHLY: 76.6   TOTAL FOR MONTH:   1.45    1 = FOG OR MIST
DPTR FM NORMAL:     M   DPTR FM NORMAL:       M    2 = FOG REDUCING VISIBILITY
HIGHEST:    95 ON 17    GRTST 24HR  0.83 ON  4- 4      TO 1/4 MILE OR LESS
LOWEST:     52 ON  6                               3 = THUNDER
                        SNOW, ICE PELLETS, HAIL    4 = ICE PELLETS
                        TOTAL MONTH:   0.0 INCH    5 = HAIL
                        GRTST 24HR     0.0         6 = FREEZING RAIN OR DRIZZLE
                        GRTST DEPTH:   0           7 = DUSTSTORM OR SANDSTORM:
                                                       VSBY 1/2 MILE OR LESS
                                                   8 = SMOKE OR HAZE
[NO. OF DAYS WITH]      [WEATHER - DAYS WITH]      9 = BLOWING SNOW
                                                   X = TORNADO
MAX 32 OR BELOW:   0    0.01 INCH OR MORE:   4
MAX 90 OR ABOVE:  10    0.10 INCH OR MORE:   2
MIN 32 OR BELOW:   0    0.50 INCH OR MORE:   2
MIN  0 OR BELOW:   0    1.00 INCH OR MORE:   0

[HDD (BASE 65) ]
TOTAL THIS MO.     0    CLEAR  (SCALE 0-3)  11
DPTR FM NORMAL     M    PTCLDY (SCALE 4-7)  11
TOTAL FM JUL 1  1924    CLOUDY (SCALE 8-10)  3
DPTR FM NORMAL     M

[CDD (BASE 65) ]
TOTAL THIS MO.   299
DPTR FM NORMAL     M    [PRESSURE DATA]
TOTAL FM JAN 1   472    HIGHEST SLP M ON M
DPTR FM NORMAL     M    LOWEST  SLP M ON M

[REMARKS]
