000
CXUS55 KBOU 260900
CF6LIC
PRELIMINARY LOCAL CLIMATOLOGICAL DATA (WS FORM: F-6)

                                          STATION:   LIMON CO
                                          MONTH:     APRIL
                                          YEAR:      2018
                                          LATITUDE:   39 10 N
                                          LONGITUDE: 103 42 W

  TEMPERATURE IN F:       :PCPN:    SNOW:  WIND      :SUNSHINE: SKY     :PK WND
================================================================================
1   2   3   4   5  6A  6B    7    8   9   10  11  12  13   14  15   16   17  18
                                     12Z  AVG MX 2MIN
DY MAX MIN AVG DEP HDD CDD  WTR  SNW DPTH SPD SPD DIR MIN PSBL S-S WX    SPD DR
================================================================================

 1  47  19  33   M  32   0 0.00    M    M 12.8 22 170   M    M   4        29 170
 2  77  16  47   M  18   0 0.00    M    M 11.6 29  10   M    M   0        36 280
 3  47  13  30   M  35   0    T    M    M 20.2 43 360   M    M   1 8      63 340
 4  63  11  37   M  28   0 0.00    M    M  4.9 18  50   M    M   1        22  50
 5  65  20  43   M  22   0 0.00    M    M  7.0 26  70   M    M   2        37  60
 6  41  17  29   M  36   0    T    M    M 11.3 22  60   M    M   8 1      28  50
 7  55  17  36   M  29   0 0.01    M    M 14.1 22 200   M    M   7 1      31 180
 8  63  38  51   M  14   0 0.11    M    M 13.4 32 320   M    M   6        43 330
 9  55  29  42   M  23   0 0.11    M    M  8.7 22 340   M    M   6 1      30 330
10  70  26  48   M  17   0 0.00    M    M  4.9 13 170   M    M   0        20 150
11  80  35  58   M   7   0 0.00    M    M  7.0 23 320   M    M   0        36 310
12  79  31  55   M  10   0 0.00    M    M 15.6 39 360   M    M   1        63 360
13  42  22  32   M  33   0 0.13    M    M 34.7 55 340   M    M   9 1      76 330
14  47  21  34   M  31   0 0.00    M    M 21.9 41 320   M    M   6 1      53 360
15  61  27  44   M  21   0 0.00    M    M  9.2 18 100   M    M   2        25 110
16  76  23  50   M  15   0 0.00    M    M 11.6 30 140   M    M   0        37 140
17  73  28  51   M  14   0 0.00    M    M 23.2 53 310   M    M   3 8      67 310
18  55  23  39   M  26   0 0.00    M    M 13.3 35 330   M    M   0        46 340
19  64  16  40   M  25   0 0.00    M    M 20.0 38 140   M    M   0        51 130
20  47  32  40   M  25   0 0.14    M    M 22.5 38 140   M    M   7 123    49 130
21  41  31  36   M  29   0 0.11    M    M  6.4 14 350   M    M  10 1      19 350
22  62  33  48   M  17   0 0.00    M    M  6.7 16 130   M    M   4 12     20 130
23  69  28  49   M  16   0    T    M    M 12.7 33 350   M    M   1 13     47 350
24  38  29  34   M  31   0 0.15    M    M 16.2 36 360   M    M   9 13     48 360
25  63  24  44   M  21   0 0.00    M    M  6.5 14 310   M    M   0        19 330
================================================================================
SM 1480  609       575   0  0.76    M    336.4          M       87
================================================================================
AV 59.2 24.4                              13.5 FASTST   M    M   3    MAX(MPH)
                                 MISC ---->  # 55 340               # 76  330
================================================================================
NOTES:
# LAST OF SEVERAL OCCURRENCES

COLUMN 17 PEAK WIND IN M.P.H.

PRELIMINARY LOCAL CLIMATOLOGICAL DATA (WS FORM: F-6) , PAGE 2

                                          STATION:  LIMON CO
                                          MONTH:    APRIL
                                          YEAR:     2018
                                          LATITUDE:   39 10 N
                                          LONGITUDE: 103 42 W

[TEMPERATURE DATA]      [PRECIPITATION DATA]       SYMBOLS USED IN COLUMN 16

AVERAGE MONTHLY: 41.8   TOTAL FOR MONTH:   0.76    1 = FOG OR MIST
DPTR FM NORMAL:     M   DPTR FM NORMAL:       M    2 = FOG REDUCING VISIBILITY
HIGHEST:    80 ON 11    GRTST 24HR  0.15 ON 24-24      TO 1/4 MILE OR LESS
LOWEST:     11 ON  4                               3 = THUNDER
                        SNOW, ICE PELLETS, HAIL    4 = ICE PELLETS
                        TOTAL MONTH:    M          5 = HAIL
                        GRTST 24HR    M  ON   M    6 = FREEZING RAIN OR DRIZZLE
                        GRTST DEPTH:  M  ON   M    7 = DUSTSTORM OR SANDSTORM:
                                                       VSBY 1/2 MILE OR LESS
                                                   8 = SMOKE OR HAZE
[NO. OF DAYS WITH]      [WEATHER - DAYS WITH]      9 = BLOWING SNOW
                                                   X = TORNADO
MAX 32 OR BELOW:   0    0.01 INCH OR MORE:   7
MAX 90 OR ABOVE:   0    0.10 INCH OR MORE:   6
MIN 32 OR BELOW:  22    0.50 INCH OR MORE:   0
MIN  0 OR BELOW:   0    1.00 INCH OR MORE:   0

[HDD (BASE 65) ]
TOTAL THIS MO.   575    CLEAR  (SCALE 0-3)  14
DPTR FM NORMAL     M    PTCLDY (SCALE 4-7)   8
TOTAL FM JUL 1  6203    CLOUDY (SCALE 8-10)  3
DPTR FM NORMAL     M

[CDD (BASE 65) ]
TOTAL THIS MO.     0
DPTR FM NORMAL     M    [PRESSURE DATA]
TOTAL FM JAN 1     0    HIGHEST SLP M ON M
DPTR FM NORMAL     M    LOWEST  SLP 29.14 ON 12

[REMARKS]
