000
CXUS56 KHNX 221155
CF6MCE
PRELIMINARY LOCAL CLIMATOLOGICAL DATA (WS FORM: F-6)
STATION: MERCED CA AIRPORT
MONTH: APRIL
YEAR: 2024
LATITUDE: 37 16 N
LONGITUDE: 120 36 W
TEMPERATURE IN F: :PCPN: SNOW: WIND :SUNSHINE: SKY :PK WND
================================================================================
1 2 3 4 5 6A 6B 7 8 9 10 11 12 13 14 15 16 17 18
12Z AVG MX 2MIN
DY MAX MIN AVG DEP HDD CDD WTR SNW DPTH SPD SPD DIR MIN PSBL S-S WX SPD DR
================================================================================
1 71 44 58 1 7 0 0.00 0.0 0 2.6 12 350 M M 1 1 15 320
2 77 45 61 4 4 0 0.00 0.0 0 4.4 13 140 M M 0 18 17 150
3 78 46 62 5 3 0 0.00 0.0 0 6.4 20 340 M M 2 1 27 330
4 58 44 51 -6 14 0 0.25 0.0 0 11.5 24 150 M M 8 18 33 270
5 55 40 48 -9 17 0 0.32 0.0 0 5.2 20 140 M M 7 1 24 150
6 62 34 48 -10 17 0 0.00 0.0 0 4.9 12 350 M M 0 1 16 340
7 64 41 53 -5 12 0 0.00 0.0 0 7.6 16 340 M M 0 22 330
8 71 40 56 -2 9 0 0.00 0.0 0 4.7 13 350 M M 0 22 20
9 76 43 60 2 5 0 0.00 0.0 0 3.5 10 140 M M 0 8 13 130
10 81 48 65 7 0 0 0.00 0.0 0 3.2 12 340 M M 0 15 340
11 85 48 67 9 0 2 0.00 0.0 0 2.4 8 310 M M 0 18 10 330
12 76 52 64 5 1 0 0.00 0.0 0 7.5 20 270 M M 0 18 30 280
13 62 43 53 -6 12 0 0.82 0.0 0 10.4 22 130 M M 7 1 29 140
14 62 45 54 -5 11 0 0.31 0.0 0 6.0 16 120 M M 8 1 22 110
15 67 46 57 -2 8 0 0.00 0.0 0 4.8 13 320 M M 3 1 18 320
16 75 52 64 4 1 0 0.00 0.0 0 3.7 12 350 M M 4 18 16 330
17 80 49 65 5 0 0 0.00 0.0 0 3.2 10 350 M M 0 1 15 320
18 84 51 68 8 0 3 0.00 0.0 M 3.1 10 10 M M 0 1 14 360
19 81 54 68 8 0 3 0.00 0.0 M 5.9 13 300 M M 0 17 330
20 84 51 68 7 0 3 0.00 0.0 M 6.6 16 340 M M 0 1 23 330
21 85 50 68 7 0 3 0.00 0.0 0 5.4 13 340 M M 0 16 340
================================================================================
SM 1534 966 121 14 1.70 0.0 113.0 M 40
================================================================================
AV 73.0 46.0 5.4 FASTST M M 2 MAX(MPH)
MISC ----> 24 150 33 270
================================================================================
NOTES:
# LAST OF SEVERAL OCCURRENCES
COLUMN 17 PEAK WIND IN M.P.H.
PRELIMINARY LOCAL CLIMATOLOGICAL DATA (WS FORM: F-6) , PAGE 2
STATION: MERCED CA AIRPORT
MONTH: APRIL
YEAR: 2024
LATITUDE: 37 16 N
LONGITUDE: 120 36 W
[TEMPERATURE DATA] [PRECIPITATION DATA] SYMBOLS USED IN COLUMN 16
AVERAGE MONTHLY: 59.5 TOTAL FOR MONTH: 1.70 1 = FOG OR MIST
DPTR FM NORMAL: 0.9 DPTR FM NORMAL: 0.80 2 = FOG REDUCING VISIBILITY
HIGHEST: 85 ON 21,11 GRTST 24HR 1.13 ON 13-14 TO 1/4 MILE OR LESS
LOWEST: 34 ON 6 3 = THUNDER
SNOW, ICE PELLETS, HAIL 4 = ICE PELLETS
TOTAL MONTH: 0.0 INCH 5 = HAIL
GRTST 24HR 0.0 6 = FREEZING RAIN OR DRIZZLE
GRTST DEPTH: 0 7 = DUSTSTORM OR SANDSTORM:
VSBY 1/2 MILE OR LESS
8 = SMOKE OR HAZE
[NO. OF DAYS WITH] [WEATHER - DAYS WITH] 9 = BLOWING SNOW
X = TORNADO
MAX 32 OR BELOW: 0 0.01 INCH OR MORE: 4
MAX 90 OR ABOVE: 0 0.10 INCH OR MORE: 4
MIN 32 OR BELOW: 0 0.50 INCH OR MORE: 1
MIN 0 OR BELOW: 0 1.00 INCH OR MORE: 0
[HDD (BASE 65) ]
TOTAL THIS MO. 121 CLEAR (SCALE 0-3) 16
DPTR FM NORMAL -23 PTCLDY (SCALE 4-7) 4
TOTAL FM JUL 1 1929 CLOUDY (SCALE 8-10) 1
DPTR FM NORMAL -534
[CDD (BASE 65) ]
TOTAL THIS MO. 14
DPTR FM NORMAL 7 [PRESSURE DATA]
TOTAL FM JAN 1 14 HIGHEST SLP M ON M
DPTR FM NORMAL 6 LOWEST SLP 29.66 ON 12
[REMARKS]