000
CXUS53 KARX 250930
CF6MDZ
PRELIMINARY LOCAL CLIMATOLOGICAL DATA (WS FORM: F-6)

                                          STATION:   MEDFORD WI
                                          MONTH:     MAY
                                          YEAR:      2018
                                          LATITUDE:   45  5 N
                                          LONGITUDE:  90 18 W

  TEMPERATURE IN F:       :PCPN:    SNOW:  WIND      :SUNSHINE: SKY     :PK WND
================================================================================
1   2   3   4   5  6A  6B    7    8   9   10  11  12  13   14  15   16   17  18
                                     12Z  AVG MX 2MIN
DY MAX MIN AVG DEP HDD CDD  WTR  SNW DPTH SPD SPD DIR MIN PSBL S-S WX    SPD DR
================================================================================

 1  73  53  63   M   2   0 0.00  0.0    0 12.1 21 240   M    M   4        29 240
 2  66  49  58   M   7   0 0.08  0.0    0  6.0 10 290   M    M   6 1       M  M
 3  67  46  57   M   8   0 0.12  0.0    0  6.2 10 160   M    M   7         M  M
 4  73  50  62   M   3   0 0.13  0.0    0  8.6 17 280   M    M   4 1      25 280
 5  74  41  58   M   7   0 0.01  0.0    0  4.2 10 180   M    M   2 3       M  M
 6  69  44  57   M   8   0 0.00  0.0    0  7.1 16 360   M    M   2        21 360
 7  80  47  64   M   1   0 0.00  0.0    0  8.8 15 270   M    M   4        23 270
 8  75  51  63   M   2   0 0.03  0.0    0  5.0 12 270   M    M   5        16 270
 9  57  49  53   M  12   0 0.16  0.0    0  7.3 12 170   M    M  10 1      18 120
10  58  37  48   M  17   0 0.00  0.0    0 10.2 14 360   M    M   3        22 330
11  52  34  43   M  22   0 0.00  0.0    0  6.3 12  80   M    M   3         M  M
12  62  31  47   M  18   0 0.00  0.0    0  5.5 12 170   M    M   2         M  M
13  67  34  51   M  14   0 0.00  0.0    0  4.6 10 210   M    M   1        16 190
14  74  48  61   M   4   0 0.12  0.0    0  4.5 15 200   M    M   7 12     17 220
15  72  49  61   M   4   0 0.01  0.0    0  5.0 10  20   M    M   1         M  M
16  81  46  64   M   1   0 0.00  0.0    0  6.1 13 270   M    M   2        22 260
17  71  51  61   M   4   0 0.00  0.0    0  9.1 14  60   M    M   2        21  60
18  76  46  61   M   4   0 0.00  0.0    0  8.7 16 160   M    M   1        22 160
19  72  42  57   M   8   0 0.00  0.0    0  9.2 23 350   M    M   7        28 350
20  68  37  53   M  12   0 0.00  0.0    0  6.6 13  50   M    M   1         M  M
21  59  36  48   M  17   0 0.08  0.0    0  6.1 10 130   M    M   6 1      16 130
22  72  50  61   M   4   0 0.00  0.0    0  3.5  8 260   M    M   6 1       M  M
23  77  46  62   M   3   0 0.00  0.0    0  3.5  8 220   M    M   5 12      M  M
24  85  59  72   M   0   7 0.00  0.0    0  9.3 18 190   M    M   4 3      25 190
================================================================================
SM 1680 1076       182   7  0.74     0.0 163.5          M       95
================================================================================
AV 70.0 44.8                               6.8 FASTST   M    M   4    MAX(MPH)
                                 MISC ---->  # 23 350               # 29  240
================================================================================
NOTES:
# LAST OF SEVERAL OCCURRENCES

COLUMN 17 PEAK WIND IN M.P.H.

PRELIMINARY LOCAL CLIMATOLOGICAL DATA (WS FORM: F-6) , PAGE 2

                                          STATION:  MEDFORD WI
                                          MONTH:    MAY
                                          YEAR:     2018
                                          LATITUDE:   45  5 N
                                          LONGITUDE:  90 18 W

[TEMPERATURE DATA]      [PRECIPITATION DATA]       SYMBOLS USED IN COLUMN 16

AVERAGE MONTHLY: 57.4   TOTAL FOR MONTH:   0.74    1 = FOG OR MIST
DPTR FM NORMAL:     M   DPTR FM NORMAL:       M    2 = FOG REDUCING VISIBILITY
HIGHEST:    85 ON 24    GRTST 24HR  0.16 ON  9- 9      TO 1/4 MILE OR LESS
LOWEST:     31 ON 12                               3 = THUNDER
                        SNOW, ICE PELLETS, HAIL    4 = ICE PELLETS
                        TOTAL MONTH:   0.0 INCH    5 = HAIL
                        GRTST 24HR     0.0         6 = FREEZING RAIN OR DRIZZLE
                        GRTST DEPTH:   0           7 = DUSTSTORM OR SANDSTORM:
                                                       VSBY 1/2 MILE OR LESS
                                                   8 = SMOKE OR HAZE
[NO. OF DAYS WITH]      [WEATHER - DAYS WITH]      9 = BLOWING SNOW
                                                   X = TORNADO
MAX 32 OR BELOW:   0    0.01 INCH OR MORE:   9
MAX 90 OR ABOVE:   0    0.10 INCH OR MORE:   4
MIN 32 OR BELOW:   1    0.50 INCH OR MORE:   0
MIN  0 OR BELOW:   0    1.00 INCH OR MORE:   0

[HDD (BASE 65) ]
TOTAL THIS MO.   182    CLEAR  (SCALE 0-3)  11
DPTR FM NORMAL     M    PTCLDY (SCALE 4-7)  12
TOTAL FM JUL 1  8948    CLOUDY (SCALE 8-10)  1
DPTR FM NORMAL     M

[CDD (BASE 65) ]
TOTAL THIS MO.     7
DPTR FM NORMAL     M    [PRESSURE DATA]
TOTAL FM JAN 1     7    HIGHEST SLP M ON M
DPTR FM NORMAL     M    LOWEST  SLP M ON M

[REMARKS]
