527
CXUS53 KIND 240730
CF6MIE
PRELIMINARY LOCAL CLIMATOLOGICAL DATA (WS FORM: F-6)

                                          STATION:   MUNCIE IN
                                          MONTH:     APRIL
                                          YEAR:      2018
                                          LATITUDE:   40 13 N
                                          LONGITUDE:  85 23 W

  TEMPERATURE IN F:       :PCPN:    SNOW:  WIND      :SUNSHINE: SKY     :PK WND
================================================================================
1   2   3   4   5  6A  6B    7    8   9   10  11  12  13   14  15   16   17  18
                                     12Z  AVG MX 2MIN
DY MAX MIN AVG DEP HDD CDD  WTR  SNW DPTH SPD SPD DIR MIN PSBL S-S WX    SPD DR
================================================================================

 1  43  30  37  -9  28   0 0.24    M    M  8.0 17 330   M    M   6 1      21 330
 2  48  25  37  -9  28   0    T    M    M  7.2 16 150   M    M   6 128    20 150
 3  66  42  54   7  11   0 2.44    M    M 12.3 33 280   M    M   8 13     44 290
 4  43  30  37 -10  28   0    T    M    M 21.0 35 280   M    M  10 8      50 280
 5  46  29  38 -10  27   0 0.00    M    M  7.0 15 280   M    M   5        20 260
 6  51  30  41  -7  24   0    T    M    M 14.2 25 300   M    M   7 1      37 310
 7  41  23  32 -16  33   0 0.00    M    M  7.7 17 280   M    M   3        28 320
 8  40  22  31 -18  34   0 0.00    M    M  3.9 10 110   M    M   2        13 100
 9  40  32  36 -13  29   0 0.04    M    M  4.4  9 330   M    M  10 18     12 110
10  43  27  35 -14  30   0 0.00    M    M  5.6 14 320   M    M   7 18     25 290
11  65  35  50   0  15   0 0.00    M    M 11.8 23 210   M    M   3        29 210
12  79  54  67  17   0   2 0.00    M    M 13.4 28 250   M    M   2        37 230
13  82  61  72  22   0   7 0.00    M    M 13.6 25 230   M    M   1        37 240
14  72  42  57   6   8   0 0.33    M    M 12.7 24  80   M    M   8 1      28  90
15  50  40  45  -6  20   0 0.50    M    M 12.2 21 270   M    M  10 1      28 270
16  40  31  36 -16  29   0 0.02    M    M 17.4 26 280   M    M  10        36 280
17  42  30  36 -16  29   0 0.00    M    M 11.8 23 280   M    M   8        29 280
18  58  28  43  -9  22   0 0.00    M    M  9.9 23 300   M    M   6        30 290
19  57  33  45  -8  20   0 0.01    M    M 13.7 21 320   M    M   5 18     31 340
20  60  28  44  -9  21   0 0.00    M    M  3.7 12  30   M    M   0        16  30
21  60  32  46  -8  19   0 0.00    M    M  7.2 15  60   M    M   3        19  60
22  66  43  55   1  10   0 0.00    M    M 10.7 20  80   M    M   1        24  70
23  65  42  54   0  11   0 0.19    M    M 11.4 22 110   M    M   5 1      28 130
================================================================================
SM 1257  789       476   9  3.77    M    240.8          M      126
================================================================================
AV 54.7 34.3                              10.5 FASTST   M    M   5    MAX(MPH)
                                 MISC ---->  # 35 280               # 50  280
================================================================================
NOTES:
# LAST OF SEVERAL OCCURRENCES

COLUMN 17 PEAK WIND IN M.P.H.

PRELIMINARY LOCAL CLIMATOLOGICAL DATA (WS FORM: F-6) , PAGE 2

                                          STATION:  MUNCIE IN
                                          MONTH:    APRIL
                                          YEAR:     2018
                                          LATITUDE:   40 13 N
                                          LONGITUDE:  85 23 W

[TEMPERATURE DATA]      [PRECIPITATION DATA]       SYMBOLS USED IN COLUMN 16

AVERAGE MONTHLY: 44.5   TOTAL FOR MONTH:   3.77    1 = FOG OR MIST
DPTR FM NORMAL:  -5.7   DPTR FM NORMAL:    0.96    2 = FOG REDUCING VISIBILITY
HIGHEST:    82 ON 13    GRTST 24HR  2.44 ON  3- 3      TO 1/4 MILE OR LESS
LOWEST:     22 ON  8                               3 = THUNDER
                        SNOW, ICE PELLETS, HAIL    4 = ICE PELLETS
                        TOTAL MONTH:    M          5 = HAIL
                        GRTST 24HR    M  ON   M    6 = FREEZING RAIN OR DRIZZLE
                        GRTST DEPTH:  M  ON   M    7 = DUSTSTORM OR SANDSTORM:
                                                       VSBY 1/2 MILE OR LESS
                                                   8 = SMOKE OR HAZE
[NO. OF DAYS WITH]      [WEATHER - DAYS WITH]      9 = BLOWING SNOW
                                                   X = TORNADO
MAX 32 OR BELOW:   0    0.01 INCH OR MORE:   8
MAX 90 OR ABOVE:   0    0.10 INCH OR MORE:   5
MIN 32 OR BELOW:  14    0.50 INCH OR MORE:   2
MIN  0 OR BELOW:   0    1.00 INCH OR MORE:   1

[HDD (BASE 65) ]
TOTAL THIS MO.   476    CLEAR  (SCALE 0-3)   7
DPTR FM NORMAL   125    PTCLDY (SCALE 4-7)  11
TOTAL FM JUL 1  5255    CLOUDY (SCALE 8-10)  5
DPTR FM NORMAL  -266

[CDD (BASE 65) ]
TOTAL THIS MO.     9
DPTR FM NORMAL     3    [PRESSURE DATA]
TOTAL FM JAN 1    13    HIGHEST SLP M ON M
DPTR FM NORMAL     6    LOWEST  SLP 29.45 ON  3

[REMARKS]
